{"id":1130,"date":"2022-03-04T02:41:01","date_gmt":"2022-03-04T02:41:01","guid":{"rendered":"https:\/\/asociacionlatinoamericanadeantropologia.net\/portal\/?page_id=1130"},"modified":"2022-08-01T18:56:59","modified_gmt":"2022-08-01T18:56:59","slug":"boletines-ala","status":"publish","type":"page","link":"https:\/\/asociacionlatinoamericanadeantropologia.net\/portal\/boletines-ala\/","title":{"rendered":"Boletines ALA"},"content":{"rendered":"<p>Se enlazan aqu\u00ed los Boletines publicados por la ALA. Los Boletines de la Asociaci\u00f3n Latinoamericana de Antropolog\u00eda (ALA) se emiten semestral y gratuitamente con las informaciones relevantes y las novedades de sus organizaciones miembros.<\/p>\n<p><a href=\"https:\/\/asociacionlatinoamericanadeantropologia.net\/portal\/boletines-ala\/boletin-ala-numero-1\/\" target=\"_blank\" rel=\"noopener\">Bolet\u00edn N\u00famero 1 (noviembre 2018-marzo 2019)<\/a><\/p>\n<p><a href=\"https:\/\/asociacionlatinoamericanadeantropologia.net\/portal\/boletines-ala\/boletin-ala-numero-2\/\" target=\"_blank\" rel=\"noopener\">Bolet\u00edn N\u00famero 2 (julio 2019-julio 2020)<\/a><\/p>\n<p><a href=\"https:\/\/asociacionlatinoamericanadeantropologia.net\/portal\/boletines-ala\/boletin-ala-numero-3\/\" target=\"_blank\" rel=\"noopener\">Bolet\u00edn N\u00famero 3 (enero 2021-diciembre 2021)<\/a><\/p>\n<p><a href=\"https:\/\/asociacionlatinoamericanadeantropologia.net\/portal\/boletines-ala\/boletin-ala-numero-4\/\" target=\"_blank\" rel=\"noopener\">Bolet\u00edn N\u00famero 4 (enero 2022-junio 2022)<\/a><\/p>\n","protected":false},"excerpt":{"rendered":"<p>Se enlazan aqu\u00ed los Boletines publicados por la ALA. Los Boletines de la Asociaci\u00f3n Latinoamericana de Antropolog\u00eda (ALA) se emiten semestral y gratuitamente con las informaciones relevantes y las novedades de sus organizaciones miembros. Bolet\u00edn N\u00famero 1 (noviembre 2018-marzo 2019) Bolet\u00edn N\u00famero 2 (julio 2019-julio 2020) Bolet\u00edn N\u00famero 3 (enero 2021-diciembre 2021) Bolet\u00edn N\u00famero 4 &hellip;<\/p>\n<p class=\"read-more\"> <a class=\"\" href=\"https:\/\/asociacionlatinoamericanadeantropologia.net\/portal\/boletines-ala\/\"> <span class=\"screen-reader-text\">Boletines ALA<\/span> Leer m\u00e1s &raquo;<\/a><\/p>\n","protected":false},"author":2,"featured_media":0,"parent":0,"menu_order":0,"comment_status":"closed","ping_status":"closed","template":"","meta":{"site-sidebar-layout":"default","site-content-layout":"default","ast-main-header-display":"","ast-hfb-above-header-display":"","ast-hfb-below-header-display":"","ast-hfb-mobile-header-display":"","site-post-title":"","ast-breadcrumbs-content":"","ast-featured-img":"","footer-sml-layout":"","theme-transparent-header-meta":"","adv-header-id-meta":"","stick-header-meta":"","header-above-stick-meta":"","header-main-stick-meta":"","header-below-stick-meta":"","footnotes":""},"categories":[7],"tags":[],"class_list":["post-1130","page","type-page","status-publish","hentry","category-ala"],"_links":{"self":[{"href":"https:\/\/asociacionlatinoamericanadeantropologia.net\/portal\/wp-json\/wp\/v2\/pages\/1130","targetHints":{"allow":["GET"]}}],"collection":[{"href":"https:\/\/asociacionlatinoamericanadeantropologia.net\/portal\/wp-json\/wp\/v2\/pages"}],"about":[{"href":"https:\/\/asociacionlatinoamericanadeantropologia.net\/portal\/wp-json\/wp\/v2\/types\/page"}],"author":[{"embeddable":true,"href":"https:\/\/asociacionlatinoamericanadeantropologia.net\/portal\/wp-json\/wp\/v2\/users\/2"}],"replies":[{"embeddable":true,"href":"https:\/\/asociacionlatinoamericanadeantropologia.net\/portal\/wp-json\/wp\/v2\/comments?post=1130"}],"version-history":[{"count":13,"href":"https:\/\/asociacionlatinoamericanadeantropologia.net\/portal\/wp-json\/wp\/v2\/pages\/1130\/revisions"}],"predecessor-version":[{"id":2004,"href":"https:\/\/asociacionlatinoamericanadeantropologia.net\/portal\/wp-json\/wp\/v2\/pages\/1130\/revisions\/2004"}],"wp:attachment":[{"href":"https:\/\/asociacionlatinoamericanadeantropologia.net\/portal\/wp-json\/wp\/v2\/media?parent=1130"}],"wp:term":[{"taxonomy":"category","embeddable":true,"href":"https:\/\/asociacionlatinoamericanadeantropologia.net\/portal\/wp-json\/wp\/v2\/categories?post=1130"},{"taxonomy":"post_tag","embeddable":true,"href":"https:\/\/asociacionlatinoamericanadeantropologia.net\/portal\/wp-json\/wp\/v2\/tags?post=1130"}],"curies":[{"name":"wp","href":"https:\/\/api.w.org\/{rel}","templated":true}]}}