{"id":1760,"date":"2022-05-18T14:32:50","date_gmt":"2022-05-18T14:32:50","guid":{"rendered":"https:\/\/asociacionlatinoamericanadeantropologia.net\/portal\/?page_id=1760"},"modified":"2022-05-18T14:32:50","modified_gmt":"2022-05-18T14:32:50","slug":"ya-esta-disponible-antropologias-hechas-en-ecuador-antologia-volumenes-i-y-ii","status":"publish","type":"page","link":"https:\/\/asociacionlatinoamericanadeantropologia.net\/portal\/ya-esta-disponible-antropologias-hechas-en-ecuador-antologia-volumenes-i-y-ii\/","title":{"rendered":"Ya est\u00e1 disponible Antropolog\u00edas hechas en Ecuador. Antolog\u00eda &#8211; Vol\u00famenes I y II"},"content":{"rendered":"<p>Desde el 18 de mayo de 2022, la <strong>Asociaci\u00f3n Latinoamericana de Antropolog\u00eda<\/strong> (<strong>ALA<\/strong>), junto a la<a href=\"http:\/\/www.etnobiologiaecuador.org\/\" target=\"_blank\" rel=\"noopener\"><strong> Sociedad Ecuatoriana de Etnobiolog\u00eda<\/strong><\/a>, la <a href=\"https:\/\/abyayala.org.ec\/\" target=\"_blank\" rel=\"noopener\"><strong>Editorial Abya Yala<\/strong><\/a>, la <a href=\"https:\/\/www.ups.edu.ec\/\" target=\"_blank\" rel=\"noopener\"><strong>Universidad Polit\u00e9cnica Salesiana<\/strong><\/a> y la <a href=\"https:\/\/www.flacso.edu.ec\/\" target=\"_blank\" rel=\"noopener\"><strong>Facultad Latinoamericana de Ciencias Sociales-FLACSO Ecuador<\/strong><\/a>, lanzan los libros <strong><em>Antropolog\u00edas hechas en Ecuador- Antolog\u00eda &#8211; Vol\u00famenes I y II<\/em><\/strong> (2022), como parte de la <a href=\"https:\/\/asociacionlatinoamericanadeantropologia.net\/portal\/coleccion-antropologias-hechas-en-america-latina\/\" target=\"_blank\" rel=\"noopener\"><strong>Colecci\u00f3n Antropolog\u00edas hechas en&#8230;<\/strong> <strong>de la ALA<\/strong><\/a>, con lxs editorxs Jos\u00e9 Juncosa, Fernando Garc\u00eda, Catalina Campo, Tania Gonz\u00e1lez.<\/p>\n<p>Son\u00a033 trabajos con reediciones de:<br \/>\n<strong>ANTOLOG\u00cdA &#8211; VOLUMEN I<\/strong><br \/>\nLaura Rival, Anne-Ga\u00ebl Bilhaut, Hugo Burgos Guevara, Mercedes Prieto, Jeroen Windmeijer, Luis Alberto Tuaza Castro, Silvia \u00c1lvarez, Pablo Minda, Luis Montaluisa Chasiquiza, Janis B. Nuckolls, Juan Bottasso-SDB, Lydia Andr\u00e9s, Philippe Descola, Eduardo Khon, Emilia Ferraro, V\u00edctor Bret\u00f3n Solo de Sald\u00edvar, Alexandra Mart\u00ednez-Flores, Guido Ruivenkamp, Joost Jongerden<\/p>\n<p><strong>ANTOLOG\u00cdA &#8211; VOLUMEN II<\/strong><br \/>\nMar\u00eda Susana Cipolletti, Freddy Simba\u00f1a Pillajo, Jean Muteba Rahier, Jos\u00e9 S\u00e1nchez Parga, Anna Meiser, Juan Illicachi, Fernando Garc\u00eda, Mercedes Prieto, Sara Radcliffe, Sallie Westwood, Mar\u00eda Amelia Viteri, Kattya Hern\u00e1ndez, Jos\u00e9 E. Juncosa, Patricia Guerrero Arias, Armando Muyulema C., Anita Krainer<\/p>\n<p>\ud83d\udd17 <strong>Puedes descargar en digital y acceso abierto en:<\/strong><br \/>\n<a href=\"https:\/\/asociacionlatinoamericanadeantropologia.net\/portal\/antropologias-hechas-en-ecuador\/\" target=\"_blank\" rel=\"noopener\">https:\/\/asociacionlatinoamericanadeantropologia.net\/portal\/antropologias-hechas-en-ecuador\/<\/a><\/p>\n","protected":false},"excerpt":{"rendered":"<p>Desde el 18 de mayo de 2022, la Asociaci\u00f3n Latinoamericana de Antropolog\u00eda (ALA), junto a la Sociedad Ecuatoriana de Etnobiolog\u00eda, la Editorial Abya Yala, la Universidad Polit\u00e9cnica Salesiana y la Facultad Latinoamericana de Ciencias Sociales-FLACSO Ecuador, lanzan los libros Antropolog\u00edas hechas en Ecuador- Antolog\u00eda &#8211; Vol\u00famenes I y II (2022), como parte de la Colecci\u00f3n &hellip;<\/p>\n<p class=\"read-more\"> <a class=\"\" href=\"https:\/\/asociacionlatinoamericanadeantropologia.net\/portal\/ya-esta-disponible-antropologias-hechas-en-ecuador-antologia-volumenes-i-y-ii\/\"> <span class=\"screen-reader-text\">Ya est\u00e1 disponible Antropolog\u00edas hechas en Ecuador. Antolog\u00eda &#8211; Vol\u00famenes I y II<\/span> Leer m\u00e1s &raquo;<\/a><\/p>\n","protected":false},"author":4,"featured_media":1761,"parent":0,"menu_order":0,"comment_status":"closed","ping_status":"closed","template":"","meta":{"site-sidebar-layout":"default","site-content-layout":"default","ast-main-header-display":"","ast-hfb-above-header-display":"","ast-hfb-below-header-display":"","ast-hfb-mobile-header-display":"","site-post-title":"","ast-breadcrumbs-content":"","ast-featured-img":"","footer-sml-layout":"","theme-transparent-header-meta":"","adv-header-id-meta":"","stick-header-meta":"","header-above-stick-meta":"","header-main-stick-meta":"","header-below-stick-meta":"","footnotes":""},"categories":[1],"tags":[],"class_list":["post-1760","page","type-page","status-publish","has-post-thumbnail","hentry","category-noticias"],"_links":{"self":[{"href":"https:\/\/asociacionlatinoamericanadeantropologia.net\/portal\/wp-json\/wp\/v2\/pages\/1760","targetHints":{"allow":["GET"]}}],"collection":[{"href":"https:\/\/asociacionlatinoamericanadeantropologia.net\/portal\/wp-json\/wp\/v2\/pages"}],"about":[{"href":"https:\/\/asociacionlatinoamericanadeantropologia.net\/portal\/wp-json\/wp\/v2\/types\/page"}],"author":[{"embeddable":true,"href":"https:\/\/asociacionlatinoamericanadeantropologia.net\/portal\/wp-json\/wp\/v2\/users\/4"}],"replies":[{"embeddable":true,"href":"https:\/\/asociacionlatinoamericanadeantropologia.net\/portal\/wp-json\/wp\/v2\/comments?post=1760"}],"version-history":[{"count":1,"href":"https:\/\/asociacionlatinoamericanadeantropologia.net\/portal\/wp-json\/wp\/v2\/pages\/1760\/revisions"}],"predecessor-version":[{"id":1762,"href":"https:\/\/asociacionlatinoamericanadeantropologia.net\/portal\/wp-json\/wp\/v2\/pages\/1760\/revisions\/1762"}],"wp:featuredmedia":[{"embeddable":true,"href":"https:\/\/asociacionlatinoamericanadeantropologia.net\/portal\/wp-json\/wp\/v2\/media\/1761"}],"wp:attachment":[{"href":"https:\/\/asociacionlatinoamericanadeantropologia.net\/portal\/wp-json\/wp\/v2\/media?parent=1760"}],"wp:term":[{"taxonomy":"category","embeddable":true,"href":"https:\/\/asociacionlatinoamericanadeantropologia.net\/portal\/wp-json\/wp\/v2\/categories?post=1760"},{"taxonomy":"post_tag","embeddable":true,"href":"https:\/\/asociacionlatinoamericanadeantropologia.net\/portal\/wp-json\/wp\/v2\/tags?post=1760"}],"curies":[{"name":"wp","href":"https:\/\/api.w.org\/{rel}","templated":true}]}}