{"id":219,"date":"2019-09-11T03:31:12","date_gmt":"2019-09-11T03:31:12","guid":{"rendered":"https:\/\/asociacionlatinoamericanadeantropologia.net\/portal\/ala-presento-sus-propuestas-editoriales-y-organizo-un-conversatorio-en-el-xvii-congreso-de-antropologia-en-colombia\/"},"modified":"2022-03-04T02:16:09","modified_gmt":"2022-03-04T02:16:09","slug":"ala-presento-sus-propuestas-editoriales-y-organizo-un-conversatorio-en-el-xvii-congreso-de-antropologia-en-colombia","status":"publish","type":"page","link":"https:\/\/asociacionlatinoamericanadeantropologia.net\/portal\/ala-presento-sus-propuestas-editoriales-y-organizo-un-conversatorio-en-el-xvii-congreso-de-antropologia-en-colombia\/","title":{"rendered":"ALA present\u00f3 sus propuestas editoriales y organiz\u00f3 un conversatorio en el XVII Congreso de Antropolog\u00eda en Colombia"},"content":{"rendered":"<p style=\"text-align: justify;\"><span style=\"color: #000000;\">La<\/span> <span style=\"color: #800000;\"><strong>Asociaci&oacute;n Latinoamericana de Antropolog&iacute;a<\/strong><\/span> <span style=\"color: #000000;\">(<\/span><span style=\"color: #800000;\"><strong>ALA<\/strong><\/span><span style=\"color: #000000;\">) hizo presencia en la programaci&oacute;n del<\/span> <strong><span style=\"color: #800000;\">XVII Congreso de Antropolog&iacute;a en Colombia<\/span><\/strong><span style=\"color: #000000;\">, realizado del 11 al 14 de junio del 2019 en la sede de la Universidad Icesi, en Cali.<\/span><\/p>\n<p><!--more--><\/p>\n<p style=\"text-align: justify;\"><span style=\"color: rgb(0, 0, 0);\">El 12 de junio la revista<\/span> <span style=\"color: rgb(128, 0, 0);\"><strong><em>Plural. Antropolog&iacute;as desde Am&eacute;rica Latina y del Caribe<\/em> <\/strong><\/span><span style=\"color: rgb(0, 0, 0);\">se integr&oacute; al Encuentro de Editores y Editoras de Revistas Colombianas de Ciencias Sociales y Humanas, coordinado por el profesor Felipe Van der Huck, editor de la <em>Revista CS<\/em>, de la Universidad Icesi, un evento cerrado que se desarroll&oacute; en el Sal&oacute;n 108G de la Casa SAE, en el cual participaron los cuerpos editoriales de 31 revistas. Por<\/span> <strong><span style=\"color: rgb(128, 0, 0);\"><em>Plural<\/em> <\/span><\/strong><span style=\"color: rgb(0, 0, 0);\">estuvo su directora Annel Mej&iacute;as Guiza (Venezuela).<\/span><br \/><span style=\"color: rgb(0, 0, 0);\">El 13 de junio en la ma&ntilde;ana el presidente de la ALA, Eduardo Restrepo, coordin&oacute; el<\/span> <span style=\"color: rgb(128, 0, 0);\"><strong>Conversatorio &ldquo;Retos de las antropolog&iacute;as en Am&eacute;rica Latina&rdquo;<\/strong><\/span><span style=\"color: rgb(0, 0, 0);\">, junto con el antrop&oacute;logo brasile&ntilde;o Gustavo Lins-Riveiro, de la Universidad Aut&oacute;noma Metropolitana de M&eacute;xico. Estuvieron presentes, adem&aacute;s, el antrop&oacute;logo argentino Pablo Sem&aacute;n y la etn&oacute;loga venezolana Annel Mej&iacute;as Guiza.<\/span><\/p>\n<p style=\"text-align: justify;\"><img fetchpriority=\"high\" decoding=\"async\" class=\" size-full wp-image-217\" src=\"https:\/\/asociacionlatinoamericanadeantropologia.net\/portal\/wp-content\/uploads\/2019\/09\/DSCN7518.JPG\" alt=\"DSCN7518\" width=\"357\" height=\"257\" style=\"display: block; margin-left: auto; margin-right: auto;\" srcset=\"https:\/\/asociacionlatinoamericanadeantropologia.net\/portal\/wp-content\/uploads\/2019\/09\/DSCN7518.JPG 1470w, https:\/\/asociacionlatinoamericanadeantropologia.net\/portal\/wp-content\/uploads\/2019\/09\/DSCN7518-300x216.jpg 300w, https:\/\/asociacionlatinoamericanadeantropologia.net\/portal\/wp-content\/uploads\/2019\/09\/DSCN7518-768x552.jpg 768w, https:\/\/asociacionlatinoamericanadeantropologia.net\/portal\/wp-content\/uploads\/2019\/09\/DSCN7518-1024x736.jpg 1024w\" sizes=\"(max-width: 357px) 100vw, 357px\" \/>&nbsp;&nbsp;<img decoding=\"async\" class=\" size-full wp-image-218\" src=\"https:\/\/asociacionlatinoamericanadeantropologia.net\/portal\/wp-content\/uploads\/2019\/09\/DSCN7524-BR.jpg\" alt=\"DSCN7524 BR\" width=\"344\" height=\"258\" style=\"display: block; margin-left: auto; margin-right: auto;\" srcset=\"https:\/\/asociacionlatinoamericanadeantropologia.net\/portal\/wp-content\/uploads\/2019\/09\/DSCN7524-BR.jpg 1181w, https:\/\/asociacionlatinoamericanadeantropologia.net\/portal\/wp-content\/uploads\/2019\/09\/DSCN7524-BR-300x225.jpg 300w, https:\/\/asociacionlatinoamericanadeantropologia.net\/portal\/wp-content\/uploads\/2019\/09\/DSCN7524-BR-768x576.jpg 768w, https:\/\/asociacionlatinoamericanadeantropologia.net\/portal\/wp-content\/uploads\/2019\/09\/DSCN7524-BR-1024x768.jpg 1024w\" sizes=\"(max-width: 344px) 100vw, 344px\" \/><\/p>\n<p style=\"text-align: center;\"><span style=\"color: rgb(128, 0, 0);\"><strong>Leyenda:<\/strong><\/span><span style=\"color: rgb(0, 0, 0);\"><em> Conversatorio &ldquo;Retos de las antropolog&iacute;as en Am&eacute;rica Latina&rdquo;<\/em>. En la primera foto est&aacute;&nbsp;Eduardo Restrepo, Pablo Sem&aacute;n, Gustavo Lins Ribeiro y Annel Mej&iacute;as Guiza<em>.<\/em> En la segunda participa desde el p&uacute;blico asistente Myriam Jimeno.<\/span><\/p>\n<p style=\"text-align: justify;\"><span style=\"color: #000000;\">Ese mismo d&iacute;a en la tarde, ALA present&oacute; su revista<\/span><em><span style=\"color: #800000;\"><strong> Plural<\/strong><\/span><\/em><span style=\"color: #000000;\">, publicaci&oacute;n peri&oacute;dica arbitrada. Dicha presentaci&oacute;n estuvo a cargo, en representaci&oacute;n del Comit&eacute; Editorial, de su directora Annel Mej&iacute;as Guiza, vocal de la Red de Antropolog&iacute;as del Sur (Venezuela) ante la ALA.<\/span><\/p>\n<p style=\"text-align: justify;\"><span style=\"color: #000000;\">Continu&oacute;, despu&eacute;s, la presentaci&oacute;n del libro<\/span> <em><strong><span style=\"color: #800000;\">Di&aacute;logos con la antropolog&iacute;a latinoamericana<\/span><\/strong><\/em><span style=\"color: #000000;\">, escrito por Nicol&aacute;s Guigou (Uruguay), Gonzalo D&iacute;az Crovetto (Chile), Ricardo Fagoaga Hern&aacute;ndez (M&eacute;xico), Annel Mej&iacute;as Guiza (Venezuela), Antonio Motta (Brasil) y Eduardo Restrepo (Colombia), quien lo present&oacute;, publicaci&oacute;n compilada por Lydia de Souza y Pablo Gatti Ballesteros (Uruguay).<\/span><br \/><span style=\"color: #000000;\">Este libro re&uacute;ne la participaci&oacute;n de siete organizaciones miembros de la ALA: la Asociaci&oacute;n Uruguaya de Antropolog&iacute;a Social (AUAS), la Asociaci&oacute;n Colombiana de Antropolog&iacute;a (ACANT), el Colegio de Etn&oacute;logos y Antrop&oacute;logos Sociales de M&eacute;xico (CEAS), la Asociaci&oacute;n Brasile&ntilde;a de Antropolog&iacute;a (ABA), el Colegio de Graduados en Antropolog&iacute;a (CGA) de la Rep&uacute;blica Argentina, el Colegio de Antrop&oacute;logos de Chile y la Red de Antropolog&iacute;as del Sur por Venezuela.<\/span><\/p>\n","protected":false},"excerpt":{"rendered":"<p>La Asociaci&oacute;n Latinoamericana de Antropolog&iacute;a (ALA) hizo presencia en la programaci&oacute;n del XVII Congreso de Antropolog&iacute;a en Colombia, realizado del 11 al 14 de junio del 2019 en la sede de la Universidad Icesi, en Cali.<\/p>\n","protected":false},"author":1,"featured_media":217,"parent":0,"menu_order":27,"comment_status":"closed","ping_status":"closed","template":"","meta":{"site-sidebar-layout":"default","site-content-layout":"default","ast-main-header-display":"","ast-hfb-above-header-display":"","ast-hfb-below-header-display":"","ast-hfb-mobile-header-display":"","site-post-title":"","ast-breadcrumbs-content":"","ast-featured-img":"","footer-sml-layout":"","theme-transparent-header-meta":"","adv-header-id-meta":"","stick-header-meta":"","header-above-stick-meta":"","header-main-stick-meta":"","header-below-stick-meta":"","footnotes":""},"categories":[1],"tags":[],"class_list":["post-219","page","type-page","status-publish","has-post-thumbnail","hentry","category-noticias"],"_links":{"self":[{"href":"https:\/\/asociacionlatinoamericanadeantropologia.net\/portal\/wp-json\/wp\/v2\/pages\/219","targetHints":{"allow":["GET"]}}],"collection":[{"href":"https:\/\/asociacionlatinoamericanadeantropologia.net\/portal\/wp-json\/wp\/v2\/pages"}],"about":[{"href":"https:\/\/asociacionlatinoamericanadeantropologia.net\/portal\/wp-json\/wp\/v2\/types\/page"}],"author":[{"embeddable":true,"href":"https:\/\/asociacionlatinoamericanadeantropologia.net\/portal\/wp-json\/wp\/v2\/users\/1"}],"replies":[{"embeddable":true,"href":"https:\/\/asociacionlatinoamericanadeantropologia.net\/portal\/wp-json\/wp\/v2\/comments?post=219"}],"version-history":[{"count":1,"href":"https:\/\/asociacionlatinoamericanadeantropologia.net\/portal\/wp-json\/wp\/v2\/pages\/219\/revisions"}],"predecessor-version":[{"id":1116,"href":"https:\/\/asociacionlatinoamericanadeantropologia.net\/portal\/wp-json\/wp\/v2\/pages\/219\/revisions\/1116"}],"wp:featuredmedia":[{"embeddable":true,"href":"https:\/\/asociacionlatinoamericanadeantropologia.net\/portal\/wp-json\/wp\/v2\/media\/217"}],"wp:attachment":[{"href":"https:\/\/asociacionlatinoamericanadeantropologia.net\/portal\/wp-json\/wp\/v2\/media?parent=219"}],"wp:term":[{"taxonomy":"category","embeddable":true,"href":"https:\/\/asociacionlatinoamericanadeantropologia.net\/portal\/wp-json\/wp\/v2\/categories?post=219"},{"taxonomy":"post_tag","embeddable":true,"href":"https:\/\/asociacionlatinoamericanadeantropologia.net\/portal\/wp-json\/wp\/v2\/tags?post=219"}],"curies":[{"name":"wp","href":"https:\/\/api.w.org\/{rel}","templated":true}]}}