{"id":250,"date":"2020-12-09T18:21:51","date_gmt":"2020-12-09T18:21:51","guid":{"rendered":"https:\/\/asociacionlatinoamericanadeantropologia.net\/portal\/electa-comision-directiva-de-la-ala-para-el-periodo-2020-2023\/"},"modified":"2022-03-04T02:13:26","modified_gmt":"2022-03-04T02:13:26","slug":"electa-comision-directiva-de-la-ala-para-el-periodo-2020-2023","status":"publish","type":"page","link":"https:\/\/asociacionlatinoamericanadeantropologia.net\/portal\/electa-comision-directiva-de-la-ala-para-el-periodo-2020-2023\/","title":{"rendered":"Electas Comisi\u00f3n Directiva y Comisi\u00f3n Fiscal de la ALA para el per\u00edodo 2020-2023"},"content":{"rendered":"<p style=\"text-align: justify;\">Durante la <strong>Asamblea General<\/strong> de la <strong>Asociaci\u00f3n Latinoamericana de Antropolog\u00eda<\/strong> (<strong>ALA<\/strong>), realizada de forma virtual el <strong>27\/11\/2020<\/strong> en el marco del <span style=\"color: #800000;\"><strong><a href=\"https:\/\/ala2020.com.uy\/\" target=\"_blank\" rel=\"noopener\" style=\"color: #800000;\">VI Congreso ALA<\/a><\/strong><\/span>, fueron electas la <strong>Comisi\u00f3n Directiva<\/strong> y la <strong>Comisi\u00f3n Fiscal<\/strong> de la <strong>ALA<\/strong> para el per\u00edodo comprendido entre <strong>diciembre de 2020<\/strong> y <strong>diciembre de 2023<\/strong>, proceso in\u00e9dito en la historia de esta asociaci\u00f3n. Votaron en total 11 de las 13 organizaciones ALA.<br \/>Seg\u00fan el cronograma electoral, hasta octubre pasado se realizaron las postulaciones de candidatas\/as para tres planchas: <strong>Plancha 1:<\/strong> <strong>Presidencia<\/strong> y <strong>Vicepresidencia<\/strong> (con dos votos por organizaci\u00f3n ALA); <strong>Plancha 2:<\/strong> <strong>Secretar\u00eda<\/strong>, <strong>Tesorer\u00eda<\/strong> y <strong>Vocales<\/strong> (con cinco votos por organizaci\u00f3n ALA); y <strong>Plancha 3:<\/strong> <strong>Comisi\u00f3n Fiscal<\/strong> (con seis votos por organizaci\u00f3n ALA).<br \/>En el cargo de la <strong>Presidencia de la ALA<\/strong> result\u00f3 electa con 8 votos <strong>L\u00eda Ferrero<\/strong> (<span style=\"color: #800000;\"><a href=\"http:\/\/www.cga.org.ar\/\" target=\"_blank\" rel=\"noopener\" style=\"color: #800000;\"><strong>Colegio de Graduados en Antropolog\u00eda\/CGA de la Rep\u00fablica de Argentina<\/strong><\/a><\/span>), y en la <strong>Vicepresidencia<\/strong> <strong>Martha Patricia Casta\u00f1eda<\/strong> (<span style=\"color: #800000;\"><strong><a href=\"https:\/\/www.ceas.org.mx\/\" target=\"_blank\" rel=\"noopener\" style=\"color: #800000;\">Colegio de Etn\u00f3logos y Antrop\u00f3logos Sociales\/CEAS<\/a><\/strong><\/span>), con 7 votos. En la <strong>Plancha 2<\/strong> resultaron electos: <strong>Juli\u00e1n Montalvo<\/strong> (<span style=\"color: #800000;\"><strong><a href=\"http:\/\/acant.net\/\" target=\"_blank\" rel=\"noopener\" style=\"color: #800000;\">Asociaci\u00f3n Colombiana de Antropolog\u00eda\/ACANT<\/a><\/strong><\/span>) con 9 votos; <strong>Betty Francia<\/strong> (<span style=\"color: #800000;\"><a href=\"http:\/\/www.auas.org.uy\/\" target=\"_blank\" rel=\"noopener\" style=\"color: #800000;\"><strong>Asociaci\u00f3n Uruguaya de Antropolog\u00eda Social\/AUAS<\/strong><\/a><\/span>) con 9 votos; <strong>Annel Mej\u00edas Guiza<\/strong> (<span style=\"color: #800000;\"><strong><a href=\"http:\/\/red.antropologiasdelsur.org\/\" target=\"_blank\" rel=\"noopener\" style=\"color: #800000;\">Red de Antropolog\u00edas del Sur<\/a><\/strong><\/span>), con 7 votos; <strong>Diana Lenton<\/strong> (<span style=\"color: #800000;\"><strong><a href=\"http:\/\/www.cgantropologia.org.ar\/\" target=\"_blank\" rel=\"noopener\" style=\"color: #800000;\">CGA de la Rep\u00fablica Argentina<\/a><\/strong><\/span>) con 7 votos; y <strong>Lizeth P\u00e9rez C\u00e1rdenas<\/strong> (<span style=\"color: #800000;\"><strong><a href=\"http:\/\/www.ceas.org.mx\/#glyphicon%20glyphicon-eye-open\" target=\"_blank\" rel=\"noopener\" style=\"color: #800000;\">CEAS<\/a><\/strong><\/span>) con 7 votos. <br \/>En la <strong>Comisi\u00f3n Fiscal<\/strong> quedaron electas\/os: <strong>Gemma Rojas<\/strong> (<span style=\"color: #800000;\"><strong><a href=\"http:\/\/colegioantropologos.cl\/\" target=\"_blank\" rel=\"noopener\" style=\"color: #800000;\">Colegio de Antrop\u00f3logas y Antrop\u00f3logos de Chile<\/a><\/strong><\/span>), con 11 votos; <strong>Mar\u00eda Noel Curbelo<\/strong> (<span style=\"color: #800000;\"><strong><a href=\"http:\/\/www.auas.org.uy\/\" target=\"_blank\" rel=\"noopener\" style=\"color: #800000;\">AUAS<\/a><\/strong><\/span>), con 11 votos; <strong>Rosa Iraima Sulbar\u00e1n<\/strong> (<span style=\"color: #800000;\"><strong><a href=\"http:\/\/red.antropologiasdelsur.org\/\" target=\"_blank\" rel=\"noopener\" style=\"color: #800000;\">Red de Antropolog\u00edas del Sur<\/a><\/strong><\/span>), con 10 votos; y <strong>Nicol\u00e1s Olivo Santoyo<\/strong> (<span style=\"color: #800000;\"><strong><a href=\"http:\/\/www.ceas.org.mx\/\" target=\"_blank\" rel=\"noopener\" style=\"color: #800000;\">CEAS<\/a><\/strong><\/span>), con 9 votos.<\/p>\n<p><!--more--><\/p>\n<p style=\"text-align: justify;\">En los comicios designaron sus <strong>representantes con votos 11 organizaciones ALA<\/strong>, quienes manifestaron los votos consensuados a lo interno de cada organizaci\u00f3n: el <strong><a href=\"http:\/\/www.cga.org.ar\/\" target=\"_blank\" rel=\"noopener\"><span style=\"color: #800000;\">CGA de la Rep\u00fablica de Argentina<\/span><\/a><\/strong>, la <strong>Asociaci\u00f3n de Antropolog\u00eda de Rosario<\/strong>, la <strong><a href=\"http:\/\/www.portal.abant.org.br\/\" target=\"_blank\" rel=\"noopener\"><span style=\"color: #800000;\">Asociaci\u00f3n Brasile\u00f1a de Antropolog\u00eda<\/span><\/a><\/strong> (<strong>ABA<\/strong>), el <strong><a href=\"http:\/\/colegioantropologos.cl\/\" target=\"_blank\" rel=\"noopener\"><span style=\"color: #800000;\">Colegio de Antrop\u00f3logas y Antrop\u00f3logos de Chile<\/span><\/a><\/strong>, la <span style=\"color: #800000;\"><a href=\"http:\/\/acant.net\/\" target=\"_blank\" rel=\"noopener\" style=\"color: #800000;\"><strong>ACANT<\/strong><\/a><\/span> de <strong>Colombia<\/strong>, as\u00ed como la <strong><a href=\"https:\/\/etnobiologiaecuador.org\/\" target=\"_blank\" rel=\"noopener\"><span style=\"color: #800000;\">Sociedad Ecuatoriana de Etnobiolog\u00eda<\/span><\/a><\/strong>, el <strong><a href=\"http:\/\/www.ceas.org.mx\/\" target=\"_blank\" rel=\"noopener\"><span style=\"color: #800000;\">CEAS<\/span><\/a><\/strong> de <strong>M\u00e9xico<\/strong>, la <strong><a href=\"https:\/\/aahpanama.org\/\" target=\"_blank\" rel=\"noopener\"><span style=\"color: #800000;\">Asociaci\u00f3n de Antropolog\u00eda e Historia de Panam\u00e1<\/span><\/a><\/strong>, el <strong><a href=\"http:\/\/www.cpap.pe\/\" target=\"_blank\" rel=\"noopener\"><span style=\"color: #800000;\">Colegio Profesional de Antrop\u00f3logos del Per\u00fa<\/span><\/a><\/strong>, la <strong><a href=\"http:\/\/www.auas.org.uy\/\" target=\"_blank\" rel=\"noopener\"><span style=\"color: #800000;\">AUAS<\/span><\/a><\/strong> de <strong>Uruguay<\/strong> y la <strong><a href=\"http:\/\/red.antropologiasdelsur.org\/\" target=\"_blank\" rel=\"noopener\"><span style=\"color: #800000;\">Red de Antropolog\u00edas del Sur<\/span><\/a><\/strong>. Se abstuvo de votar la <strong>Red Centroamericana de Antropolog\u00eda<\/strong> y no particip\u00f3 la <strong>Asociaci\u00f3n Paraguaya de Antropolog\u00eda<\/strong>.<\/p>\n<p style=\"text-align: justify;\"><img fetchpriority=\"high\" decoding=\"async\" class=\" size-full wp-image-248\" src=\"https:\/\/asociacionlatinoamericanadeantropologia.net\/portal\/wp-content\/uploads\/2020\/12\/Imagen_ALA_ELECCION.jpeg\" alt=\"Imagen ALA ELECCI\u00d3N\" width=\"416\" height=\"246\" style=\"display: block; margin-left: auto; margin-right: auto;\" srcset=\"https:\/\/asociacionlatinoamericanadeantropologia.net\/portal\/wp-content\/uploads\/2020\/12\/Imagen_ALA_ELECCION.jpeg 720w, https:\/\/asociacionlatinoamericanadeantropologia.net\/portal\/wp-content\/uploads\/2020\/12\/Imagen_ALA_ELECCION-300x178.jpeg 300w\" sizes=\"(max-width: 416px) 100vw, 416px\" \/><\/p>\n<p style=\"text-align: center;\"><strong><span style=\"font-size: 10pt;\">Leyenda: <\/span><\/strong><span style=\"font-size: 10pt;\">Reuni\u00f3n virtual de la Asamblea General de ALA el viernes 27\/11\/2020.<\/span><\/p>\n<p style=\"text-align: justify;\">A solicitud de B\u00e1rbara L\u00f3pez Castillo, presidenta del <strong><a href=\"http:\/\/colegioantropologos.cl\/\" target=\"_blank\" rel=\"noopener\"><span style=\"color: #800000;\">Colegio de Antrop\u00f3logas y Antrop\u00f3logos de Chile<\/span><\/a><\/strong>, la <strong>Asamblea General<\/strong> apoy\u00f3 la petici\u00f3n de <strong>incluir un\/a representante por cada organizaci\u00f3n ALA<\/strong> en la Junta Directiva 2020-2023 para que haya mayor representatividad de cada asociaci\u00f3n, colegio o colectivo que conforma esta asociaci\u00f3n de asociaciones, solicitud que la Comisi\u00f3n Directiva electa le har\u00e1 llegar a cada organizaci\u00f3n ALA que no tenga presencia en la misma.<br \/>Dichos comicios los organiz\u00f3 la<strong> Comisi\u00f3n Electoral de ALA<\/strong>, integrada por <strong>Mauricio Caviedes<\/strong> (<strong><a href=\"http:\/\/acant.net\/\" target=\"_blank\" rel=\"noopener\"><span style=\"color: #800000;\">ACANT<\/span><\/a><\/strong>), <strong>Nicanor Rebolledo<\/strong> (<strong><a href=\"https:\/\/www.ceas.org.mx\/\" target=\"_blank\" rel=\"noopener\"><span style=\"color: #800000;\">CEAS<\/span><\/a><\/strong>) y <strong>Marianela Stagnaro<\/strong> (<span style=\"color: #800000;\"><a href=\"http:\/\/red.antropologiasdelsur.org\/\" target=\"_blank\" rel=\"noopener\" style=\"color: #800000;\"><strong>Red de Antropolog\u00edas del Sur<\/strong><\/a><\/span>) como sus miembros principales y, como suplentes, <strong>Luperio Onofre<\/strong> (<strong><a href=\"http:\/\/www.cpap.pe\/\" target=\"_blank\" rel=\"noopener\"><span style=\"color: #800000;\">Colegio Profesional de Antrop\u00f3logos del Per\u00fa<\/span><\/a><\/strong>) y <strong>Silvia Hirsch<\/strong> (<strong><a href=\"http:\/\/www.cgantropologia.org.ar\/\" target=\"_blank\" rel=\"noopener\"><span style=\"color: #800000;\">CGA de la Rep\u00fablica de Argentina<\/span><\/a><\/strong>). <br \/>En las elecciones estuvieron presentes las\/los integrantes de la <strong>Comisi\u00f3n Directiva del per\u00edodo 2017-2020<\/strong>, quienes al inicio de la Asamblea General de la ALA presentaron un <strong>balance de su gesti\u00f3n<\/strong>: <strong>Eduardo Restrepo<\/strong> (<strong>presidente\/<a href=\"http:\/\/acant.net\/\" target=\"_blank\" rel=\"noopener\"><span style=\"color: #800000;\">ACANT<\/span><\/a><\/strong>), <strong>Lydia de Souza<\/strong> (<strong>vicepresidenta\/<a href=\"http:\/\/www.auas.org.uy\/\" target=\"_blank\" rel=\"noopener\"><span style=\"color: #800000;\">AUAS<\/span><\/a><\/strong>), <strong>Ricardo Fagoaga<\/strong> (<strong>secretario\/<a href=\"http:\/\/www.ceas.org.mx\/\" target=\"_blank\" rel=\"noopener\"><span style=\"color: #800000;\">CEAS<\/span><\/a><\/strong>), <strong>Pablo Gatti<\/strong> (<strong>tesorero\/<a href=\"http:\/\/www.auas.org.uy\/\" target=\"_blank\" rel=\"noopener\"><span style=\"color: #800000;\">AUAS<\/span><\/a><\/strong>), <strong>Alhena Caicedo<\/strong> (<strong>vocal <a href=\"http:\/\/acant.net\/\" target=\"_blank\" rel=\"noopener\"><span style=\"color: #800000;\">ACANT<\/span><\/a><\/strong>), <strong>Annel Mej\u00edas Guiza<\/strong> (<strong>vocal <a href=\"http:\/\/red.antropologiasdelsur.org\/\" target=\"_blank\" rel=\"noopener\"><span style=\"color: #800000;\">Red de Antropolog\u00edas del Sur<\/span><\/a><\/strong>), <strong>Gonzalo D\u00edaz Crovetto<\/strong> (<strong>vocal <a href=\"http:\/\/colegioantropologos.cl\/\" target=\"_blank\" rel=\"noopener\"><span style=\"color: #800000;\">Colegio de Antrop\u00f3logas y Antrop\u00f3logos de Chile<\/span><\/a><\/strong>) y <strong>L\u00eda Ferrero<\/strong> (<strong>vocal <a href=\"http:\/\/www.cga.org.ar\/\" target=\"_blank\" rel=\"noopener\"><span style=\"color: #800000;\">CGA de la Rep\u00fablica Argentina<\/span><\/a><\/strong>). Esta Comisi\u00f3n Directiva saliente tambi\u00e9n estuvo conformada por <strong>Antonio Motta<\/strong> (<strong>vocal <a href=\"http:\/\/www.portal.abant.org.br\/\" target=\"_blank\" rel=\"noopener\"><span style=\"color: #800000;\">ABA<\/span><\/a><\/strong>), <strong>Maritza Andino Picado<\/strong> (<strong>vocal Red Centroamericana de Antropolog\u00eda<\/strong>) y <strong>Fernando Garc\u00eda<\/strong> (<strong>vocal Ecuador<\/strong>). La <strong>Comisi\u00f3n Fiscal<\/strong> saliente estuvo integrada por <strong>Antonio<\/strong> <strong>Carlos de Souza Lima<\/strong> (<strong><a href=\"http:\/\/www.portal.abant.org.br\/\" target=\"_blank\" rel=\"noopener\"><span style=\"color: #800000;\">ABA<\/span><\/a><\/strong>) y <strong>Cristina Oehmichen<\/strong> (<strong><a href=\"http:\/\/www.ceas.org.mx\/\" target=\"_blank\" rel=\"noopener\"><span style=\"color: #800000;\">CEAS<\/span><\/a><\/strong>).<\/p>\n<p>Compartimos el <span style=\"color: #800000;\"><a href=\"https:\/\/asociacionlatinoamericanadeantropologia.net\/portal\/wp-content\/uploads\/2020\/12\/ACTA_DE_ELECCIONES_DEL_COMITE_DIRECTIVO_DE_ALA_2021_2023.pdf\" target=\"_blank\" style=\"color: #800000;\" rel=\"noopener\"><strong>ACTA DE ELECCIONES DEL COMIT\u00c9 DIRECTIVO DE ALA 2021-2023<\/strong><\/a><\/span>.<\/p>\n<p>Tambi\u00e9n pueden ver el <strong>video<\/strong> dando click en <span style=\"color: #800000;\"><a href=\"https:\/\/www.youtube.com\/watch?v=o4P1BJjKQxs\" target=\"_blank\" rel=\"noopener\" style=\"color: #800000;\"><strong>ASAMBLEA GENERAL DE ALA 2021<\/strong> <strong>2023<\/strong><\/a><\/span>.<\/p>\n<p>&nbsp;<\/p>\n","protected":false},"excerpt":{"rendered":"<p>Durante la Asamblea General de la Asociaci\u00f3n Latinoamericana de Antropolog\u00eda (ALA), realizada de forma virtual el 27\/11\/2020 en el marco del VI Congreso ALA, fueron electas la Comisi\u00f3n Directiva y la Comisi\u00f3n Fiscal de la ALA para el per\u00edodo comprendido entre diciembre de 2020 y diciembre de 2023, proceso in\u00e9dito en la historia de esta &hellip;<\/p>\n<p class=\"read-more\"> <a class=\"\" href=\"https:\/\/asociacionlatinoamericanadeantropologia.net\/portal\/electa-comision-directiva-de-la-ala-para-el-periodo-2020-2023\/\"> <span class=\"screen-reader-text\">Electas Comisi\u00f3n Directiva y Comisi\u00f3n Fiscal de la ALA para el per\u00edodo 2020-2023<\/span> Leer m\u00e1s &raquo;<\/a><\/p>\n","protected":false},"author":1,"featured_media":248,"parent":0,"menu_order":15,"comment_status":"closed","ping_status":"closed","template":"","meta":{"site-sidebar-layout":"default","site-content-layout":"default","ast-main-header-display":"","ast-hfb-above-header-display":"","ast-hfb-below-header-display":"","ast-hfb-mobile-header-display":"","site-post-title":"","ast-breadcrumbs-content":"","ast-featured-img":"","footer-sml-layout":"","theme-transparent-header-meta":"","adv-header-id-meta":"","stick-header-meta":"","header-above-stick-meta":"","header-main-stick-meta":"","header-below-stick-meta":"","footnotes":""},"categories":[1],"tags":[],"class_list":["post-250","page","type-page","status-publish","has-post-thumbnail","hentry","category-noticias"],"_links":{"self":[{"href":"https:\/\/asociacionlatinoamericanadeantropologia.net\/portal\/wp-json\/wp\/v2\/pages\/250","targetHints":{"allow":["GET"]}}],"collection":[{"href":"https:\/\/asociacionlatinoamericanadeantropologia.net\/portal\/wp-json\/wp\/v2\/pages"}],"about":[{"href":"https:\/\/asociacionlatinoamericanadeantropologia.net\/portal\/wp-json\/wp\/v2\/types\/page"}],"author":[{"embeddable":true,"href":"https:\/\/asociacionlatinoamericanadeantropologia.net\/portal\/wp-json\/wp\/v2\/users\/1"}],"replies":[{"embeddable":true,"href":"https:\/\/asociacionlatinoamericanadeantropologia.net\/portal\/wp-json\/wp\/v2\/comments?post=250"}],"version-history":[{"count":1,"href":"https:\/\/asociacionlatinoamericanadeantropologia.net\/portal\/wp-json\/wp\/v2\/pages\/250\/revisions"}],"predecessor-version":[{"id":1113,"href":"https:\/\/asociacionlatinoamericanadeantropologia.net\/portal\/wp-json\/wp\/v2\/pages\/250\/revisions\/1113"}],"wp:featuredmedia":[{"embeddable":true,"href":"https:\/\/asociacionlatinoamericanadeantropologia.net\/portal\/wp-json\/wp\/v2\/media\/248"}],"wp:attachment":[{"href":"https:\/\/asociacionlatinoamericanadeantropologia.net\/portal\/wp-json\/wp\/v2\/media?parent=250"}],"wp:term":[{"taxonomy":"category","embeddable":true,"href":"https:\/\/asociacionlatinoamericanadeantropologia.net\/portal\/wp-json\/wp\/v2\/categories?post=250"},{"taxonomy":"post_tag","embeddable":true,"href":"https:\/\/asociacionlatinoamericanadeantropologia.net\/portal\/wp-json\/wp\/v2\/tags?post=250"}],"curies":[{"name":"wp","href":"https:\/\/api.w.org\/{rel}","templated":true}]}}