{"id":253,"date":"2021-01-19T22:11:55","date_gmt":"2021-01-19T22:11:55","guid":{"rendered":"https:\/\/asociacionlatinoamericanadeantropologia.net\/portal\/evento-del-ano-2021\/"},"modified":"2021-12-09T02:50:13","modified_gmt":"2021-12-09T02:50:13","slug":"evento-del-ano-2021","status":"publish","type":"page","link":"https:\/\/asociacionlatinoamericanadeantropologia.net\/portal\/evento-del-ano-2021\/","title":{"rendered":"Eventos del a\u00f1o 2021"},"content":{"rendered":"<h2 style=\"background-image: initial; background-position: initial; background-repeat: initial; background-attachment: initial; margin-top: 0cm; text-align: center;\"><span style=\"color: #800000; font-size: 24pt;\"><strong><span style=\"font-family: Tahoma, sans-serif;\">EVENTOS A\u00d1O 2021<\/span><\/strong><\/span><\/h2>\n<h3>&nbsp;<\/h3>\n<h3 style=\"background-image: initial; background-position: initial; background-repeat: initial; background-attachment: initial; margin-top: 0cm; text-align: center;\"><span style=\"color: #800000;\"><strong><span style=\"font-family: Tahoma, sans-serif;\"><span style=\"font-size: 18pt;\">MARZO DEL 2021 <\/span><br \/><\/span><\/strong><\/span><\/h3>\n<h3>&nbsp;<\/h3>\n<p style=\"text-align: center;\"><strong><span style=\"font-family: tahoma, arial, helvetica, sans-serif; font-size: 18pt; color: #800000;\">Union of Anthropological and Ethnological Sciences (IUAES) Congress \u201cComing of age on earth: Legacies and next generation anthropology\u201d<\/span><\/strong><\/p>\n<p><img fetchpriority=\"high\" decoding=\"async\" class=\" alignright size-full wp-image-251\" src=\"https:\/\/asociacionlatinoamericanadeantropologia.net\/portal\/wp-content\/uploads\/2021\/01\/Screenshot_2021-01-22_IUAES2020_IUAES_Inter-Congress_2020.jpg\" alt=\"Screenshot 2021 01 22 IUAES2020 IUAES Inter Congress 2020\" width=\"442\" height=\"272\" style=\"margin-left: 10px; float: right;\" srcset=\"https:\/\/asociacionlatinoamericanadeantropologia.net\/portal\/wp-content\/uploads\/2021\/01\/Screenshot_2021-01-22_IUAES2020_IUAES_Inter-Congress_2020.jpg 1417w, https:\/\/asociacionlatinoamericanadeantropologia.net\/portal\/wp-content\/uploads\/2021\/01\/Screenshot_2021-01-22_IUAES2020_IUAES_Inter-Congress_2020-300x185.jpg 300w, https:\/\/asociacionlatinoamericanadeantropologia.net\/portal\/wp-content\/uploads\/2021\/01\/Screenshot_2021-01-22_IUAES2020_IUAES_Inter-Congress_2020-768x473.jpg 768w, https:\/\/asociacionlatinoamericanadeantropologia.net\/portal\/wp-content\/uploads\/2021\/01\/Screenshot_2021-01-22_IUAES2020_IUAES_Inter-Congress_2020-1024x630.jpg 1024w\" sizes=\"(max-width: 442px) 100vw, 442px\" \/><\/p>\n<p style=\"text-align: right;\"><span style=\"font-family: tahoma, arial, helvetica, sans-serif;\"><span style=\"color: #800000;\"><strong>Solo en modalidad on line:<\/strong> <\/span><span style=\"color: #000000;\">por la declaratoria de pandemia<\/span><\/span><\/p>\n<p style=\"text-align: right;\"><span style=\"font-family: tahoma, arial, helvetica, sans-serif;\"><span style=\"color: #800000;\"><strong>Fecha:<\/strong><\/span> <span style=\"color: #000000;\">del 07\/03 al 14\/03\/2021<\/span><\/span><\/p>\n<p style=\"text-align: right;\"><span style=\"font-family: tahoma, arial, helvetica, sans-serif;\"><span style=\"color: #800000;\"><strong>Tem\u00e1tica:<\/strong><\/span> <span style=\"color: #000000;\">Coming of age on earth: Legacies and next generation anthropology<\/span><\/span><\/p>\n<p style=\"text-align: right;\"><span style=\"font-family: tahoma, arial, helvetica, sans-serif;\"><span style=\"color: #800000;\"><strong>P\u00e1gina web del evento:<\/strong> <\/span><span style=\"color: #000000;\"><a href=\"https:\/\/iuaes2020.conventuscredo.hr\/\" target=\"_blank\" rel=\"noopener\" style=\"color: #000000;\">https:\/\/iuaes2020.conventuscredo.hr\/<\/a><\/span><\/span><\/p>\n<p>&nbsp;<\/p>\n<h3>&nbsp;<\/h3>\n<h3 style=\"background-image: initial; background-position: initial; background-repeat: initial; background-attachment: initial; margin-top: 0cm; text-align: center;\"><span style=\"color: #800000;\"><strong><span style=\"font-family: Tahoma, sans-serif;\"><span style=\"font-size: 18pt;\">VI Congreso Mexicano de Antropolog\u00eda Social y Etnolog\u00eda (COMASE)<\/span><br \/><\/span><\/strong><\/span><\/h3>\n<p><img decoding=\"async\" class=\" alignright size-full wp-image-146\" src=\"https:\/\/asociacionlatinoamericanadeantropologia.net\/portal\/wp-content\/uploads\/2018\/09\/VI_COMASE.png\" alt=\"VI COMASE\" width=\"443\" height=\"237\" style=\"margin-left: 10px; float: right;\" srcset=\"https:\/\/asociacionlatinoamericanadeantropologia.net\/portal\/wp-content\/uploads\/2018\/09\/VI_COMASE.png 1417w, https:\/\/asociacionlatinoamericanadeantropologia.net\/portal\/wp-content\/uploads\/2018\/09\/VI_COMASE-300x161.png 300w, https:\/\/asociacionlatinoamericanadeantropologia.net\/portal\/wp-content\/uploads\/2018\/09\/VI_COMASE-1024x548.png 1024w, https:\/\/asociacionlatinoamericanadeantropologia.net\/portal\/wp-content\/uploads\/2018\/09\/VI_COMASE-768x411.png 768w\" sizes=\"(max-width: 443px) 100vw, 443px\" \/><\/p>\n<p style=\"background-image: initial; background-position: initial; background-repeat: initial; background-attachment: initial; margin-top: 0cm; text-align: right;\"><span style=\"background-color: #ffffff;\"><span style=\"font-family: Tahoma, sans-serif;\"><span style=\"font-family: tahoma, arial, helvetica, sans-serif;\"><span style=\"color: #800000;\"><strong>Solo en modalidad virtual\/digital:<\/strong> <\/span><span style=\"color: #000000;\">por la declaratoria de pandemia<\/span><\/span><\/span><\/span><\/p>\n<p style=\"background-image: initial; background-position: initial; background-repeat: initial; background-attachment: initial; margin-top: 0cm; text-align: right;\"><span style=\"color: #800000; background-color: #ffffff;\"><strong><span style=\"font-family: Tahoma, sans-serif;\">Fecha:<\/span><\/strong><\/span><span style=\"font-family: Tahoma, sans-serif;\"><span style=\"background-color: #ffffff;\"><\/span><span style=\"color: #000000;\">del 16\/03 al 19\/03\/2021<\/span><\/span><\/p>\n<p style=\"background-image: initial; background-position: initial; background-repeat: initial; background-attachment: initial; margin-top: 0cm; text-align: right;\"><strong><span style=\"font-family: Tahoma, sans-serif;\"><span style=\"color: #800000;\">Tem\u00e1tica:<\/span> <\/span><\/strong><span style=\"font-family: tahoma, arial, helvetica, sans-serif; color: #000000;\">Nuevas fronteras: Di\u00e1sporas, movilidades y cuerpos<\/span><\/p>\n<p style=\"background-image: initial; background-position: initial; background-repeat: initial; background-attachment: initial; margin-top: 0cm; text-align: right;\"><span style=\"color: #800000;\"><strong><span style=\"font-family: Tahoma, sans-serif;\">P\u00e1gina web del evento:<\/span><\/strong><\/span><\/p>\n<p style=\"background-image: initial; background-position: initial; background-repeat: initial; background-attachment: initial; margin-top: 0cm; text-align: right;\"><span style=\"font-family: tahoma, arial, helvetica, sans-serif; color: windowtext;\"><a href=\"http:\/\/comase.net\/\" target=\"_blank\" rel=\"noopener\" style=\"color: windowtext;\"><\/a><a href=\"https:\/\/comase.org\/\" target=\"_blank\" rel=\"noopener\" style=\"color: windowtext;\">https:\/\/comase.org\/<\/a><\/span><\/p>\n<h2>&nbsp;<\/h2>\n<h3>&nbsp;<\/h3>\n<h3 style=\"text-align: center;\"><span style=\"color: #800000; font-size: 18pt;\"><strong><span style=\"font-family: Tahoma, sans-serif;\">JUNIO-JULIO Y SEPTIEMBRE DEL 2021<\/span><\/strong><\/span><\/h3>\n<p>&nbsp;<\/p>\n<h3 style=\"text-align: center;\"><span style=\"color: #800000; font-size: 18pt;\"><strong><span style=\"font-family: Tahoma, sans-serif;\">12\u00b0 Congreso Argentino de Antropolog\u00eda Social (CAAS)<\/span><\/strong><\/span><\/h3>\n<p><img decoding=\"async\" class=\" alignright size-full wp-image-147\" src=\"https:\/\/asociacionlatinoamericanadeantropologia.net\/portal\/wp-content\/uploads\/2018\/09\/CAAS_2021.jpg\" alt=\"CAAS 2021\" width=\"442\" height=\"287\" style=\"margin-left: 10px; float: right;\" srcset=\"https:\/\/asociacionlatinoamericanadeantropologia.net\/portal\/wp-content\/uploads\/2018\/09\/CAAS_2021.jpg 1417w, https:\/\/asociacionlatinoamericanadeantropologia.net\/portal\/wp-content\/uploads\/2018\/09\/CAAS_2021-300x195.jpg 300w, https:\/\/asociacionlatinoamericanadeantropologia.net\/portal\/wp-content\/uploads\/2018\/09\/CAAS_2021-768x499.jpg 768w, https:\/\/asociacionlatinoamericanadeantropologia.net\/portal\/wp-content\/uploads\/2018\/09\/CAAS_2021-1024x666.jpg 1024w\" sizes=\"(max-width: 442px) 100vw, 442px\" \/><\/p>\n<p style=\"text-align: right;\"><span style=\"font-family: tahoma, arial, helvetica, sans-serif;\"><span style=\"color: #800000;\"><strong>Edici\u00f3n virtual:<\/strong> <span style=\"color: #000000;\">j<\/span><\/span><span style=\"color: #000000;\">unio-julio del 2021<\/span><\/span><\/p>\n<p style=\"text-align: right;\"><span style=\"font-family: tahoma, arial, helvetica, sans-serif;\"><strong><span style=\"color: #800000;\">Presencial:<\/span> <\/strong><span style=\"color: #000000;\">del 06\/09 al 09\/09\/2021<\/span><\/span><\/p>\n<p style=\"background-image: initial; background-position: initial; background-repeat: initial; background-attachment: initial; margin-top: 0cm; text-align: right;\"><span style=\"color: #800000;\"><strong><span style=\"font-family: Tahoma, sans-serif;\">Sede:<\/span><\/strong><\/span><span style=\"font-family: Tahoma, sans-serif;\"><span style=\"color: #000000;\"> Universidad Nacional de la Plata, Argentina<\/span><br \/><\/span><\/p>\n<p style=\"text-align: right;\"><span style=\"font-family: tahoma, arial, helvetica, sans-serif;\"><strong><span style=\"color: #800000;\">Tem\u00e1tica:<\/span><\/strong> <span style=\"color: #000000;\">El qu\u00e9-hacer antropol\u00f3gico. Controversias, di\u00e1logos y compromiso social<\/span><\/span><\/p>\n<p style=\"background-image: initial; background-position: initial; background-repeat: initial; background-attachment: initial; margin-top: 0cm; text-align: right;\"><span style=\"color: #800000;\"><strong><span style=\"font-family: Tahoma, sans-serif;\"><span style=\"font-family: tahoma, arial, helvetica, sans-serif;\">P\u00e1gina web del e<\/span>vento: <\/span><\/strong><\/span><span style=\"color: windowtext;\"><a href=\"http:\/\/www.congresodehistoriadelaantropologiaargentina.com\/\" target=\"_blank\" rel=\"noopener\" style=\"color: windowtext;\"><span style=\"font-family: Tahoma, sans-serif;\"><\/span><\/a><span style=\"font-family: tahoma, arial, helvetica, sans-serif;\"><a href=\"https:\/\/congresos.unlp.edu.ar\/12caas\/\" target=\"_blank\" rel=\"noopener\" style=\"color: windowtext;\">https:\/\/congresos.unlp.edu.ar\/12caas\/<\/a><\/span><\/span><\/p>\n<h2>&nbsp;<\/h2>\n<p>&nbsp;<\/p>\n<p>&nbsp;<\/p>\n<p style=\"text-align: center;\"><span style=\"color: #800000; font-family: tahoma, arial, helvetica, sans-serif; font-size: 18pt;\"><strong>OCTUBRE DEL 2021<\/strong><\/span><\/p>\n<p>&nbsp;<\/p>\n<p style=\"text-align: center;\"><span style=\"color: #800000; font-family: tahoma, arial, helvetica, sans-serif; font-size: 18pt;\"><strong>&nbsp;XIII Congreso Centroamericano de Antropolog\u00eda<\/strong><\/span><\/p>\n<p style=\"text-align: center;\"><span style=\"color: #ff0000;\"><strong><a href=\"https:\/\/asociacionlatinoamericanadeantropologia.net\/portal\/wp-content\/uploads\/2021\/01\/XIII_Congreso_RCA.pdf\" target=\"_blank\" style=\"color: #ff0000;\" rel=\"noopener\"><span style=\"font-family: tahoma, arial, helvetica, sans-serif; font-size: 14pt;\">PRIMERA CIRCULAR<\/span><\/a><\/strong><\/span><\/p>\n<p><img loading=\"lazy\" decoding=\"async\" class=\" alignright size-full wp-image-148\" src=\"https:\/\/asociacionlatinoamericanadeantropologia.net\/portal\/wp-content\/uploads\/2018\/09\/Logo_Red_Centroamericana_de_Antropologia.jpg\" alt=\"Logo Red Centroamericana de Antropolog\u00eda\" width=\"435\" height=\"311\" style=\"margin-left: 10px; float: right;\" srcset=\"https:\/\/asociacionlatinoamericanadeantropologia.net\/portal\/wp-content\/uploads\/2018\/09\/Logo_Red_Centroamericana_de_Antropologia.jpg 904w, https:\/\/asociacionlatinoamericanadeantropologia.net\/portal\/wp-content\/uploads\/2018\/09\/Logo_Red_Centroamericana_de_Antropologia-300x214.jpg 300w, https:\/\/asociacionlatinoamericanadeantropologia.net\/portal\/wp-content\/uploads\/2018\/09\/Logo_Red_Centroamericana_de_Antropologia-768x549.jpg 768w\" sizes=\"(max-width: 435px) 100vw, 435px\" \/><\/p>\n<p style=\"text-align: right;\"><span style=\"font-family: tahoma, arial, helvetica, sans-serif;\"><span style=\"font-family: tahoma, arial, helvetica, sans-serif;\"><span style=\"color: #800000;\"><strong>Solo en edici\u00f3n virtual:<\/strong> <\/span><span style=\"color: #000000;\">por la declaratoria de pandemia<\/span><\/span> <\/span><\/p>\n<p style=\"text-align: right;\"><span style=\"font-family: tahoma, arial, helvetica, sans-serif;\"><strong><span style=\"color: #800000;\">Fecha:<\/span> <\/strong><span style=\"color: #000000;\">18-22\/10\/2021<\/span><\/span><\/p>\n<p style=\"text-align: right;\"><span style=\"font-family: tahoma, arial, helvetica, sans-serif;\"><span style=\"color: #800000;\"><strong>Tem\u00e1tica:<\/strong><\/span> <span style=\"color: #000000;\">La agenda emergente de la Antropolog\u00eda Centroamericana. Conocimiento, identidad y cr\u00edtica<\/span><br \/><\/span><\/p>\n<p style=\"text-align: right;\"><span style=\"font-family: tahoma, arial, helvetica, sans-serif;\"><span style=\"color: #800000;\"><strong>Organizan:<\/strong><\/span> <span style=\"color: #000000;\">Universidad de El Salvador, Universidad Tecnol\u00f3gica de El Salvador, Red Centroamericana de Antropolog\u00eda<\/span><\/span><\/p>\n<p style=\"text-align: right;\"><span style=\"font-family: tahoma, arial, helvetica, sans-serif;\"><strong><span style=\"color: #800000;\">P\u00e1gina de Facebook: <\/span><\/strong><span style=\"color: #000000;\"><a href=\"https:\/\/www.facebook.com\/RedCAntropologia\" target=\"_blank\" rel=\"noopener\" style=\"color: #000000;\">https:\/\/www.facebook.com\/RedCAntropologia<\/a><\/span><\/span><\/p>\n<p>&nbsp;<\/p>\n<p>&nbsp;<\/p>\n<p style=\"text-align: center;\"><span style=\"font-family: Tahoma, sans-serif; color: #800000; font-size: 18pt;\"><strong>NOVIEMBRE DEL 2021<\/strong> <\/span><span style=\"color: #800000;\"><\/span><\/p>\n<h3 style=\"background-image: initial; background-position: initial; background-repeat: initial; background-attachment: initial; margin-top: 0cm; text-align: center;\">&nbsp;<\/h3>\n<h3 style=\"text-align: center;\"><span style=\"color: #800000;\"><strong><span style=\"font-family: tahoma, arial, helvetica, sans-serif;\"><span style=\"font-size: 18pt;\">Congreso de la IUAES (International Union Anthropological&nbsp; and Ethnological Sciences) 2021<\/span><br \/><\/span><\/strong><\/span><\/h3>\n<p><img loading=\"lazy\" decoding=\"async\" class=\" alignright size-full wp-image-149\" src=\"https:\/\/asociacionlatinoamericanadeantropologia.net\/portal\/wp-content\/uploads\/2018\/09\/IUAES_2021.jpg\" alt=\"IUAES 2021\" width=\"467\" height=\"201\" style=\"margin-left: 10px; float: right;\" srcset=\"https:\/\/asociacionlatinoamericanadeantropologia.net\/portal\/wp-content\/uploads\/2018\/09\/IUAES_2021.jpg 1417w, https:\/\/asociacionlatinoamericanadeantropologia.net\/portal\/wp-content\/uploads\/2018\/09\/IUAES_2021-300x129.jpg 300w, https:\/\/asociacionlatinoamericanadeantropologia.net\/portal\/wp-content\/uploads\/2018\/09\/IUAES_2021-768x331.jpg 768w, https:\/\/asociacionlatinoamericanadeantropologia.net\/portal\/wp-content\/uploads\/2018\/09\/IUAES_2021-1024x441.jpg 1024w\" sizes=\"(max-width: 467px) 100vw, 467px\" \/><\/p>\n<p style=\"text-align: right;\"><span style=\"font-family: tahoma, arial, helvetica, sans-serif;\"><span style=\"color: #800000;\"><strong>Solo en edici\u00f3n virtual:<\/strong> <\/span><span style=\"color: #000000;\">por la declaratoria de pandemia<\/span><\/span><\/p>\n<p style=\"text-align: right;\"><span style=\"font-family: tahoma, arial, helvetica, sans-serif;\"><span style=\"color: #800000;\"><strong>Sede:<\/strong><\/span> <span style=\"color: #000000;\">Yucat\u00e1n, M\u00e9xico<\/span><\/span><\/p>\n<p style=\"text-align: right;\"><span style=\"font-family: tahoma, arial, helvetica, sans-serif;\"><strong><span style=\"color: #800000;\">Fecha:<\/span><\/strong> <span style=\"color: #000000;\">del 09\/11 al 13\/11\/2021<\/span><\/span><\/p>\n<p style=\"text-align: right;\"><span style=\"font-family: tahoma, arial, helvetica, sans-serif;\"><span style=\"color: #800000;\"><strong>Tem\u00e1tica:<\/strong><\/span> <span style=\"color: #000000;\">Los Patrimonios, Interconexiones Globales en un Mundo Posible<\/span><\/span><\/p>\n<p style=\"text-align: right;\"><span style=\"font-family: tahoma, arial, helvetica, sans-serif;\"><strong><span style=\"color: #800000;\">P\u00e1gina web del evento: <\/span><\/strong><span style=\"color: #000000;\"><a href=\"https:\/\/www.iuaes2021yucatan.org\/\" target=\"_blank\" rel=\"noopener\" style=\"color: #000000;\">https:\/\/www.iuaes2021yucatan.org\/<\/a><\/span><strong><span style=\"color: #800000;\"><br \/><\/span><\/strong><\/span><\/p>\n<p>&nbsp;<\/p>\n<p>&nbsp;<\/p>\n<p style=\"text-align: center;\"><span style=\"font-family: tahoma, arial, helvetica, sans-serif; font-size: 18pt;\"><strong><span style=\"color: #800000;\">APLAZADO HASTA NUEVO AVISO<\/span><\/strong><\/span><\/p>\n<p><strong><span style=\"color: #800000;\"><\/span><\/strong><strong><span style=\"color: #800000;\"><\/span><\/strong><\/p>\n<p style=\"text-align: center;\"><span style=\"font-size: 18pt;\"><strong><span style=\"font-family: tahoma, arial, helvetica, sans-serif; color: #800000;\">2\u00b0 Congreso Internacional de Antropolog\u00edas del Sur<br \/><\/span><\/strong><\/span><\/p>\n<p><img loading=\"lazy\" decoding=\"async\" class=\" alignright size-full wp-image-150\" src=\"https:\/\/asociacionlatinoamericanadeantropologia.net\/portal\/wp-content\/uploads\/2018\/09\/AFICHE_General.jpg\" alt=\"AFICHE General\" width=\"463\" height=\"354\" style=\"margin-left: 10px; float: right;\" srcset=\"https:\/\/asociacionlatinoamericanadeantropologia.net\/portal\/wp-content\/uploads\/2018\/09\/AFICHE_General.jpg 1772w, https:\/\/asociacionlatinoamericanadeantropologia.net\/portal\/wp-content\/uploads\/2018\/09\/AFICHE_General-300x229.jpg 300w, https:\/\/asociacionlatinoamericanadeantropologia.net\/portal\/wp-content\/uploads\/2018\/09\/AFICHE_General-768x587.jpg 768w, https:\/\/asociacionlatinoamericanadeantropologia.net\/portal\/wp-content\/uploads\/2018\/09\/AFICHE_General-1024x783.jpg 1024w\" sizes=\"(max-width: 463px) 100vw, 463px\" \/><\/p>\n<p style=\"text-align: right;\"><span style=\"font-family: tahoma, arial, helvetica, sans-serif;\"><strong><span style=\"color: #800000;\">Realizados en el 2020:<\/span> <\/strong><span style=\"color: #000000;\">Cap\u00edtulos Brasil (virtual, 15 y 27\/10\/2020), Yaracuy-Venezuela (virtual, 24-25\/09\/2020) y Falc\u00f3n-Venezuela (presencial, marzo y junio del 2020)<\/span><\/span><\/p>\n<p style=\"text-align: right;\"><span style=\"font-family: tahoma, arial, helvetica, sans-serif;\"><strong><span style=\"color: #800000;\">Cap\u00edtulos diferidos:<\/span><\/strong> <span style=\"color: #000000;\">Cap\u00edtulos Cordoba-Argentina, Olavarr\u00eda-Argentina, Regi\u00f3n Caribe-Colombia, Barinas-Venezuela, Valencia-Venezuela, Centrooccidente-Venezuela, M\u00e9rida-Venezuela, T\u00e1chira-Venezuela<\/span><\/span><\/p>\n<p style=\"text-align: right;\"><span style=\"font-family: tahoma, arial, helvetica, sans-serif;\"><span style=\"color: #800000;\"><strong>Tem\u00e1tica:<\/strong><\/span> <span style=\"color: #000000;\">Los caminos\/retos de las investigaciones del sur: desaf\u00edos metodol\u00f3gicos, diversidad disciplinar y compromiso social<\/span><\/span><\/p>\n<p style=\"text-align: right;\"><span style=\"font-family: tahoma, arial, helvetica, sans-serif;\"><strong><span style=\"color: #800000;\">P\u00e1gina web del evento:<\/span><\/strong>&nbsp;<span style=\"color: #000000;\"><a href=\"http:\/\/antropologiasdelsur.org\/\" target=\"_blank\" rel=\"noopener\" style=\"color: #000000;\">http:\/\/antropologiasdelsur.org\/<\/a><\/span><\/span><\/p>\n","protected":false},"excerpt":{"rendered":"<p>EVENTOS A\u00d1O 2021 &nbsp; MARZO DEL 2021 &nbsp; Union of Anthropological and Ethnological Sciences (IUAES) Congress \u201cComing of age on earth: Legacies and next generation anthropology\u201d Solo en modalidad on line: por la declaratoria de pandemia Fecha: del 07\/03 al 14\/03\/2021 Tem\u00e1tica: Coming of age on earth: Legacies and next generation anthropology P\u00e1gina web del &hellip;<\/p>\n<p class=\"read-more\"> <a class=\"\" href=\"https:\/\/asociacionlatinoamericanadeantropologia.net\/portal\/evento-del-ano-2021\/\"> <span class=\"screen-reader-text\">Eventos del a\u00f1o 2021<\/span> Leer m\u00e1s &raquo;<\/a><\/p>\n","protected":false},"author":1,"featured_media":251,"parent":0,"menu_order":1,"comment_status":"closed","ping_status":"closed","template":"","meta":{"site-sidebar-layout":"default","site-content-layout":"default","ast-main-header-display":"","ast-hfb-above-header-display":"","ast-hfb-below-header-display":"","ast-hfb-mobile-header-display":"","site-post-title":"","ast-breadcrumbs-content":"","ast-featured-img":"","footer-sml-layout":"","theme-transparent-header-meta":"","adv-header-id-meta":"","stick-header-meta":"","header-above-stick-meta":"","header-main-stick-meta":"","header-below-stick-meta":"","footnotes":""},"categories":[1],"tags":[],"class_list":["post-253","page","type-page","status-publish","has-post-thumbnail","hentry","category-noticias"],"_links":{"self":[{"href":"https:\/\/asociacionlatinoamericanadeantropologia.net\/portal\/wp-json\/wp\/v2\/pages\/253","targetHints":{"allow":["GET"]}}],"collection":[{"href":"https:\/\/asociacionlatinoamericanadeantropologia.net\/portal\/wp-json\/wp\/v2\/pages"}],"about":[{"href":"https:\/\/asociacionlatinoamericanadeantropologia.net\/portal\/wp-json\/wp\/v2\/types\/page"}],"author":[{"embeddable":true,"href":"https:\/\/asociacionlatinoamericanadeantropologia.net\/portal\/wp-json\/wp\/v2\/users\/1"}],"replies":[{"embeddable":true,"href":"https:\/\/asociacionlatinoamericanadeantropologia.net\/portal\/wp-json\/wp\/v2\/comments?post=253"}],"version-history":[{"count":1,"href":"https:\/\/asociacionlatinoamericanadeantropologia.net\/portal\/wp-json\/wp\/v2\/pages\/253\/revisions"}],"predecessor-version":[{"id":387,"href":"https:\/\/asociacionlatinoamericanadeantropologia.net\/portal\/wp-json\/wp\/v2\/pages\/253\/revisions\/387"}],"wp:featuredmedia":[{"embeddable":true,"href":"https:\/\/asociacionlatinoamericanadeantropologia.net\/portal\/wp-json\/wp\/v2\/media\/251"}],"wp:attachment":[{"href":"https:\/\/asociacionlatinoamericanadeantropologia.net\/portal\/wp-json\/wp\/v2\/media?parent=253"}],"wp:term":[{"taxonomy":"category","embeddable":true,"href":"https:\/\/asociacionlatinoamericanadeantropologia.net\/portal\/wp-json\/wp\/v2\/categories?post=253"},{"taxonomy":"post_tag","embeddable":true,"href":"https:\/\/asociacionlatinoamericanadeantropologia.net\/portal\/wp-json\/wp\/v2\/tags?post=253"}],"curies":[{"name":"wp","href":"https:\/\/api.w.org\/{rel}","templated":true}]}}