{"id":2621,"date":"2023-04-24T13:12:01","date_gmt":"2023-04-24T13:12:01","guid":{"rendered":"https:\/\/asociacionlatinoamericanadeantropologia.net\/portal\/?page_id=2621"},"modified":"2023-05-07T22:35:47","modified_gmt":"2023-05-07T22:35:47","slug":"antropologias-hechas-en-chile","status":"publish","type":"page","link":"https:\/\/asociacionlatinoamericanadeantropologia.net\/portal\/antropologias-hechas-en-chile\/","title":{"rendered":"Antropolog\u00edas hechas en Chile"},"content":{"rendered":"<h2><strong>Antropolog\u00edas hechas en Chile<\/strong><\/h2>\n<p>Gonzalo D\u00edaz Crovetto, Claudio Espinoza Araya, Francisca de la Maza Cabrera<br \/>\ny Gemma Rojas Roncagliolo (eds.). 2023. <em><a href=\"https:\/\/asociacionlatinoamericanadeantropologia.net\/portal\/wp-content\/uploads\/2023\/04\/Libro-Antropologia-HECHAS-CHILE-VOLUMEN-1-Abril-2023.pdf\" target=\"_blank\" rel=\"noopener\">Antropolog\u00edas hechas en Chile Volumen I<\/a><\/em>. Montevideo, Uruguay: Asociaci\u00f3n Latinoamericana de Antropolog\u00eda.<\/p>\n<p><img fetchpriority=\"high\" decoding=\"async\" class=\"aligncenter wp-image-2632\" src=\"https:\/\/asociacionlatinoamericanadeantropologia.net\/portal\/wp-content\/uploads\/2023\/04\/AHChile.web_-210x300.jpg\" alt=\"\" width=\"250\" height=\"357\" \/>Gonzalo D\u00edaz Crovetto, Claudio Espinoza Araya, Francisca de la Maza Cabrera<br \/>\ny Gemma Rojas Roncagliolo (eds.). 2023.\u00a0<a href=\"https:\/\/asociacionlatinoamericanadeantropologia.net\/portal\/wp-content\/uploads\/2023\/04\/Libro-Antropologia-HECHAS-CHILE-VOLUMEN-2.pdf\" target=\"_blank\" rel=\"noopener\"><em>Antropolog\u00edas hechas en Chile Volumen II<\/em><\/a>. Montevideo, Uruguay: Asociaci\u00f3n Latinoamericana de Antropolog\u00eda.<\/p>\n<p><img decoding=\"async\" class=\"aligncenter wp-image-2648\" src=\"https:\/\/asociacionlatinoamericanadeantropologia.net\/portal\/wp-content\/uploads\/2023\/04\/Libro-2-210x300.png\" alt=\"\" width=\"250\" height=\"357\" srcset=\"https:\/\/asociacionlatinoamericanadeantropologia.net\/portal\/wp-content\/uploads\/2023\/04\/Libro-2-210x300.png 210w, https:\/\/asociacionlatinoamericanadeantropologia.net\/portal\/wp-content\/uploads\/2023\/04\/Libro-2-718x1024.png 718w, https:\/\/asociacionlatinoamericanadeantropologia.net\/portal\/wp-content\/uploads\/2023\/04\/Libro-2-768x1096.png 768w, https:\/\/asociacionlatinoamericanadeantropologia.net\/portal\/wp-content\/uploads\/2023\/04\/Libro-2.png 2019w\" sizes=\"(max-width: 250px) 100vw, 250px\" \/>Gonzalo D\u00edaz Crovetto, Claudio Espinoza Araya, Francisca de la Maza Cabrera<br \/>\ny Gemma Rojas Roncagliolo (eds.). 2023.\u00a0<a href=\"https:\/\/asociacionlatinoamericanadeantropologia.net\/portal\/wp-content\/uploads\/2023\/05\/Libro-Antropologia-HECHAS-CHILE-VOLUMEN-3.pdf\" target=\"_blank\" rel=\"noopener\"><em>Antropolog\u00edas hechas en Chile Volumen III<\/em><\/a>. Montevideo, Uruguay: Asociaci\u00f3n Latinoamericana de Antropolog\u00eda.<img decoding=\"async\" class=\"aligncenter wp-image-2675\" src=\"https:\/\/asociacionlatinoamericanadeantropologia.net\/portal\/wp-content\/uploads\/2023\/05\/Libro-3-210x300.png\" alt=\"\" width=\"250\" height=\"357\" srcset=\"https:\/\/asociacionlatinoamericanadeantropologia.net\/portal\/wp-content\/uploads\/2023\/05\/Libro-3-210x300.png 210w, https:\/\/asociacionlatinoamericanadeantropologia.net\/portal\/wp-content\/uploads\/2023\/05\/Libro-3-718x1024.png 718w, https:\/\/asociacionlatinoamericanadeantropologia.net\/portal\/wp-content\/uploads\/2023\/05\/Libro-3-768x1096.png 768w, https:\/\/asociacionlatinoamericanadeantropologia.net\/portal\/wp-content\/uploads\/2023\/05\/Libro-3.png 2019w\" sizes=\"(max-width: 250px) 100vw, 250px\" \/><\/p>\n<p>&nbsp;<\/p>\n","protected":false},"excerpt":{"rendered":"<p>Antropolog\u00edas hechas en Chile Gonzalo D\u00edaz Crovetto, Claudio Espinoza Araya, Francisca de la Maza Cabrera y Gemma Rojas Roncagliolo (eds.). 2023. Antropolog\u00edas hechas en Chile Volumen I. Montevideo, Uruguay: Asociaci\u00f3n Latinoamericana de Antropolog\u00eda. Gonzalo D\u00edaz Crovetto, Claudio Espinoza Araya, Francisca de la Maza Cabrera y Gemma Rojas Roncagliolo (eds.). 2023.\u00a0Antropolog\u00edas hechas en Chile Volumen II. &hellip;<\/p>\n<p class=\"read-more\"> <a class=\"\" href=\"https:\/\/asociacionlatinoamericanadeantropologia.net\/portal\/antropologias-hechas-en-chile\/\"> <span class=\"screen-reader-text\">Antropolog\u00edas hechas en Chile<\/span> Leer m\u00e1s &raquo;<\/a><\/p>\n","protected":false},"author":17,"featured_media":0,"parent":0,"menu_order":0,"comment_status":"closed","ping_status":"closed","template":"","meta":{"site-sidebar-layout":"default","site-content-layout":"default","ast-main-header-display":"","ast-hfb-above-header-display":"","ast-hfb-below-header-display":"","ast-hfb-mobile-header-display":"","site-post-title":"","ast-breadcrumbs-content":"","ast-featured-img":"","footer-sml-layout":"","theme-transparent-header-meta":"","adv-header-id-meta":"","stick-header-meta":"","header-above-stick-meta":"","header-main-stick-meta":"","header-below-stick-meta":"","footnotes":""},"categories":[],"tags":[],"class_list":["post-2621","page","type-page","status-publish","hentry"],"_links":{"self":[{"href":"https:\/\/asociacionlatinoamericanadeantropologia.net\/portal\/wp-json\/wp\/v2\/pages\/2621","targetHints":{"allow":["GET"]}}],"collection":[{"href":"https:\/\/asociacionlatinoamericanadeantropologia.net\/portal\/wp-json\/wp\/v2\/pages"}],"about":[{"href":"https:\/\/asociacionlatinoamericanadeantropologia.net\/portal\/wp-json\/wp\/v2\/types\/page"}],"author":[{"embeddable":true,"href":"https:\/\/asociacionlatinoamericanadeantropologia.net\/portal\/wp-json\/wp\/v2\/users\/17"}],"replies":[{"embeddable":true,"href":"https:\/\/asociacionlatinoamericanadeantropologia.net\/portal\/wp-json\/wp\/v2\/comments?post=2621"}],"version-history":[{"count":12,"href":"https:\/\/asociacionlatinoamericanadeantropologia.net\/portal\/wp-json\/wp\/v2\/pages\/2621\/revisions"}],"predecessor-version":[{"id":2677,"href":"https:\/\/asociacionlatinoamericanadeantropologia.net\/portal\/wp-json\/wp\/v2\/pages\/2621\/revisions\/2677"}],"wp:attachment":[{"href":"https:\/\/asociacionlatinoamericanadeantropologia.net\/portal\/wp-json\/wp\/v2\/media?parent=2621"}],"wp:term":[{"taxonomy":"category","embeddable":true,"href":"https:\/\/asociacionlatinoamericanadeantropologia.net\/portal\/wp-json\/wp\/v2\/categories?post=2621"},{"taxonomy":"post_tag","embeddable":true,"href":"https:\/\/asociacionlatinoamericanadeantropologia.net\/portal\/wp-json\/wp\/v2\/tags?post=2621"}],"curies":[{"name":"wp","href":"https:\/\/api.w.org\/{rel}","templated":true}]}}