{"id":274,"date":"2021-05-18T18:51:53","date_gmt":"2021-05-18T18:51:53","guid":{"rendered":"https:\/\/asociacionlatinoamericanadeantropologia.net\/portal\/convocatoria-a-propuestas-de-grupos-de-trabajo-de-la-asociacion-latinoamericana-de-antropologia-ala\/"},"modified":"2022-03-04T02:36:11","modified_gmt":"2022-03-04T02:36:11","slug":"convocatoria-a-propuestas-de-grupos-de-trabajo-de-la-asociacion-latinoamericana-de-antropologia-ala","status":"publish","type":"page","link":"https:\/\/asociacionlatinoamericanadeantropologia.net\/portal\/convocatoria-a-propuestas-de-grupos-de-trabajo-de-la-asociacion-latinoamericana-de-antropologia-ala\/","title":{"rendered":"Convocatoria a propuestas de Grupos de Trabajo de la Asociaci\u00f3n Latinoamericana de Antropolog\u00eda (ALA)"},"content":{"rendered":"<p>La <strong>Asociaci\u00f3n Latinoamericana de Antropolog\u00eda<\/strong> (<strong>ALA<\/strong>) se complace en abrir la convocatoria a propuestas de Grupos de Trabajo.<\/p>\n<p>Los Grupos de Trabajo (GT) son organismos oficialmente reconocidos por <strong>ALA<\/strong>, cuya finalidad es el fomento de la investigaci\u00f3n cient\u00edfica en las disciplinas antropol\u00f3gicas y el trabajo antropol\u00f3gico profesional con perspectiva latinoamericana. Mediante los GT, la <strong>Asociaci\u00f3n Latinoamericana de Antropolog\u00eda<\/strong> promueve la conversaci\u00f3n entre colegas de diferentes pa\u00edses de Latinoam\u00e9rica y el Caribe para abordar problem\u00e1ticas de inter\u00e9s actual.<\/p>\n<p>En la p\u00e1gina web de <strong>ALA<\/strong> podr\u00e1n encontrar el&nbsp;<strong><a href=\"https:\/\/asociacionlatinoamericanadeantropologia.net\/portal\/wp-content\/uploads\/2017\/05\/Reglamento_Grupos_de_Trabajo_ALA_2021.pdf\" target=\"_blank\" rel=\"noopener\">Reglamento para la creaci\u00f3n y operaci\u00f3n de Grupos de Trabajo de la Asociaci\u00f3n Latinoamericana de Antropolog\u00eda<\/a><\/strong> con el objetivo de enviar sus propuestas.<\/p>\n<p><strong>La convocatoria tendr\u00e1 una pr\u00f3rroga hasta el d\u00eda mi\u00e9rcoles 30 de junio de 2021.<\/strong><\/p>\n<p>Si tiene preguntas o requiere informaci\u00f3n adicional, pueden remitirse a nuestra direcci\u00f3n de correo electr\u00f3nico: <span style=\"color: #800000;\"><strong><a href=\"mailto:gruposdetrabajoala@gmail.com\" style=\"color: #800000;\">gruposdetrabajoala@gmail.com<\/a><\/strong><\/span><\/p>\n<p>&nbsp;<\/p>\n","protected":false},"excerpt":{"rendered":"<p>La Asociaci\u00f3n Latinoamericana de Antropolog\u00eda (ALA) se complace en abrir la convocatoria a propuestas de Grupos de Trabajo. Los Grupos de Trabajo (GT) son organismos oficialmente reconocidos por ALA, cuya finalidad es el fomento de la investigaci\u00f3n cient\u00edfica en las disciplinas antropol\u00f3gicas y el trabajo antropol\u00f3gico profesional con perspectiva latinoamericana. Mediante los GT, la Asociaci\u00f3n &hellip;<\/p>\n<p class=\"read-more\"> <a class=\"\" href=\"https:\/\/asociacionlatinoamericanadeantropologia.net\/portal\/convocatoria-a-propuestas-de-grupos-de-trabajo-de-la-asociacion-latinoamericana-de-antropologia-ala\/\"> <span class=\"screen-reader-text\">Convocatoria a propuestas de Grupos de Trabajo de la Asociaci\u00f3n Latinoamericana de Antropolog\u00eda (ALA)<\/span> Leer m\u00e1s &raquo;<\/a><\/p>\n","protected":false},"author":1,"featured_media":0,"parent":0,"menu_order":10,"comment_status":"closed","ping_status":"closed","template":"","meta":{"site-sidebar-layout":"default","site-content-layout":"default","ast-main-header-display":"","ast-hfb-above-header-display":"","ast-hfb-below-header-display":"","ast-hfb-mobile-header-display":"","site-post-title":"","ast-breadcrumbs-content":"","ast-featured-img":"","footer-sml-layout":"","theme-transparent-header-meta":"","adv-header-id-meta":"","stick-header-meta":"","header-above-stick-meta":"","header-main-stick-meta":"","header-below-stick-meta":"","footnotes":""},"categories":[8,1],"tags":[],"class_list":["post-274","page","type-page","status-publish","hentry","category-grupos-de-trabajo","category-noticias"],"_links":{"self":[{"href":"https:\/\/asociacionlatinoamericanadeantropologia.net\/portal\/wp-json\/wp\/v2\/pages\/274","targetHints":{"allow":["GET"]}}],"collection":[{"href":"https:\/\/asociacionlatinoamericanadeantropologia.net\/portal\/wp-json\/wp\/v2\/pages"}],"about":[{"href":"https:\/\/asociacionlatinoamericanadeantropologia.net\/portal\/wp-json\/wp\/v2\/types\/page"}],"author":[{"embeddable":true,"href":"https:\/\/asociacionlatinoamericanadeantropologia.net\/portal\/wp-json\/wp\/v2\/users\/1"}],"replies":[{"embeddable":true,"href":"https:\/\/asociacionlatinoamericanadeantropologia.net\/portal\/wp-json\/wp\/v2\/comments?post=274"}],"version-history":[{"count":1,"href":"https:\/\/asociacionlatinoamericanadeantropologia.net\/portal\/wp-json\/wp\/v2\/pages\/274\/revisions"}],"predecessor-version":[{"id":392,"href":"https:\/\/asociacionlatinoamericanadeantropologia.net\/portal\/wp-json\/wp\/v2\/pages\/274\/revisions\/392"}],"wp:attachment":[{"href":"https:\/\/asociacionlatinoamericanadeantropologia.net\/portal\/wp-json\/wp\/v2\/media?parent=274"}],"wp:term":[{"taxonomy":"category","embeddable":true,"href":"https:\/\/asociacionlatinoamericanadeantropologia.net\/portal\/wp-json\/wp\/v2\/categories?post=274"},{"taxonomy":"post_tag","embeddable":true,"href":"https:\/\/asociacionlatinoamericanadeantropologia.net\/portal\/wp-json\/wp\/v2\/tags?post=274"}],"curies":[{"name":"wp","href":"https:\/\/api.w.org\/{rel}","templated":true}]}}