{"id":3440,"date":"2024-03-07T14:58:52","date_gmt":"2024-03-07T14:58:52","guid":{"rendered":"https:\/\/asociacionlatinoamericanadeantropologia.net\/portal\/?page_id=3440"},"modified":"2024-03-08T00:00:07","modified_gmt":"2024-03-08T00:00:07","slug":"estudios-sobre-los-pluralismos-economicos-en-america-latina-y-el-caribe-en-el-siglo-xxi","status":"publish","type":"page","link":"https:\/\/asociacionlatinoamericanadeantropologia.net\/portal\/estudios-sobre-los-pluralismos-economicos-en-america-latina-y-el-caribe-en-el-siglo-xxi\/","title":{"rendered":"Estudios sobre los pluralismos econ\u00f3micos en Am\u00e9rica Latina y el Caribe en el Siglo XXI"},"content":{"rendered":"<h2>Estudios sobre los pluralismos econ\u00f3micos en Am\u00e9rica Latina y el Caribe en el Siglo XXI<\/h2>\n<p>Mar\u00eda Luisa L\u00f3pez Guerrero, Maya Neyrot Bernal y Abraham Za\u00edd D\u00edaz Delgado (compiladores) (2024). Este libro es una publicaci\u00f3n del <a href=\"https:\/\/asociacionlatinoamericanadeantropologia.net\/portal\/pluralismos-economicos\/\"><strong>Grupo de Trabajo \u00abPluralismos Econ\u00f3micos\u00bb<\/strong><\/a> que aborda la diversidad de pr\u00e1cticas econ\u00f3micas en Am\u00e9rica Latina y el Caribe, reconociendo que no existe una \u00fanica forma de hacer econom\u00eda. Este enfoque se basa en la comprensi\u00f3n de que las econom\u00edas est\u00e1n arraigadas en principios culturales y sociales, lo que lleva a una multiplicidad de estrategias para producir, intercambiar y consumir bienes. El grupo destaca las pr\u00e1cticas econ\u00f3micas aut\u00f3nomas y por cuenta propia como importantes formas de resistencia y subsistencia frente a la exclusi\u00f3n y la desigualdad generadas por a\u00f1os de colonialismo y acumulaci\u00f3n desigual de capital en la regi\u00f3n.<\/p>\n<p>Las pr\u00e1cticas econ\u00f3micas independientes, como el comercio ambulante y la producci\u00f3n local, son analizadas en los textos del grupo, que incluyen investigaciones sobre temas como la relaci\u00f3n entre grandes empresas transnacionales y comerciantes por cuenta propia en Bolivia, y la econom\u00eda devocional en comunidades como Texocuixpan, Puebla, en M\u00e9xico. Estos estudios etnogr\u00e1ficos revelan c\u00f3mo estas pr\u00e1cticas emergen como estrategias de supervivencia y resistencia, a menudo en respuesta a condiciones econ\u00f3micas y sociales adversas, y c\u00f3mo se entrelazan con aspectos culturales y religiosos locales.<\/p>\n<p><a href=\"https:\/\/asociacionlatinoamericanadeantropologia.net\/portal\/wp-content\/uploads\/2024\/03\/CUADERNOS-DE-TRABAJO-3-FINAL-WEB-Def.pdf\"><img fetchpriority=\"high\" decoding=\"async\" class=\"wp-image-3471 size-medium aligncenter\" src=\"https:\/\/asociacionlatinoamericanadeantropologia.net\/portal\/wp-content\/uploads\/2024\/03\/Cuaderno-3-210x300.png\" alt=\"Cuaderno 3\" width=\"210\" height=\"300\" srcset=\"https:\/\/asociacionlatinoamericanadeantropologia.net\/portal\/wp-content\/uploads\/2024\/03\/Cuaderno-3-210x300.png 210w, https:\/\/asociacionlatinoamericanadeantropologia.net\/portal\/wp-content\/uploads\/2024\/03\/Cuaderno-3-718x1024.png 718w, https:\/\/asociacionlatinoamericanadeantropologia.net\/portal\/wp-content\/uploads\/2024\/03\/Cuaderno-3-768x1096.png 768w, https:\/\/asociacionlatinoamericanadeantropologia.net\/portal\/wp-content\/uploads\/2024\/03\/Cuaderno-3.png 2019w\" sizes=\"(max-width: 210px) 100vw, 210px\" \/><\/a><\/p>\n","protected":false},"excerpt":{"rendered":"<p>Estudios sobre los pluralismos econ\u00f3micos en Am\u00e9rica Latina y el Caribe en el Siglo XXI Mar\u00eda Luisa L\u00f3pez Guerrero, Maya Neyrot Bernal y Abraham Za\u00edd D\u00edaz Delgado (compiladores) (2024). Este libro es una publicaci\u00f3n del Grupo de Trabajo \u00abPluralismos Econ\u00f3micos\u00bb que aborda la diversidad de pr\u00e1cticas econ\u00f3micas en Am\u00e9rica Latina y el Caribe, reconociendo que &hellip;<\/p>\n<p class=\"read-more\"> <a class=\"\" href=\"https:\/\/asociacionlatinoamericanadeantropologia.net\/portal\/estudios-sobre-los-pluralismos-economicos-en-america-latina-y-el-caribe-en-el-siglo-xxi\/\"> <span class=\"screen-reader-text\">Estudios sobre los pluralismos econ\u00f3micos en Am\u00e9rica Latina y el Caribe en el Siglo XXI<\/span> Leer m\u00e1s &raquo;<\/a><\/p>\n","protected":false},"author":2,"featured_media":0,"parent":0,"menu_order":0,"comment_status":"closed","ping_status":"closed","template":"","meta":{"site-sidebar-layout":"default","site-content-layout":"default","ast-main-header-display":"","ast-hfb-above-header-display":"","ast-hfb-below-header-display":"","ast-hfb-mobile-header-display":"","site-post-title":"","ast-breadcrumbs-content":"","ast-featured-img":"","footer-sml-layout":"","theme-transparent-header-meta":"","adv-header-id-meta":"","stick-header-meta":"","header-above-stick-meta":"","header-main-stick-meta":"","header-below-stick-meta":"","footnotes":""},"categories":[],"tags":[],"class_list":["post-3440","page","type-page","status-publish","hentry"],"_links":{"self":[{"href":"https:\/\/asociacionlatinoamericanadeantropologia.net\/portal\/wp-json\/wp\/v2\/pages\/3440","targetHints":{"allow":["GET"]}}],"collection":[{"href":"https:\/\/asociacionlatinoamericanadeantropologia.net\/portal\/wp-json\/wp\/v2\/pages"}],"about":[{"href":"https:\/\/asociacionlatinoamericanadeantropologia.net\/portal\/wp-json\/wp\/v2\/types\/page"}],"author":[{"embeddable":true,"href":"https:\/\/asociacionlatinoamericanadeantropologia.net\/portal\/wp-json\/wp\/v2\/users\/2"}],"replies":[{"embeddable":true,"href":"https:\/\/asociacionlatinoamericanadeantropologia.net\/portal\/wp-json\/wp\/v2\/comments?post=3440"}],"version-history":[{"count":2,"href":"https:\/\/asociacionlatinoamericanadeantropologia.net\/portal\/wp-json\/wp\/v2\/pages\/3440\/revisions"}],"predecessor-version":[{"id":3476,"href":"https:\/\/asociacionlatinoamericanadeantropologia.net\/portal\/wp-json\/wp\/v2\/pages\/3440\/revisions\/3476"}],"wp:attachment":[{"href":"https:\/\/asociacionlatinoamericanadeantropologia.net\/portal\/wp-json\/wp\/v2\/media?parent=3440"}],"wp:term":[{"taxonomy":"category","embeddable":true,"href":"https:\/\/asociacionlatinoamericanadeantropologia.net\/portal\/wp-json\/wp\/v2\/categories?post=3440"},{"taxonomy":"post_tag","embeddable":true,"href":"https:\/\/asociacionlatinoamericanadeantropologia.net\/portal\/wp-json\/wp\/v2\/tags?post=3440"}],"curies":[{"name":"wp","href":"https:\/\/api.w.org\/{rel}","templated":true}]}}