{"id":626,"date":"2021-12-18T00:06:27","date_gmt":"2021-12-18T00:06:27","guid":{"rendered":"https:\/\/asociacionlatinoamericanadeantropologia.net\/portal\/?page_id=626"},"modified":"2023-04-24T15:41:48","modified_gmt":"2023-04-24T15:41:48","slug":"antropologias-hechas-en-argentina","status":"publish","type":"page","link":"https:\/\/asociacionlatinoamericanadeantropologia.net\/portal\/antropologias-hechas-en-argentina\/","title":{"rendered":"Antropolog\u00edas hechas en la Argentina"},"content":{"rendered":"<h2><strong>Antropolog\u00edas hechas en la Argentina<\/strong><\/h2>\n<p>Guber, Rosana y L\u00eda Ferrero (eds.). 2020.\u00a0<a href=\"https:\/\/asociacionlatinoamericanadeantropologia.net\/portal\/wp-content\/uploads\/2018\/09\/ANT_ARGENTINA_VOLUMEN_1_FINAL_WEB.pdf\" target=\"_blank\" rel=\"noopener\"><strong><em>Antropolog\u00edas hechas en la Argentina Volumen I<\/em><\/strong><\/a>. Montevideo, Uruguay: Asociaci\u00f3n Latinoamericana de Antropolog\u00eda.<\/p>\n<p><a href=\"https:\/\/asociacionlatinoamericanadeantropologia.net\/portal\/wp-content\/uploads\/2018\/09\/ANT_ARGENTINA_VOLUMEN_1_FINAL_WEB.pdf\" target=\"_blank\" rel=\"noopener\"><img fetchpriority=\"high\" decoding=\"async\" class=\"aligncenter wp-image-239 size-medium\" src=\"https:\/\/asociacionlatinoamericanadeantropologia.net\/portal\/wp-content\/uploads\/2020\/12\/ARGENTINA_1_BR-276x300.jpg\" alt=\"ARGENTINA 1 BR\" width=\"276\" height=\"300\" \/><\/a><\/p>\n<p>Guber, Rosana y L\u00eda Ferrero (eds.). 2020. <a href=\"https:\/\/asociacionlatinoamericanadeantropologia.net\/portal\/wp-content\/uploads\/2018\/09\/ANT_ARGENTINA_VOLUMEN_2_FINAL_WEB.pdf\" target=\"_blank\" rel=\"noopener\"><strong><em>Antropolog\u00edas hechas en la Argentina Volumen II<\/em><\/strong><\/a>. Montevideo, Uruguay: Asociaci\u00f3n Latinoamericana de Antropolog\u00eda.<\/p>\n<p><a href=\"https:\/\/asociacionlatinoamericanadeantropologia.net\/portal\/wp-content\/uploads\/2018\/09\/ANT_ARGENTINA_VOLUMEN_2_FINAL_WEB.pdf\" target=\"_blank\" rel=\"noopener\"><img decoding=\"async\" class=\"wp-image-240 size-medium aligncenter\" src=\"https:\/\/asociacionlatinoamericanadeantropologia.net\/portal\/wp-content\/uploads\/2020\/12\/ARGENTINA_2_BR-276x300.jpg\" alt=\"ARGENTINA 2 BR\" width=\"276\" height=\"300\" srcset=\"https:\/\/asociacionlatinoamericanadeantropologia.net\/portal\/wp-content\/uploads\/2020\/12\/ARGENTINA_2_BR-276x300.jpg 276w, https:\/\/asociacionlatinoamericanadeantropologia.net\/portal\/wp-content\/uploads\/2020\/12\/ARGENTINA_2_BR-768x835.jpg 768w, https:\/\/asociacionlatinoamericanadeantropologia.net\/portal\/wp-content\/uploads\/2020\/12\/ARGENTINA_2_BR-942x1024.jpg 942w, https:\/\/asociacionlatinoamericanadeantropologia.net\/portal\/wp-content\/uploads\/2020\/12\/ARGENTINA_2_BR.jpg 1086w\" sizes=\"(max-width: 276px) 100vw, 276px\" \/><br \/>\n<\/a>Guber, Rosana y L\u00eda Ferrero (eds.). 2020. <a href=\"https:\/\/asociacionlatinoamericanadeantropologia.net\/portal\/wp-content\/uploads\/2021\/12\/Libro_Antropologa_ARGENTINA_3_TOMO_WEB.pdf\" target=\"_blank\" rel=\"noopener\"><strong><em>Antropolog\u00edas hechas en la Argentina Volumen III<\/em><\/strong><\/a>. Montevideo, Uruguay: Asociaci\u00f3n Latinoamericana de Antropolog\u00eda.<\/p>\n<p><a href=\"https:\/\/asociacionlatinoamericanadeantropologia.net\/portal\/wp-content\/uploads\/2021\/12\/Libro_Antropologa_ARGENTINA_3_TOMO_WEB.pdf\"><img decoding=\"async\" class=\"aligncenter wp-image-2634 \" src=\"https:\/\/asociacionlatinoamericanadeantropologia.net\/portal\/wp-content\/uploads\/2023\/04\/AGArgentinaVIII.web_-230x300.jpg\" alt=\"\" width=\"245\" height=\"320\" srcset=\"https:\/\/asociacionlatinoamericanadeantropologia.net\/portal\/wp-content\/uploads\/2023\/04\/AGArgentinaVIII.web_-230x300.jpg 230w, https:\/\/asociacionlatinoamericanadeantropologia.net\/portal\/wp-content\/uploads\/2023\/04\/AGArgentinaVIII.web_-787x1024.jpg 787w, https:\/\/asociacionlatinoamericanadeantropologia.net\/portal\/wp-content\/uploads\/2023\/04\/AGArgentinaVIII.web_-768x1000.jpg 768w, https:\/\/asociacionlatinoamericanadeantropologia.net\/portal\/wp-content\/uploads\/2023\/04\/AGArgentinaVIII.web_.jpg 1229w\" sizes=\"(max-width: 245px) 100vw, 245px\" \/><\/a><\/p>\n","protected":false},"excerpt":{"rendered":"<p>Antropolog\u00edas hechas en la Argentina Guber, Rosana y L\u00eda Ferrero (eds.). 2020.\u00a0Antropolog\u00edas hechas en la Argentina Volumen I. Montevideo, Uruguay: Asociaci\u00f3n Latinoamericana de Antropolog\u00eda. Guber, Rosana y L\u00eda Ferrero (eds.). 2020. Antropolog\u00edas hechas en la Argentina Volumen II. Montevideo, Uruguay: Asociaci\u00f3n Latinoamericana de Antropolog\u00eda. Guber, Rosana y L\u00eda Ferrero (eds.). 2020. Antropolog\u00edas hechas en la &hellip;<\/p>\n<p class=\"read-more\"> <a class=\"\" href=\"https:\/\/asociacionlatinoamericanadeantropologia.net\/portal\/antropologias-hechas-en-argentina\/\"> <span class=\"screen-reader-text\">Antropolog\u00edas hechas en la Argentina<\/span> Leer m\u00e1s &raquo;<\/a><\/p>\n","protected":false},"author":2,"featured_media":0,"parent":0,"menu_order":0,"comment_status":"closed","ping_status":"closed","template":"","meta":{"site-sidebar-layout":"default","site-content-layout":"default","ast-main-header-display":"","ast-hfb-above-header-display":"","ast-hfb-below-header-display":"","ast-hfb-mobile-header-display":"","site-post-title":"","ast-breadcrumbs-content":"","ast-featured-img":"","footer-sml-layout":"","theme-transparent-header-meta":"default","adv-header-id-meta":"","stick-header-meta":"","header-above-stick-meta":"","header-main-stick-meta":"","header-below-stick-meta":"","footnotes":""},"categories":[],"tags":[],"class_list":["post-626","page","type-page","status-publish","hentry"],"_links":{"self":[{"href":"https:\/\/asociacionlatinoamericanadeantropologia.net\/portal\/wp-json\/wp\/v2\/pages\/626","targetHints":{"allow":["GET"]}}],"collection":[{"href":"https:\/\/asociacionlatinoamericanadeantropologia.net\/portal\/wp-json\/wp\/v2\/pages"}],"about":[{"href":"https:\/\/asociacionlatinoamericanadeantropologia.net\/portal\/wp-json\/wp\/v2\/types\/page"}],"author":[{"embeddable":true,"href":"https:\/\/asociacionlatinoamericanadeantropologia.net\/portal\/wp-json\/wp\/v2\/users\/2"}],"replies":[{"embeddable":true,"href":"https:\/\/asociacionlatinoamericanadeantropologia.net\/portal\/wp-json\/wp\/v2\/comments?post=626"}],"version-history":[{"count":11,"href":"https:\/\/asociacionlatinoamericanadeantropologia.net\/portal\/wp-json\/wp\/v2\/pages\/626\/revisions"}],"predecessor-version":[{"id":2637,"href":"https:\/\/asociacionlatinoamericanadeantropologia.net\/portal\/wp-json\/wp\/v2\/pages\/626\/revisions\/2637"}],"wp:attachment":[{"href":"https:\/\/asociacionlatinoamericanadeantropologia.net\/portal\/wp-json\/wp\/v2\/media?parent=626"}],"wp:term":[{"taxonomy":"category","embeddable":true,"href":"https:\/\/asociacionlatinoamericanadeantropologia.net\/portal\/wp-json\/wp\/v2\/categories?post=626"},{"taxonomy":"post_tag","embeddable":true,"href":"https:\/\/asociacionlatinoamericanadeantropologia.net\/portal\/wp-json\/wp\/v2\/tags?post=626"}],"curies":[{"name":"wp","href":"https:\/\/api.w.org\/{rel}","templated":true}]}}