{"id":668,"date":"2021-12-18T00:45:26","date_gmt":"2021-12-18T00:45:26","guid":{"rendered":"https:\/\/asociacionlatinoamericanadeantropologia.net\/portal\/?page_id=668"},"modified":"2024-03-26T18:57:44","modified_gmt":"2024-03-26T18:57:44","slug":"ensino-de-antropologia-e-a-formacao-de-antropologos-e-antropologas","status":"publish","type":"page","link":"https:\/\/asociacionlatinoamericanadeantropologia.net\/portal\/ensino-de-antropologia-e-a-formacao-de-antropologos-e-antropologas\/","title":{"rendered":"GT Ensino de antropologia e a forma\u00e7\u00e3o de antrop\u00f3logos e antrop\u00f3logas"},"content":{"rendered":"<p>El GT\u00a0Ensino de antropologia e a forma\u00e7\u00e3o de antrop\u00f3logos e antrop\u00f3logas\u00a0est\u00e1 coordinado por <a href=\"mailto:amurabi_cs@hotmail.com\" target=\"_blank\" rel=\"noopener\">Amurabi Olvera<\/a><\/p>\n<p><strong>Apresenta\u00e7\u00e3o<\/strong><\/p>\n<p>O ensino da Antropologia tem sido uma quest\u00e3o ao mesmo tempo desde sempre central para o campo das Ci\u00eancias Antropol\u00f3gicas, considerando que \u00e9 atrav\u00e9s do ensino que garantimos a reprodu\u00e7\u00e3o do corpus acad\u00eamico em nossa \u00e1rea; mas tamb\u00e9m tem sido um tema recorrentemente secundarizado, ganhando pouco destaque nos congressos e nas publica\u00e7\u00f5es especializadas. A proposta de cria\u00e7\u00e3o do Grupo de Trabalho (GT) ensino de antropologia e a forma\u00e7\u00e3o de antrop\u00f3logos e antrop\u00f3logas visa reconhecer, portanto, a import\u00e2ncia desse debate para a Antropologia em geral, e para a Antropologia Latino-Americana em particular.<\/p>\n<p>Nos \u00faltimos anos temos observado alguns fen\u00f4menos relevantes que impactam diretamente essa discuss\u00e3o, o primeiro e mais evidente seria a expans\u00e3o das carreiras de Antropologia em muitos pa\u00edses latino-americanos, tanto a n\u00edvel de gradua\u00e7\u00e3o quanto de p\u00f3sgradua\u00e7\u00e3o, tendo como consequ\u00eancia tamb\u00e9m o aparecimento de novos modelos formativos, assim como de publica\u00e7\u00f5es especializadas que visam tentar mapear e compreender esse fen\u00f4meno. Paradoxalmente, outro fen\u00f4meno que tem ocorrido nos \u00faltimos anos tem sido o ataque \u00e0s Ci\u00eancias Humanas e Sociais em diversas partes do mundo, principalmente no contexto de ascens\u00e3o de governos conservadores, que passam n\u00e3o s\u00f3 a questionar a relev\u00e2ncia e o lugar da Antropologia (e de outras ci\u00eancias), como tamb\u00e9m diminuir o financiamento de pesquisas e de forma\u00e7\u00e3o p\u00f3s-graduada. Diante de tal contexto, consideramos que a discuss\u00e3o sobre o ensino de antropologia e a forma\u00e7\u00e3o de antrop\u00f3logos e antrop\u00f3logas \u00e9 fundamental nesse momento, sendo um passo necess\u00e1rio para solidificarmos o lugar da Antropologia nas sociedades latino-americanas. A proposta desse Grupo de Trabalho (GT) articula-se a um conjunto de atividades que v\u00eam sendo desenvolvidas tanto junto \u00e0s associa\u00e7\u00f5es nacionais de Antropologia, quanto \u00e0 Associa\u00e7\u00e3o Latino Americana de Antropologia (ALA) atrav\u00e9s de seus congressos nacionais. Tais a\u00e7\u00f5es t\u00eam se desdobrado em publica\u00e7\u00f5es em livros, colet\u00e2neas e revistas especializadas, nas quais os diversos integrantes desse grupo t\u00eam difundido suas pesquisas. Destaca-se ainda a intensa atua\u00e7\u00e3o no \u00e2mbito da forma\u00e7\u00e3o de futuros antrop\u00f3logos e antrop\u00f3logas, tanto nas carreiras de gradua\u00e7\u00e3o, quanto de p\u00f3s-gradua\u00e7\u00e3o (mestrado e doutorado).<\/p>\n<p>O debate sobre o ensino de antropologia tem agregado n\u00e3o apenas antrop\u00f3logos vinculados a Departamentos de Ci\u00eancias Sociais\/Antropologia, como tamb\u00e9m aqueles que est\u00e3o inseridos em outros espa\u00e7os institucionais, como Faculdades de Educa\u00e7\u00e3o, Departamentos de Sa\u00fade Coletiva, Sociologia, Institutos Interdisciplinares etc. Tais pesquisadores se inserem nesse debate n\u00e3o apenas atrav\u00e9s da forma\u00e7\u00e3o de antrop\u00f3logos, como tamb\u00e9m atrav\u00e9s do ensino de antropologia para outras carreiras, ou ainda em outras modalidades de ensino, como na Educa\u00e7\u00e3o Secund\u00e1ria.<\/p>\n<p>&nbsp;<\/p>\n<p>&nbsp;<\/p>\n<p>&nbsp;<\/p>\n","protected":false},"excerpt":{"rendered":"<p>El GT\u00a0Ensino de antropologia e a forma\u00e7\u00e3o de antrop\u00f3logos e antrop\u00f3logas\u00a0est\u00e1 coordinado por Amurabi Olvera Apresenta\u00e7\u00e3o O ensino da Antropologia tem sido uma quest\u00e3o ao mesmo tempo desde sempre central para o campo das Ci\u00eancias Antropol\u00f3gicas, considerando que \u00e9 atrav\u00e9s do ensino que garantimos a reprodu\u00e7\u00e3o do corpus acad\u00eamico em nossa \u00e1rea; mas tamb\u00e9m tem &hellip;<\/p>\n<p class=\"read-more\"> <a class=\"\" href=\"https:\/\/asociacionlatinoamericanadeantropologia.net\/portal\/ensino-de-antropologia-e-a-formacao-de-antropologos-e-antropologas\/\"> <span class=\"screen-reader-text\">GT Ensino de antropologia e a forma\u00e7\u00e3o de antrop\u00f3logos e antrop\u00f3logas<\/span> Leer m\u00e1s &raquo;<\/a><\/p>\n","protected":false},"author":2,"featured_media":0,"parent":0,"menu_order":0,"comment_status":"closed","ping_status":"closed","template":"","meta":{"site-sidebar-layout":"default","site-content-layout":"default","ast-main-header-display":"","ast-hfb-above-header-display":"","ast-hfb-below-header-display":"","ast-hfb-mobile-header-display":"","site-post-title":"","ast-breadcrumbs-content":"","ast-featured-img":"","footer-sml-layout":"","theme-transparent-header-meta":"default","adv-header-id-meta":"","stick-header-meta":"","header-above-stick-meta":"","header-main-stick-meta":"","header-below-stick-meta":"","footnotes":""},"categories":[8],"tags":[],"class_list":["post-668","page","type-page","status-publish","hentry","category-grupos-de-trabajo"],"_links":{"self":[{"href":"https:\/\/asociacionlatinoamericanadeantropologia.net\/portal\/wp-json\/wp\/v2\/pages\/668","targetHints":{"allow":["GET"]}}],"collection":[{"href":"https:\/\/asociacionlatinoamericanadeantropologia.net\/portal\/wp-json\/wp\/v2\/pages"}],"about":[{"href":"https:\/\/asociacionlatinoamericanadeantropologia.net\/portal\/wp-json\/wp\/v2\/types\/page"}],"author":[{"embeddable":true,"href":"https:\/\/asociacionlatinoamericanadeantropologia.net\/portal\/wp-json\/wp\/v2\/users\/2"}],"replies":[{"embeddable":true,"href":"https:\/\/asociacionlatinoamericanadeantropologia.net\/portal\/wp-json\/wp\/v2\/comments?post=668"}],"version-history":[{"count":14,"href":"https:\/\/asociacionlatinoamericanadeantropologia.net\/portal\/wp-json\/wp\/v2\/pages\/668\/revisions"}],"predecessor-version":[{"id":3599,"href":"https:\/\/asociacionlatinoamericanadeantropologia.net\/portal\/wp-json\/wp\/v2\/pages\/668\/revisions\/3599"}],"wp:attachment":[{"href":"https:\/\/asociacionlatinoamericanadeantropologia.net\/portal\/wp-json\/wp\/v2\/media?parent=668"}],"wp:term":[{"taxonomy":"category","embeddable":true,"href":"https:\/\/asociacionlatinoamericanadeantropologia.net\/portal\/wp-json\/wp\/v2\/categories?post=668"},{"taxonomy":"post_tag","embeddable":true,"href":"https:\/\/asociacionlatinoamericanadeantropologia.net\/portal\/wp-json\/wp\/v2\/tags?post=668"}],"curies":[{"name":"wp","href":"https:\/\/api.w.org\/{rel}","templated":true}]}}