{"id":672,"date":"2021-12-18T00:52:03","date_gmt":"2021-12-18T00:52:03","guid":{"rendered":"https:\/\/asociacionlatinoamericanadeantropologia.net\/portal\/?page_id=672"},"modified":"2024-03-26T13:45:16","modified_gmt":"2024-03-26T13:45:16","slug":"antropologias-disidentes-e-indisciplinadas","status":"publish","type":"page","link":"https:\/\/asociacionlatinoamericanadeantropologia.net\/portal\/antropologias-disidentes-e-indisciplinadas\/","title":{"rendered":"GT Antropolog\u00edas disidentes e indisciplinadas (Red de Antropolog\u00edas del Sur)"},"content":{"rendered":"<p>Antropolog\u00edas disidentes e indisciplinadas (Red de Antropolog\u00edas del Sur) est\u00e1 coordinado por <a href=\"mailto:nelitanaro@yahoo.com\">Marianela Stagnaro<\/a>, <a href=\"mailto:fgontijo2@hotmail.com\">Fabi\u00e1n Gontijo<\/a>, <a href=\"mailto:estevaofernandes@gmail.com\">Est\u00eav\u0101o Fernandes<\/a>, <a href=\"mailto:warikato@gmail.com\" target=\"_blank\" rel=\"noopener\">Javier R. Romero<\/a>, <a href=\"mailto:mafegonzalez@usc.edu,co\" target=\"_blank\" rel=\"noopener\">Mar\u00eda Fernanda Gonz\u00e1lez<\/a>, <a href=\"mailto:lucypellecer@gmail.com\" target=\"_blank\" rel=\"noopener\">Luc\u00eda Pellecer<\/a>, <a href=\"mailto:giovannagasparello@hotmail.com\" target=\"_blank\" rel=\"noopener\">Giovanna Gasparello<\/a> y\u00a0<a href=\"mailto:annelmejias@gmail.com\" target=\"_blank\" rel=\"noopener\">Annel Mej\u00edas Guiza<\/a><\/p>\n<p><strong>Presentaci\u00f3n<\/strong><\/p>\n<p>Al contribuir en profundizar el debate sobre las antropolog\u00edas de la regi\u00f3n y reafirmar una noci\u00f3n identitaria sobre las pr\u00e1cticas situadas en Am\u00e9rica Latina y el Caribe, el Grupo de Trabajo de la Asociaci\u00f3n Latinoamericana de Antropolog\u00eda (ALA) sobre antropolog\u00edas disidentes e indisciplinadas busca conocer, profundizar y sistematizar los aportes de esas antropolog\u00edas latinoamericanas y caribe\u00f1as consideradas no-antropolog\u00edas, perif\u00e9ricas, subalternizadas, pero a su vez disidentes, disruptivas, creativas, indisciplinadas de ese \u201csentido com\u00fan disciplinario\u201d&#8230; las llamadas antropolog\u00edas propias o del sur. Aspiramos a crear un tejido de intercambio e integraci\u00f3n, bien sea en grupos de investigaci\u00f3n o de trabajo y redes, para reflexionar sobre c\u00f3mo, por qu\u00e9 y para qu\u00e9 lo hacemos, deliberando sobre esas pr\u00e1cticas antropol\u00f3gicas concretas que creativamente han respondido a las urgencias de las realidades tan dis\u00edmiles, desiguales y complejas en nuestros pa\u00edses. Este Grupo de Trabajo est\u00e1 conformado por miembros de tres organizaciones ALA: Associa\u00e7\u00e3o Brasileira de Antropologia (ABA), Red Centroamericana de Antropolog\u00eda y Red de Antropolog\u00edas del Sur, con su locus de enunciaci\u00f3n en siete pa\u00edses de Am\u00e9rica Latina: M\u00e9xico, Guatemala, Colombia, Venezuela, Brasil, Bolivia y Argentina.<\/p>\n<p>Nos planteamos los siguientes objetivos:<\/p>\n<ul>\n<li>Visibilizar las antropolog\u00edas disidentes e indisciplinadas de Am\u00e9rica Latina y del Caribe.<\/li>\n<li>Debatir sobre la geopol\u00edtica del conocimiento y sus tecnolog\u00edas de biopoder que hegemoniza algunas comunidades antropol\u00f3gicas y subalterniza otras, invisibiliz\u00e1ndolas y neg\u00e1ndolas.<\/li>\n<li>Construir las genealog\u00edas de las antropolog\u00edas disidentes e indisciplinadas y sus principales exponentes, autores\/as y practicantes en los pa\u00edses de las\/os\/es integrantes del GT.<\/li>\n<li>Crear una red de intercambio e integraci\u00f3n de esas antropolog\u00edas latinoamericanas y caribe\u00f1as consideradas disidentes e indisciplinadas, ll\u00e1mense no-antropolog\u00eda, perif\u00e9ricas, subalternizadas, disruptivas, creativas, indisciplinadas, nativas, situadas, propias o del sur.<\/li>\n<\/ul>\n<h3>Informes del GT<\/h3>\n<p><strong><a href=\"https:\/\/asociacionlatinoamericanadeantropologia.net\/portal\/wp-content\/uploads\/2022\/10\/Informe-GT-Antropologias-disidentes-e-indisciplinadas-1.pdf\">Informe de actividades 2021-2022<\/a><\/strong><\/p>\n<a href=\"https:\/\/asociacionlatinoamericanadeantropologia.net\/portal\/wp-content\/uploads\/2022\/10\/Informe-GT-Antropologias-disidentes-e-indisciplinadas-1.pdf\" class=\"pdfemb-viewer\" style=\"width:450px;height:580px;\" data-width=\"450\" data-height=\"580\" data-toolbar=\"both\" data-toolbar-fixed=\"on\">Informe GT Antropolog\u00edas disidentes e indisciplinadas (1)<\/a>\n<p>&nbsp;<\/p>\n<p>&nbsp;<\/p>\n<p><strong><a href=\"https:\/\/asociacionlatinoamericanadeantropologia.net\/portal\/wp-content\/uploads\/2024\/03\/GT3-IA-2023.pdf\" target=\"_blank\" rel=\"noopener\">Informe de actividades 2023<\/a><\/strong><\/p>\n<a href=\"https:\/\/asociacionlatinoamericanadeantropologia.net\/portal\/wp-content\/uploads\/2024\/03\/GT3-IA-2023.pdf\" class=\"pdfemb-viewer\" style=\"width:450px;height:580px;\" data-width=\"450\" data-height=\"580\" data-toolbar=\"both\" data-toolbar-fixed=\"on\">Informe GT Antropolog\u00edas disidentes e indisciplinadas 2023<\/a>\n","protected":false},"excerpt":{"rendered":"<p>Antropolog\u00edas disidentes e indisciplinadas (Red de Antropolog\u00edas del Sur) est\u00e1 coordinado por Marianela Stagnaro, Fabi\u00e1n Gontijo, Est\u00eav\u0101o Fernandes, Javier R. Romero, Mar\u00eda Fernanda Gonz\u00e1lez, Luc\u00eda Pellecer, Giovanna Gasparello y\u00a0Annel Mej\u00edas Guiza Presentaci\u00f3n Al contribuir en profundizar el debate sobre las antropolog\u00edas de la regi\u00f3n y reafirmar una noci\u00f3n identitaria sobre las pr\u00e1cticas situadas en Am\u00e9rica &hellip;<\/p>\n<p class=\"read-more\"> <a class=\"\" href=\"https:\/\/asociacionlatinoamericanadeantropologia.net\/portal\/antropologias-disidentes-e-indisciplinadas\/\"> <span class=\"screen-reader-text\">GT Antropolog\u00edas disidentes e indisciplinadas (Red de Antropolog\u00edas del Sur)<\/span> Leer m\u00e1s &raquo;<\/a><\/p>\n","protected":false},"author":2,"featured_media":0,"parent":0,"menu_order":0,"comment_status":"closed","ping_status":"closed","template":"","meta":{"site-sidebar-layout":"default","site-content-layout":"default","ast-main-header-display":"","ast-hfb-above-header-display":"","ast-hfb-below-header-display":"","ast-hfb-mobile-header-display":"","site-post-title":"","ast-breadcrumbs-content":"","ast-featured-img":"","footer-sml-layout":"","theme-transparent-header-meta":"default","adv-header-id-meta":"","stick-header-meta":"","header-above-stick-meta":"","header-main-stick-meta":"","header-below-stick-meta":"","footnotes":""},"categories":[8],"tags":[],"class_list":["post-672","page","type-page","status-publish","hentry","category-grupos-de-trabajo"],"_links":{"self":[{"href":"https:\/\/asociacionlatinoamericanadeantropologia.net\/portal\/wp-json\/wp\/v2\/pages\/672","targetHints":{"allow":["GET"]}}],"collection":[{"href":"https:\/\/asociacionlatinoamericanadeantropologia.net\/portal\/wp-json\/wp\/v2\/pages"}],"about":[{"href":"https:\/\/asociacionlatinoamericanadeantropologia.net\/portal\/wp-json\/wp\/v2\/types\/page"}],"author":[{"embeddable":true,"href":"https:\/\/asociacionlatinoamericanadeantropologia.net\/portal\/wp-json\/wp\/v2\/users\/2"}],"replies":[{"embeddable":true,"href":"https:\/\/asociacionlatinoamericanadeantropologia.net\/portal\/wp-json\/wp\/v2\/comments?post=672"}],"version-history":[{"count":11,"href":"https:\/\/asociacionlatinoamericanadeantropologia.net\/portal\/wp-json\/wp\/v2\/pages\/672\/revisions"}],"predecessor-version":[{"id":3570,"href":"https:\/\/asociacionlatinoamericanadeantropologia.net\/portal\/wp-json\/wp\/v2\/pages\/672\/revisions\/3570"}],"wp:attachment":[{"href":"https:\/\/asociacionlatinoamericanadeantropologia.net\/portal\/wp-json\/wp\/v2\/media?parent=672"}],"wp:term":[{"taxonomy":"category","embeddable":true,"href":"https:\/\/asociacionlatinoamericanadeantropologia.net\/portal\/wp-json\/wp\/v2\/categories?post=672"},{"taxonomy":"post_tag","embeddable":true,"href":"https:\/\/asociacionlatinoamericanadeantropologia.net\/portal\/wp-json\/wp\/v2\/tags?post=672"}],"curies":[{"name":"wp","href":"https:\/\/api.w.org\/{rel}","templated":true}]}}