{"id":674,"date":"2021-12-18T00:56:08","date_gmt":"2021-12-18T00:56:08","guid":{"rendered":"https:\/\/asociacionlatinoamericanadeantropologia.net\/portal\/?page_id=674"},"modified":"2024-03-26T13:53:24","modified_gmt":"2024-03-26T13:53:24","slug":"antropologia-latinoamericana-del-trabajo","status":"publish","type":"page","link":"https:\/\/asociacionlatinoamericanadeantropologia.net\/portal\/antropologia-latinoamericana-del-trabajo\/","title":{"rendered":"GT Antropolog\u00eda latinoamericana del trabajo"},"content":{"rendered":"<p>El GT Antropolog\u00eda latinoamericana del trabajo es coordinado por <a href=\"mailto:lcapogrossi@yahoo.com.ar\" target=\"_blank\" rel=\"noopener\">Lorena Capogrossi<\/a>, <a href=\"mailto:hernanpalermo@gmail.com\" target=\"_blank\" rel=\"noopener\">Hern\u00e1n Palermo<\/a>, <a href=\"mailto:carlos.leon@uaq.mx\" target=\"_blank\" rel=\"noopener\">Carlos Le\u00f3n Salazar<\/a> y <a href=\"mailto:guillermorosagomez@gmail.com\" target=\"_blank\" rel=\"noopener\">Guillermo Rosa G\u00f3mez<\/a><\/p>\n<p><strong>Presentaci\u00f3n<\/strong><\/p>\n<p>La propuesta de este Grupo de Trabajo tiene como prop\u00f3sito fortalecer l\u00edneas de investigaci\u00f3n que vienen desarrollando diversos investigadores e investigadoras de Am\u00e9rica Latina y el Caribe alrededor de las problem\u00e1ticas del mundo del trabajo. Sobre todo nos interesa focalizar en las significaciones que los trabajadores y las trabajadoras de la regi\u00f3n le otorgan a los trabajos que realizan. Entendemos que estas significaciones, valoraciones y b\u00fasquedas de sentido se encuentran tensionadas por condiciones subjetivas\/simb\u00f3licas y objetivas\/estructurales. En este sentido, nuestro abordaje antropol\u00f3gico permite un acceso particular y privilegiado a la realidad, habilit\u00e1ndonos a trabajar en el nivel de la cotidianeidad, y desde all\u00ed problematizar las condiciones estructurales.<\/p>\n<p>La necesidad de consolidar un Grupo de Trabajo de estas caracter\u00edsticas deviene de un proceso de acumulaci\u00f3n de debates, discusiones y encuentros que venimos generando desde hace m\u00e1s de una d\u00e9cada en torno a la situaci\u00f3n de la clase trabajadora y sus heterog\u00e9neas y complejas problem\u00e1ticas en el mundo contempor\u00e1neo. Tales intercambios han quedado plasmados en Mesas, Simposios y Conferencias en diferentes Congresos, Jornadas y Conversatorios, en producciones conjuntas y en proyectos a mediano y largo plazo.<\/p>\n<h3>Informes del GT<\/h3>\n<p><a href=\"https:\/\/asociacionlatinoamericanadeantropologia.net\/portal\/wp-content\/uploads\/2022\/10\/Informe-GT-Antropologia-Latinoamericana-del-Trabajo.pdf\"><strong>Informe de actividades 2021-2022<\/strong><\/a><\/p>\n<a href=\"https:\/\/asociacionlatinoamericanadeantropologia.net\/portal\/wp-content\/uploads\/2022\/10\/Informe-GT-Antropologia-Latinoamericana-del-Trabajo.pdf\" class=\"pdfemb-viewer\" style=\"width:450px;height:580px;\" data-width=\"450\" data-height=\"580\" data-toolbar=\"both\" data-toolbar-fixed=\"on\">Informe GT Antropolog\u00eda Latinoamericana del Trabajo<\/a>\n<p>&nbsp;<\/p>\n<p><a href=\"https:\/\/asociacionlatinoamericanadeantropologia.net\/portal\/wp-content\/uploads\/2024\/03\/GT4-IA-2023.pdf\" target=\"_blank\" rel=\"noopener\"><strong>Informe de actividades 2023<\/strong><\/a><\/p>\n<a href=\"https:\/\/asociacionlatinoamericanadeantropologia.net\/portal\/wp-content\/uploads\/2024\/03\/GT4-IA-2023.pdf\" class=\"pdfemb-viewer\" style=\"width:450px;height:580px;\" data-width=\"450\" data-height=\"580\" data-toolbar=\"both\" data-toolbar-fixed=\"on\">Informe GT Antropolog\u00eda Latinoamericana del Trabajo 2023<\/a>\n","protected":false},"excerpt":{"rendered":"<p>El GT Antropolog\u00eda latinoamericana del trabajo es coordinado por Lorena Capogrossi, Hern\u00e1n Palermo, Carlos Le\u00f3n Salazar y Guillermo Rosa G\u00f3mez Presentaci\u00f3n La propuesta de este Grupo de Trabajo tiene como prop\u00f3sito fortalecer l\u00edneas de investigaci\u00f3n que vienen desarrollando diversos investigadores e investigadoras de Am\u00e9rica Latina y el Caribe alrededor de las problem\u00e1ticas del mundo del &hellip;<\/p>\n<p class=\"read-more\"> <a class=\"\" href=\"https:\/\/asociacionlatinoamericanadeantropologia.net\/portal\/antropologia-latinoamericana-del-trabajo\/\"> <span class=\"screen-reader-text\">GT Antropolog\u00eda latinoamericana del trabajo<\/span> Leer m\u00e1s &raquo;<\/a><\/p>\n","protected":false},"author":2,"featured_media":0,"parent":0,"menu_order":0,"comment_status":"closed","ping_status":"closed","template":"","meta":{"site-sidebar-layout":"default","site-content-layout":"default","ast-main-header-display":"","ast-hfb-above-header-display":"","ast-hfb-below-header-display":"","ast-hfb-mobile-header-display":"","site-post-title":"","ast-breadcrumbs-content":"","ast-featured-img":"","footer-sml-layout":"","theme-transparent-header-meta":"default","adv-header-id-meta":"","stick-header-meta":"","header-above-stick-meta":"","header-main-stick-meta":"","header-below-stick-meta":"","footnotes":""},"categories":[8],"tags":[],"class_list":["post-674","page","type-page","status-publish","hentry","category-grupos-de-trabajo"],"_links":{"self":[{"href":"https:\/\/asociacionlatinoamericanadeantropologia.net\/portal\/wp-json\/wp\/v2\/pages\/674","targetHints":{"allow":["GET"]}}],"collection":[{"href":"https:\/\/asociacionlatinoamericanadeantropologia.net\/portal\/wp-json\/wp\/v2\/pages"}],"about":[{"href":"https:\/\/asociacionlatinoamericanadeantropologia.net\/portal\/wp-json\/wp\/v2\/types\/page"}],"author":[{"embeddable":true,"href":"https:\/\/asociacionlatinoamericanadeantropologia.net\/portal\/wp-json\/wp\/v2\/users\/2"}],"replies":[{"embeddable":true,"href":"https:\/\/asociacionlatinoamericanadeantropologia.net\/portal\/wp-json\/wp\/v2\/comments?post=674"}],"version-history":[{"count":10,"href":"https:\/\/asociacionlatinoamericanadeantropologia.net\/portal\/wp-json\/wp\/v2\/pages\/674\/revisions"}],"predecessor-version":[{"id":3571,"href":"https:\/\/asociacionlatinoamericanadeantropologia.net\/portal\/wp-json\/wp\/v2\/pages\/674\/revisions\/3571"}],"wp:attachment":[{"href":"https:\/\/asociacionlatinoamericanadeantropologia.net\/portal\/wp-json\/wp\/v2\/media?parent=674"}],"wp:term":[{"taxonomy":"category","embeddable":true,"href":"https:\/\/asociacionlatinoamericanadeantropologia.net\/portal\/wp-json\/wp\/v2\/categories?post=674"},{"taxonomy":"post_tag","embeddable":true,"href":"https:\/\/asociacionlatinoamericanadeantropologia.net\/portal\/wp-json\/wp\/v2\/tags?post=674"}],"curies":[{"name":"wp","href":"https:\/\/api.w.org\/{rel}","templated":true}]}}