{"id":676,"date":"2021-12-18T00:57:33","date_gmt":"2021-12-18T00:57:33","guid":{"rendered":"https:\/\/asociacionlatinoamericanadeantropologia.net\/portal\/?page_id=676"},"modified":"2024-03-26T14:31:22","modified_gmt":"2024-03-26T14:31:22","slug":"el-catalogo-latinoamericano-de-tesis-en-antropologia-social","status":"publish","type":"page","link":"https:\/\/asociacionlatinoamericanadeantropologia.net\/portal\/el-catalogo-latinoamericano-de-tesis-en-antropologia-social\/","title":{"rendered":"GT El cat\u00e1logo latinoamericano de tesis en antropolog\u00eda social"},"content":{"rendered":"<p>GT El cat\u00e1logo latinoamericano de tesis en antropolog\u00eda social est\u00e1 coordinado por <a href=\"mailto:melville.ciesas@gmail.com\" target=\"_blank\" rel=\"noopener\">Roberto Melville<\/a><\/p>\n<p><strong>Presentaci\u00f3n<\/strong><\/p>\n<p>El GT se propone impulsar y promover una perspectiva cosmopolita latinoamericana a nuestra disciplina. Todos sabemos que nuestros trabajos de investigaci\u00f3n, en general, tienen un enfoque local o regional, con referencias acad\u00e9micas a trabajos de los pa\u00edses hegem\u00f3nicos, y s\u00f3lo en una medida menor establecemos referencias y comparaciones con situaciones similares en otros pa\u00edses latinoamericanos. Este marcado particularismo tiene muy variadas razones. Y en este proyecto solamente estamos atacando una de ellas: la ausencia de instrumentos accesibles de b\u00fasqueda de informaci\u00f3n sobre las investigaciones que se realizan en los otros pa\u00edses latinoamericanos.<\/p>\n<p>El proyecto latinoamericano naci\u00f3 de la confianza alcanzada en la elaboraci\u00f3n de un cat\u00e1logo mexicano de tesis de antropolog\u00eda social que desde hace m\u00e1s de 10 a\u00f1os ven\u00eda impulsando la Red Mexicana de Instituciones de Formaci\u00f3n en Antropolog\u00eda (RedMIFA). En 2016 fue posible la colaboraci\u00f3n de las 26 instituciones con programas de antropolog\u00eda, y recopilamos las fichas bibliogr\u00e1ficas de 7373 tesis; en la actualizaci\u00f3n para 2017 se registraron 7900 tesis elaboradas desde 1945 a la fecha. Ahora durante los primeros meses de 2019, emprenderemos la actualizaci\u00f3n de 2018.<\/p>\n<h3>Informes del GT<\/h3>\n<p><a href=\"https:\/\/asociacionlatinoamericanadeantropologia.net\/portal\/wp-content\/uploads\/2022\/10\/Informe-GT-Catalogo-Latinoamericano-de-Tesis-en-Antropologia-Social-1-1.pdf\"><strong>Informe de actividades 2021-2022<\/strong><\/a><\/p>\n<a href=\"https:\/\/asociacionlatinoamericanadeantropologia.net\/portal\/wp-content\/uploads\/2022\/10\/Informe-GT-Catalogo-Latinoamericano-de-Tesis-en-Antropologia-Social-1-1.pdf\" class=\"pdfemb-viewer\" style=\"width:450px;height:580px;\" data-width=\"450\" data-height=\"580\" data-toolbar=\"both\" data-toolbar-fixed=\"on\">Informe GT Cat\u00e1logo Latinoamericano de Tesis en Antropolog\u00eda Social (1) (1)<\/a>\n","protected":false},"excerpt":{"rendered":"<p>GT El cat\u00e1logo latinoamericano de tesis en antropolog\u00eda social est\u00e1 coordinado por Roberto Melville Presentaci\u00f3n El GT se propone impulsar y promover una perspectiva cosmopolita latinoamericana a nuestra disciplina. Todos sabemos que nuestros trabajos de investigaci\u00f3n, en general, tienen un enfoque local o regional, con referencias acad\u00e9micas a trabajos de los pa\u00edses hegem\u00f3nicos, y s\u00f3lo &hellip;<\/p>\n<p class=\"read-more\"> <a class=\"\" href=\"https:\/\/asociacionlatinoamericanadeantropologia.net\/portal\/el-catalogo-latinoamericano-de-tesis-en-antropologia-social\/\"> <span class=\"screen-reader-text\">GT El cat\u00e1logo latinoamericano de tesis en antropolog\u00eda social<\/span> Leer m\u00e1s &raquo;<\/a><\/p>\n","protected":false},"author":2,"featured_media":0,"parent":0,"menu_order":0,"comment_status":"closed","ping_status":"closed","template":"","meta":{"site-sidebar-layout":"default","site-content-layout":"default","ast-main-header-display":"","ast-hfb-above-header-display":"","ast-hfb-below-header-display":"","ast-hfb-mobile-header-display":"","site-post-title":"","ast-breadcrumbs-content":"","ast-featured-img":"","footer-sml-layout":"","theme-transparent-header-meta":"default","adv-header-id-meta":"","stick-header-meta":"","header-above-stick-meta":"","header-main-stick-meta":"","header-below-stick-meta":"","footnotes":""},"categories":[8],"tags":[],"class_list":["post-676","page","type-page","status-publish","hentry","category-grupos-de-trabajo"],"_links":{"self":[{"href":"https:\/\/asociacionlatinoamericanadeantropologia.net\/portal\/wp-json\/wp\/v2\/pages\/676","targetHints":{"allow":["GET"]}}],"collection":[{"href":"https:\/\/asociacionlatinoamericanadeantropologia.net\/portal\/wp-json\/wp\/v2\/pages"}],"about":[{"href":"https:\/\/asociacionlatinoamericanadeantropologia.net\/portal\/wp-json\/wp\/v2\/types\/page"}],"author":[{"embeddable":true,"href":"https:\/\/asociacionlatinoamericanadeantropologia.net\/portal\/wp-json\/wp\/v2\/users\/2"}],"replies":[{"embeddable":true,"href":"https:\/\/asociacionlatinoamericanadeantropologia.net\/portal\/wp-json\/wp\/v2\/comments?post=676"}],"version-history":[{"count":8,"href":"https:\/\/asociacionlatinoamericanadeantropologia.net\/portal\/wp-json\/wp\/v2\/pages\/676\/revisions"}],"predecessor-version":[{"id":3591,"href":"https:\/\/asociacionlatinoamericanadeantropologia.net\/portal\/wp-json\/wp\/v2\/pages\/676\/revisions\/3591"}],"wp:attachment":[{"href":"https:\/\/asociacionlatinoamericanadeantropologia.net\/portal\/wp-json\/wp\/v2\/media?parent=676"}],"wp:term":[{"taxonomy":"category","embeddable":true,"href":"https:\/\/asociacionlatinoamericanadeantropologia.net\/portal\/wp-json\/wp\/v2\/categories?post=676"},{"taxonomy":"post_tag","embeddable":true,"href":"https:\/\/asociacionlatinoamericanadeantropologia.net\/portal\/wp-json\/wp\/v2\/tags?post=676"}],"curies":[{"name":"wp","href":"https:\/\/api.w.org\/{rel}","templated":true}]}}