{"id":683,"date":"2021-12-18T01:02:15","date_gmt":"2021-12-18T01:02:15","guid":{"rendered":"https:\/\/asociacionlatinoamericanadeantropologia.net\/portal\/?page_id=683"},"modified":"2022-06-20T13:02:18","modified_gmt":"2022-06-20T13:02:18","slug":"la-covid-19-en-america-latina-y-caribe","status":"publish","type":"page","link":"https:\/\/asociacionlatinoamericanadeantropologia.net\/portal\/la-covid-19-en-america-latina-y-caribe\/","title":{"rendered":"GT La Covid-19 en Am\u00e9rica Latina y el Caribe"},"content":{"rendered":"<p>El GT La Covid-19 en Am\u00e9rica Latina y el Caribe es coordinado por <a href=\"mailto:jeansegata@gmail.com\" target=\"_blank\" rel=\"noopener\">Jean Segata<\/a><\/p>\n<p><strong>Presentaci\u00f3n<\/strong><\/p>\n<p>Este Grupo de Trabajo re\u00fane investigadoras y investigadores con experiencia en investigaci\u00f3n en diferentes temas y contextos, como los trabajadores de la salud, los migrantes, los ancianos, los ind\u00edgenas y quilombolas y sus muy diferentes y desiguales condiciones de riesgo, vulnerabilidad o cuidado &#8211; incluso el acceso a vacunas, tratamientos para las secuelas de la enfermedad y las luchas por derechos y reparaci\u00f3n. Adem\u00e1s, la experiencia del equipo se cruza con otros temas de inter\u00e9s en diversos campos de investigaci\u00f3n, tales como antropolog\u00eda m\u00e9dica y de la salud, estudios entre humanos y animales, g\u00e9nero, feminismo, etnicidad y racismo, globalizaci\u00f3n, degradaci\u00f3n ambiental, cambio clim\u00e1tico y los des\u00f3rdenes sociales, econ\u00f3micos relacionados.<\/p>\n<p>As\u00ed, este Grupo de Trabajo se pregunta c\u00f3mo podemos ampliar nuestra mirada a una pandemia de Covid-19 no \u201ccentrada en el coronavirus\u201d y c\u00f3mo considerar geograf\u00edas desiguales, injusticias sociales, ecolog\u00edas no saludables emergentes o la historia de epidemias\/pandemias pasadas para comprender nuestra situaci\u00f3n actual (y futura).<\/p>\n<p>Especialmente queremos presentar una perspectiva decolonial, latinoamericana y caribe\u00f1a sobre la Covid-19 a partir de casos etnogr\u00e1ficos que subvencionan respuestas cr\u00edticas y acciones comprometidas con nuestras diferentes realidades.<\/p>\n","protected":false},"excerpt":{"rendered":"<p>El GT La Covid-19 en Am\u00e9rica Latina y el Caribe es coordinado por Jean Segata Presentaci\u00f3n Este Grupo de Trabajo re\u00fane investigadoras y investigadores con experiencia en investigaci\u00f3n en diferentes temas y contextos, como los trabajadores de la salud, los migrantes, los ancianos, los ind\u00edgenas y quilombolas y sus muy diferentes y desiguales condiciones de &hellip;<\/p>\n<p class=\"read-more\"> <a class=\"\" href=\"https:\/\/asociacionlatinoamericanadeantropologia.net\/portal\/la-covid-19-en-america-latina-y-caribe\/\"> <span class=\"screen-reader-text\">GT La Covid-19 en Am\u00e9rica Latina y el Caribe<\/span> Leer m\u00e1s &raquo;<\/a><\/p>\n","protected":false},"author":2,"featured_media":0,"parent":0,"menu_order":0,"comment_status":"closed","ping_status":"closed","template":"","meta":{"site-sidebar-layout":"default","site-content-layout":"default","ast-main-header-display":"","ast-hfb-above-header-display":"","ast-hfb-below-header-display":"","ast-hfb-mobile-header-display":"","site-post-title":"","ast-breadcrumbs-content":"","ast-featured-img":"","footer-sml-layout":"","theme-transparent-header-meta":"default","adv-header-id-meta":"","stick-header-meta":"","header-above-stick-meta":"","header-main-stick-meta":"","header-below-stick-meta":"","footnotes":""},"categories":[8],"tags":[],"class_list":["post-683","page","type-page","status-publish","hentry","category-grupos-de-trabajo"],"_links":{"self":[{"href":"https:\/\/asociacionlatinoamericanadeantropologia.net\/portal\/wp-json\/wp\/v2\/pages\/683","targetHints":{"allow":["GET"]}}],"collection":[{"href":"https:\/\/asociacionlatinoamericanadeantropologia.net\/portal\/wp-json\/wp\/v2\/pages"}],"about":[{"href":"https:\/\/asociacionlatinoamericanadeantropologia.net\/portal\/wp-json\/wp\/v2\/types\/page"}],"author":[{"embeddable":true,"href":"https:\/\/asociacionlatinoamericanadeantropologia.net\/portal\/wp-json\/wp\/v2\/users\/2"}],"replies":[{"embeddable":true,"href":"https:\/\/asociacionlatinoamericanadeantropologia.net\/portal\/wp-json\/wp\/v2\/comments?post=683"}],"version-history":[{"count":6,"href":"https:\/\/asociacionlatinoamericanadeantropologia.net\/portal\/wp-json\/wp\/v2\/pages\/683\/revisions"}],"predecessor-version":[{"id":1896,"href":"https:\/\/asociacionlatinoamericanadeantropologia.net\/portal\/wp-json\/wp\/v2\/pages\/683\/revisions\/1896"}],"wp:attachment":[{"href":"https:\/\/asociacionlatinoamericanadeantropologia.net\/portal\/wp-json\/wp\/v2\/media?parent=683"}],"wp:term":[{"taxonomy":"category","embeddable":true,"href":"https:\/\/asociacionlatinoamericanadeantropologia.net\/portal\/wp-json\/wp\/v2\/categories?post=683"},{"taxonomy":"post_tag","embeddable":true,"href":"https:\/\/asociacionlatinoamericanadeantropologia.net\/portal\/wp-json\/wp\/v2\/tags?post=683"}],"curies":[{"name":"wp","href":"https:\/\/api.w.org\/{rel}","templated":true}]}}