{"id":690,"date":"2021-12-18T01:09:32","date_gmt":"2021-12-18T01:09:32","guid":{"rendered":"https:\/\/asociacionlatinoamericanadeantropologia.net\/portal\/?page_id=690"},"modified":"2024-12-13T17:21:09","modified_gmt":"2024-12-13T17:21:09","slug":"tecnica-conocimiento-y-poder","status":"publish","type":"page","link":"https:\/\/asociacionlatinoamericanadeantropologia.net\/portal\/tecnica-conocimiento-y-poder\/","title":{"rendered":"GT T\u00e9cnica, conocimiento y poder"},"content":{"rendered":"<p>El GT T\u00e9cnica, conocimiento y poder es coordinado por <a href=\"mailto:fabiomura64@gmail.com\" target=\"_blank\" rel=\"noopener\">Fabio Mura<\/a>, <a href=\"mailto:apadawer66@gmail.com\" target=\"_blank\" rel=\"noopener\">Ana Padawer<\/a>, <a href=\"mailto:gacha@arnet.com.ar\" target=\"_blank\" rel=\"noopener\">Gabriela Schiavoni<\/a>, <a href=\"mailto:sebastian.carenzo@gmail.com\" target=\"_blank\" rel=\"noopener\">Sebasti\u00e1n Carenzo<\/a> y <span data-sheets-root=\"1\">Alessandro Oliveira<\/span><\/p>\n<p><strong>Presentaci\u00f3n<\/strong><\/p>\n<p>El presente Grupo de Trabajo re\u00fane investigadores\/as que trabajan sobre las relaciones entre los hechos t\u00e9cnicos, el dise\u00f1o, y la producci\u00f3n de conocimientos relacionados con las habilidades pr\u00e1cticas en la vida social, as\u00ed como los efectos de poder que de estas relaciones resultan.<\/p>\n<p>Nos interesan principalmente las acciones sobre los materiales y la tecnicidad del trabajo; los gestos, ritmos y actividades que permiten la formaci\u00f3n de cadenas operatorias; la agencia de los no-humanos; las formas de conocimiento situadas y los v\u00ednculos mente-cuerpo-ambiente involucrados en el hecho t\u00e9cnico; la circulaci\u00f3n de materiales y objetos t\u00e9cnicos; las redes sociot\u00e9cnicas y las transformaciones que \u00e9stas generan; las consecuencias metodol\u00f3gicas de la superaci\u00f3n de los diferentes dualismos (material\/inmaterial; acci\u00f3n\/representaci\u00f3n; naturaleza\/cultura; sujeto\/objeto; y otros semejantes), tales como el desplazamiento de la thick a la thin description, el privilegio de la observaci\u00f3n y la descripci\u00f3n de lo concreto en la consideraci\u00f3n de los no humanos como sujetos etnogr\u00e1ficos.<\/p>\n<p>El GT pretende debatir la centralidad de los procesos t\u00e9cnicos dando vida y siendo a la vez el resultado de las pr\u00e1cticas sociales. Tomando como punto de partida la cl\u00e1sica definici\u00f3n de la t\u00e9cnica como \u201cacto tradicional eficaz\u201d ofrecida por M. Mauss, la intenci\u00f3n es considerar las habilidades y actividades como constitutivas de procesos de formaci\u00f3n y transformaci\u00f3n de tradiciones de conocimiento espec\u00edficas, las que conforman a su vez relaciones e interacciones de estatus diferenciados. En este sentido, las pr\u00e1cticas sociales involucran inevitablemente procesos de aprendizaje, cuyas caracter\u00edsticas se revelan fundamentales para el an\u00e1lisis sociot\u00e9cnico.<\/p>\n<p>Entendiendo el saber-hacer como una conquista sociot\u00e9cnica en permanente renovaci\u00f3n, proponemos discutir la visi\u00f3n hegem\u00f3nica que define los hechos t\u00e9cnicos en t\u00e9rminos utilitaristas, o bien como un mero epifen\u00f3meno de pr\u00e1cticas rutinarias. Ciertos binarismos conducen a que los procesos t\u00e9cnicos sean analizados en el marco de oposiciones entre lo moderno\/arcaico, refinado\/r\u00fastico, avanzado\/atrasado, reconstruyendo las capacidades humanas como si estas evolucionaran de forma lineal desde lo simple a lo complejo.<\/p>\n<p>Tambi\u00e9n procuramos debatir con ciertas reacciones a estas posiciones cientificistas dominantes, ya que conducen a visiones romantizadas de los hechos t\u00e9cnicos como propios de un pasado id\u00edlico de relaciones humanas con la naturaleza a la cual la humanidad deber\u00eda regresar, o en otras versiones, ser considerados como inmanentes y por lo tanto independientes de las experiencias concretas que le dan vida. Contrariamente, en el GT procuramos destacar los procesos de ontog\u00e9nesis de las actividades t\u00e9cnicas, a partir de contextos socio-ecol\u00f3gico-territoriales, situaciones hist\u00f3ricas y relaciones de poder espec\u00edficas, movilizadas por las habilidades e intencionalidades de los sujetos sociales.<\/p>\n<h3>Informes del GT<\/h3>\n<p><strong><a href=\"https:\/\/asociacionlatinoamericanadeantropologia.net\/portal\/wp-content\/uploads\/2022\/10\/Informe-GT-Tecnica-conocimiento-y-poder.pdf\">Informe de actividades 2021-2022<\/a><\/strong><\/p>\n<a href=\"https:\/\/asociacionlatinoamericanadeantropologia.net\/portal\/wp-content\/uploads\/2022\/10\/Informe-GT-Tecnica-conocimiento-y-poder.pdf\" class=\"pdfemb-viewer\" style=\"width:450px;height:580px;\" data-width=\"450\" data-height=\"580\" data-toolbar=\"both\" data-toolbar-fixed=\"on\">Informe GT T\u00e8cnica, conocimiento y poder<\/a>\n<p>&nbsp;<\/p>\n<p><a href=\"https:\/\/asociacionlatinoamericanadeantropologia.net\/portal\/wp-content\/uploads\/2024\/03\/GT11-IA-2023.pdf\" target=\"_blank\" rel=\"noopener\"><strong>Informe de actividades 2023<\/strong><\/a><\/p>\n<a href=\"https:\/\/asociacionlatinoamericanadeantropologia.net\/portal\/wp-content\/uploads\/2024\/03\/GT11-IA-2023.pdf\" class=\"pdfemb-viewer\" style=\"width:450px;height:580px;\" data-width=\"450\" data-height=\"580\" data-toolbar=\"both\" data-toolbar-fixed=\"on\">Informe GT T\u00e8cnica, conocimiento y poder 2023<\/a>\n","protected":false},"excerpt":{"rendered":"<p>El GT T\u00e9cnica, conocimiento y poder es coordinado por Fabio Mura, Ana Padawer, Gabriela Schiavoni, Sebasti\u00e1n Carenzo y Alessandro Oliveira Presentaci\u00f3n El presente Grupo de Trabajo re\u00fane investigadores\/as que trabajan sobre las relaciones entre los hechos t\u00e9cnicos, el dise\u00f1o, y la producci\u00f3n de conocimientos relacionados con las habilidades pr\u00e1cticas en la vida social, as\u00ed como &hellip;<\/p>\n<p class=\"read-more\"> <a class=\"\" href=\"https:\/\/asociacionlatinoamericanadeantropologia.net\/portal\/tecnica-conocimiento-y-poder\/\"> <span class=\"screen-reader-text\">GT T\u00e9cnica, conocimiento y poder<\/span> Leer m\u00e1s &raquo;<\/a><\/p>\n","protected":false},"author":2,"featured_media":0,"parent":0,"menu_order":0,"comment_status":"closed","ping_status":"closed","template":"","meta":{"site-sidebar-layout":"default","site-content-layout":"default","ast-main-header-display":"","ast-hfb-above-header-display":"","ast-hfb-below-header-display":"","ast-hfb-mobile-header-display":"","site-post-title":"","ast-breadcrumbs-content":"","ast-featured-img":"","footer-sml-layout":"","theme-transparent-header-meta":"default","adv-header-id-meta":"","stick-header-meta":"","header-above-stick-meta":"","header-main-stick-meta":"","header-below-stick-meta":"","footnotes":""},"categories":[8],"tags":[],"class_list":["post-690","page","type-page","status-publish","hentry","category-grupos-de-trabajo"],"_links":{"self":[{"href":"https:\/\/asociacionlatinoamericanadeantropologia.net\/portal\/wp-json\/wp\/v2\/pages\/690","targetHints":{"allow":["GET"]}}],"collection":[{"href":"https:\/\/asociacionlatinoamericanadeantropologia.net\/portal\/wp-json\/wp\/v2\/pages"}],"about":[{"href":"https:\/\/asociacionlatinoamericanadeantropologia.net\/portal\/wp-json\/wp\/v2\/types\/page"}],"author":[{"embeddable":true,"href":"https:\/\/asociacionlatinoamericanadeantropologia.net\/portal\/wp-json\/wp\/v2\/users\/2"}],"replies":[{"embeddable":true,"href":"https:\/\/asociacionlatinoamericanadeantropologia.net\/portal\/wp-json\/wp\/v2\/comments?post=690"}],"version-history":[{"count":9,"href":"https:\/\/asociacionlatinoamericanadeantropologia.net\/portal\/wp-json\/wp\/v2\/pages\/690\/revisions"}],"predecessor-version":[{"id":4101,"href":"https:\/\/asociacionlatinoamericanadeantropologia.net\/portal\/wp-json\/wp\/v2\/pages\/690\/revisions\/4101"}],"wp:attachment":[{"href":"https:\/\/asociacionlatinoamericanadeantropologia.net\/portal\/wp-json\/wp\/v2\/media?parent=690"}],"wp:term":[{"taxonomy":"category","embeddable":true,"href":"https:\/\/asociacionlatinoamericanadeantropologia.net\/portal\/wp-json\/wp\/v2\/categories?post=690"},{"taxonomy":"post_tag","embeddable":true,"href":"https:\/\/asociacionlatinoamericanadeantropologia.net\/portal\/wp-json\/wp\/v2\/tags?post=690"}],"curies":[{"name":"wp","href":"https:\/\/api.w.org\/{rel}","templated":true}]}}