{"id":692,"date":"2021-12-18T01:10:50","date_gmt":"2021-12-18T01:10:50","guid":{"rendered":"https:\/\/asociacionlatinoamericanadeantropologia.net\/portal\/?page_id=692"},"modified":"2024-12-13T17:20:48","modified_gmt":"2024-12-13T17:20:48","slug":"infancias-y-alteridades-en-america-latina","status":"publish","type":"page","link":"https:\/\/asociacionlatinoamericanadeantropologia.net\/portal\/infancias-y-alteridades-en-america-latina\/","title":{"rendered":"GT Infancias y alteridades en Am\u00e9rica Latina"},"content":{"rendered":"<p>El GT Infancias y alteridades en Am\u00e9rica Latina es coordinado por Fernanda Bittencour Ribeiro, <span data-sheets-root=\"1\">Andrea Szulc<\/span> y Ana Luz Minera Castillo.<\/p>\n<p><strong>Presentaci\u00f3n<\/strong><\/p>\n<p>Quienes proponemos este GT venimos participando activamente de esos debates, en el marco de sucesivos simposios, grupos de trabajo y mesas redondas en los congresos de la Asociaci\u00f3n Latinoamericana de Antropolog\u00eda y en otros eventos y publicaciones elaboradas en colaboraci\u00f3n, como podr\u00e1n observar en los antecedentes que adjuntamos. Desde hace bastante tiempo investigamos e intercambiamos conocimiento antropol\u00f3gico sobre diversas y desiguales infancias en diferentes \u00e1mbitos, tanto en contexto rurales como urbanos, en entornos familiares, comunitarios e institucionales, sobre y junto a infancias ind\u00edgenas, campesinas, gitanas, migrantes, afrodescendientes y de otros sectores vulnerados de nuestras\u00a0sociedades. Nos proponemos continuar avanzando en nuestro trabajo conjunto, siempre atentas a los ejes que atraviesan transversalmente los casos en que cada una investiga, sin dejar de considerar c\u00f3mo inciden las diferentes realidades nacionales y sus trayectorias hist\u00f3ricas en relaci\u00f3n con las infancias y las alteridades.<\/p>\n<ol>\n<li>Afianzar la red de intercambio que venimos conformando entre investigadoras dedicadas a tem\u00e1ticas de infancias y alteridades en Am\u00e9rica Latina.<\/li>\n<li>Aunar esfuerzos para visibilizar este campo de estudios que viene creciendo, de manera interdisciplinaria, fuertemente en todo el mundo.<\/li>\n<li>Aportar una perspectiva antropol\u00f3gica latinoamericana a los estudios sobre infancias.<\/li>\n<li>Generar productos acad\u00e9micos y de divulgaci\u00f3n sobre la diversidad y desigualdad de las infancias en Am\u00e9rica Latina.<\/li>\n<\/ol>\n<h3>Informes del GT<\/h3>\n<p><strong><a href=\"https:\/\/asociacionlatinoamericanadeantropologia.net\/portal\/wp-content\/uploads\/2022\/10\/INFORME-ANUAL-GT-INFANCIAS-y-ALTERIDADES-EN-AMERICA-LATINA.pdf\">Informe de actividades 2021-2022<\/a><\/strong><\/p>\n<a href=\"https:\/\/asociacionlatinoamericanadeantropologia.net\/portal\/wp-content\/uploads\/2022\/10\/INFORME-ANUAL-GT-INFANCIAS-y-ALTERIDADES-EN-AMERICA-LATINA.pdf\" class=\"pdfemb-viewer\" style=\"width:450px;height:580px;\" data-width=\"450\" data-height=\"580\" data-toolbar=\"both\" data-toolbar-fixed=\"on\">INFORME ANUAL GT INFANCIAS y ALTERIDADES EN AM\u00c9RICA LATINA<\/a>\n<p>&nbsp;<\/p>\n<p><a href=\"https:\/\/asociacionlatinoamericanadeantropologia.net\/portal\/wp-content\/uploads\/2024\/03\/GT12-IA-2023.pdf\" target=\"_blank\" rel=\"noopener\"><strong>Informe de actividades 2023<\/strong><\/a><\/p>\n<a href=\"https:\/\/asociacionlatinoamericanadeantropologia.net\/portal\/wp-content\/uploads\/2024\/03\/GT12-IA-2023.pdf\" class=\"pdfemb-viewer\" style=\"width:450px;height:580px;\" data-width=\"450\" data-height=\"580\" data-toolbar=\"both\" data-toolbar-fixed=\"on\">Informe anual GT Infancias y alteridades 2023<\/a>\n","protected":false},"excerpt":{"rendered":"<p>El GT Infancias y alteridades en Am\u00e9rica Latina es coordinado por Fernanda Bittencour Ribeiro, Andrea Szulc y Ana Luz Minera Castillo. Presentaci\u00f3n Quienes proponemos este GT venimos participando activamente de esos debates, en el marco de sucesivos simposios, grupos de trabajo y mesas redondas en los congresos de la Asociaci\u00f3n Latinoamericana de Antropolog\u00eda y en &hellip;<\/p>\n<p class=\"read-more\"> <a class=\"\" href=\"https:\/\/asociacionlatinoamericanadeantropologia.net\/portal\/infancias-y-alteridades-en-america-latina\/\"> <span class=\"screen-reader-text\">GT Infancias y alteridades en Am\u00e9rica Latina<\/span> Leer m\u00e1s &raquo;<\/a><\/p>\n","protected":false},"author":2,"featured_media":0,"parent":0,"menu_order":0,"comment_status":"closed","ping_status":"closed","template":"","meta":{"site-sidebar-layout":"default","site-content-layout":"default","ast-main-header-display":"","ast-hfb-above-header-display":"","ast-hfb-below-header-display":"","ast-hfb-mobile-header-display":"","site-post-title":"","ast-breadcrumbs-content":"","ast-featured-img":"","footer-sml-layout":"","theme-transparent-header-meta":"default","adv-header-id-meta":"","stick-header-meta":"","header-above-stick-meta":"","header-main-stick-meta":"","header-below-stick-meta":"","footnotes":""},"categories":[8],"tags":[],"class_list":["post-692","page","type-page","status-publish","hentry","category-grupos-de-trabajo"],"_links":{"self":[{"href":"https:\/\/asociacionlatinoamericanadeantropologia.net\/portal\/wp-json\/wp\/v2\/pages\/692","targetHints":{"allow":["GET"]}}],"collection":[{"href":"https:\/\/asociacionlatinoamericanadeantropologia.net\/portal\/wp-json\/wp\/v2\/pages"}],"about":[{"href":"https:\/\/asociacionlatinoamericanadeantropologia.net\/portal\/wp-json\/wp\/v2\/types\/page"}],"author":[{"embeddable":true,"href":"https:\/\/asociacionlatinoamericanadeantropologia.net\/portal\/wp-json\/wp\/v2\/users\/2"}],"replies":[{"embeddable":true,"href":"https:\/\/asociacionlatinoamericanadeantropologia.net\/portal\/wp-json\/wp\/v2\/comments?post=692"}],"version-history":[{"count":9,"href":"https:\/\/asociacionlatinoamericanadeantropologia.net\/portal\/wp-json\/wp\/v2\/pages\/692\/revisions"}],"predecessor-version":[{"id":4099,"href":"https:\/\/asociacionlatinoamericanadeantropologia.net\/portal\/wp-json\/wp\/v2\/pages\/692\/revisions\/4099"}],"wp:attachment":[{"href":"https:\/\/asociacionlatinoamericanadeantropologia.net\/portal\/wp-json\/wp\/v2\/media?parent=692"}],"wp:term":[{"taxonomy":"category","embeddable":true,"href":"https:\/\/asociacionlatinoamericanadeantropologia.net\/portal\/wp-json\/wp\/v2\/categories?post=692"},{"taxonomy":"post_tag","embeddable":true,"href":"https:\/\/asociacionlatinoamericanadeantropologia.net\/portal\/wp-json\/wp\/v2\/tags?post=692"}],"curies":[{"name":"wp","href":"https:\/\/api.w.org\/{rel}","templated":true}]}}