{"id":694,"date":"2021-12-18T01:11:44","date_gmt":"2021-12-18T01:11:44","guid":{"rendered":"https:\/\/asociacionlatinoamericanadeantropologia.net\/portal\/?page_id=694"},"modified":"2024-03-26T14:14:20","modified_gmt":"2024-03-26T14:14:20","slug":"los-sistemas-cientificos-en-perspectiva-comparada-una-mirada-desde-las-antropologias-latinoamericanas","status":"publish","type":"page","link":"https:\/\/asociacionlatinoamericanadeantropologia.net\/portal\/los-sistemas-cientificos-en-perspectiva-comparada-una-mirada-desde-las-antropologias-latinoamericanas\/","title":{"rendered":"GT Los sistemas cient\u00edficos en perspectiva comparada. Una mirada desde las antropolog\u00edas latinoamericanas"},"content":{"rendered":"<p>El GT Los sistemas cient\u00edficos en perspectiva comparada. Una mirada desde las antropolog\u00edas latinoamericanas es coordinado por <a href=\"mailto:mdperelman@gmail.com\" target=\"_blank\" rel=\"noopener\">Mariano Perelman<\/a><\/p>\n<p><strong>Presentaci\u00f3n<\/strong><\/p>\n<p>El presente Grupo de Trabajo tiene por objetivo principal realizar un mapeo y describir el modo en que est\u00e1n compuestos los sistemas cient\u00edficos en los diferentes pa\u00edses de la regi\u00f3n. Se piensa a los sistemas cient\u00edficos de una forma amplia (esto es, instituciones que lo conforman, derechos y obligaciones, formas de evaluaci\u00f3n, formas de ingreso, escalafones, formas de financiamiento, etc.).<\/p>\n<p>Adem\u00e1s de las Universidades p\u00fablicas y de las agencias estatales centralizadas de investigaci\u00f3n en diferentes pa\u00edses existen universidades privadas, Organizaciones sin Fines de Lucro, etc. que son componentes centrales de este sistema.<\/p>\n<p>El GT busca dar cuenta de las din\u00e1micas y los procesos hist\u00f3ricos locales, es por ello por lo que la indagaci\u00f3n se centrar\u00e1 tanto en las instituciones estatales como en las privadas y en las organizaciones sin fines de lucro respetando y buscando contribuir a mostrar los procesos locales.<\/p>\n<p>Por su parte, entendiendo las particularidades que cada pa\u00eds tiene y los modos en que los sistemas cient\u00edficos contribuyen a las relaciones entre personas, con los sujetos de estudio, con los modos de presentar resultados, etc. el proyecto buscar\u00e1 respetar las propias din\u00e1micas hist\u00f3ricas de cada regi\u00f3n. Es por ello, que adem\u00e1s de las l\u00edneas centrales comunes a todos los pa\u00edses, el proyecto tambi\u00e9n espera reconocer en el propio trabajo de investigaci\u00f3n n\u00facleos anal\u00edticos y procesos particulares.<\/p>\n<p>Como resultado principal el grupo de trabajo se propone la elaboraci\u00f3n de art\u00edculos y de un libro. Adicionalmente, se espera poder generar relaciones con investigadores de otras regiones para ampliar la indagaci\u00f3n a otras regiones.<\/p>\n<p>&nbsp;<\/p>\n<h3>Informes del GT<\/h3>\n<p><a href=\"https:\/\/asociacionlatinoamericanadeantropologia.net\/portal\/wp-content\/uploads\/2024\/03\/GT13-IA-2023.pdf\" target=\"_blank\" rel=\"noopener\"><strong>Informe de actividades 2023<\/strong><\/a><\/p>\n<a href=\"https:\/\/asociacionlatinoamericanadeantropologia.net\/portal\/wp-content\/uploads\/2024\/03\/GT13-IA-2023.pdf\" class=\"pdfemb-viewer\" style=\"width:450px;height:580px;\" data-width=\"450\" data-height=\"580\" data-toolbar=\"both\" data-toolbar-fixed=\"on\">Informe GT Los sistemas cient\u00edficos en perspectiva comparada 2023<\/a>\n","protected":false},"excerpt":{"rendered":"<p>El GT Los sistemas cient\u00edficos en perspectiva comparada. Una mirada desde las antropolog\u00edas latinoamericanas es coordinado por Mariano Perelman Presentaci\u00f3n El presente Grupo de Trabajo tiene por objetivo principal realizar un mapeo y describir el modo en que est\u00e1n compuestos los sistemas cient\u00edficos en los diferentes pa\u00edses de la regi\u00f3n. Se piensa a los sistemas &hellip;<\/p>\n<p class=\"read-more\"> <a class=\"\" href=\"https:\/\/asociacionlatinoamericanadeantropologia.net\/portal\/los-sistemas-cientificos-en-perspectiva-comparada-una-mirada-desde-las-antropologias-latinoamericanas\/\"> <span class=\"screen-reader-text\">GT Los sistemas cient\u00edficos en perspectiva comparada. Una mirada desde las antropolog\u00edas latinoamericanas<\/span> Leer m\u00e1s &raquo;<\/a><\/p>\n","protected":false},"author":2,"featured_media":0,"parent":0,"menu_order":0,"comment_status":"closed","ping_status":"closed","template":"","meta":{"site-sidebar-layout":"default","site-content-layout":"default","ast-main-header-display":"","ast-hfb-above-header-display":"","ast-hfb-below-header-display":"","ast-hfb-mobile-header-display":"","site-post-title":"","ast-breadcrumbs-content":"","ast-featured-img":"","footer-sml-layout":"","theme-transparent-header-meta":"default","adv-header-id-meta":"","stick-header-meta":"","header-above-stick-meta":"","header-main-stick-meta":"","header-below-stick-meta":"","footnotes":""},"categories":[8],"tags":[],"class_list":["post-694","page","type-page","status-publish","hentry","category-grupos-de-trabajo"],"_links":{"self":[{"href":"https:\/\/asociacionlatinoamericanadeantropologia.net\/portal\/wp-json\/wp\/v2\/pages\/694","targetHints":{"allow":["GET"]}}],"collection":[{"href":"https:\/\/asociacionlatinoamericanadeantropologia.net\/portal\/wp-json\/wp\/v2\/pages"}],"about":[{"href":"https:\/\/asociacionlatinoamericanadeantropologia.net\/portal\/wp-json\/wp\/v2\/types\/page"}],"author":[{"embeddable":true,"href":"https:\/\/asociacionlatinoamericanadeantropologia.net\/portal\/wp-json\/wp\/v2\/users\/2"}],"replies":[{"embeddable":true,"href":"https:\/\/asociacionlatinoamericanadeantropologia.net\/portal\/wp-json\/wp\/v2\/comments?post=694"}],"version-history":[{"count":6,"href":"https:\/\/asociacionlatinoamericanadeantropologia.net\/portal\/wp-json\/wp\/v2\/pages\/694\/revisions"}],"predecessor-version":[{"id":3581,"href":"https:\/\/asociacionlatinoamericanadeantropologia.net\/portal\/wp-json\/wp\/v2\/pages\/694\/revisions\/3581"}],"wp:attachment":[{"href":"https:\/\/asociacionlatinoamericanadeantropologia.net\/portal\/wp-json\/wp\/v2\/media?parent=694"}],"wp:term":[{"taxonomy":"category","embeddable":true,"href":"https:\/\/asociacionlatinoamericanadeantropologia.net\/portal\/wp-json\/wp\/v2\/categories?post=694"},{"taxonomy":"post_tag","embeddable":true,"href":"https:\/\/asociacionlatinoamericanadeantropologia.net\/portal\/wp-json\/wp\/v2\/tags?post=694"}],"curies":[{"name":"wp","href":"https:\/\/api.w.org\/{rel}","templated":true}]}}