{"id":705,"date":"2021-12-18T01:21:09","date_gmt":"2021-12-18T01:21:09","guid":{"rendered":"https:\/\/asociacionlatinoamericanadeantropologia.net\/portal\/?page_id=705"},"modified":"2024-03-26T14:21:53","modified_gmt":"2024-03-26T14:21:53","slug":"articulacion-latinoamericana-de-estudiantes-de-antropologia-y-arqueologia","status":"publish","type":"page","link":"https:\/\/asociacionlatinoamericanadeantropologia.net\/portal\/articulacion-latinoamericana-de-estudiantes-de-antropologia-y-arqueologia\/","title":{"rendered":"GT Articulaci\u00f3n latinoamericana de estudiantes de antropolog\u00eda y arqueolog\u00eda (ALEAA)"},"content":{"rendered":"<p>El GT Articulaci\u00f3n latinoamericana de estudiantes de antropolog\u00eda y arqueolog\u00eda (ALEAA) es coordinado por <a href=\"mailto:estudiantes.latamrevistas@gmail.com\" target=\"_blank\" rel=\"noopener\">Laura A. Gonz\u00e1lez Morales<\/a>, Max E. Negrete Gonz\u00e1lez y Tania G.Trujillo Canales<\/p>\n<p><strong>Presentaci\u00f3n<\/strong><\/p>\n<p>La Articulaci\u00f3n Latinoamericana de Estudiantes de Antropolog\u00eda y Arqueolog\u00eda (ALEAA) surge como un espacio que busca congregar a estudiantes latinoamericanos del pregrado y posgrado en antropolog\u00eda y arqueolog\u00eda; con el fin de analizar los programas de la disciplina\u00a0que se imparten en las universidades y entender desde nuestra experiencia como estudiantes\u00a0la formaci\u00f3n de la antropolog\u00eda y la arqueolog\u00eda en Latinoam\u00e9rica.<\/p>\n<p>&nbsp;<\/p>\n<h3>Informes del GT<\/h3>\n<p><strong><a href=\"https:\/\/asociacionlatinoamericanadeantropologia.net\/portal\/wp-content\/uploads\/2022\/10\/Informe-GT-Articulacion-Latinoamericana-Estudiantil-de-Antropologia-y-Arqueologia.pdf\">Informe de actividades 2021-2022<\/a><\/strong><\/p>\n<a href=\"https:\/\/asociacionlatinoamericanadeantropologia.net\/portal\/wp-content\/uploads\/2022\/10\/Informe-GT-Articulacion-Latinoamericana-Estudiantil-de-Antropologia-y-Arqueologia.pdf\" class=\"pdfemb-viewer\" style=\"width:450px;height:580px;\" data-width=\"450\" data-height=\"580\" data-toolbar=\"both\" data-toolbar-fixed=\"on\">Informe GT Articulaci\u00f3n Latinoamericana Estudiantil de Antropolog\u00eda y Arqueolog\u00eda<\/a>\n<p>&nbsp;<\/p>\n<p><a href=\"https:\/\/asociacionlatinoamericanadeantropologia.net\/portal\/wp-content\/uploads\/2024\/03\/GT18-IA-2023.pdf\" target=\"_blank\" rel=\"noopener\"><strong>Informe de actividades 2023<\/strong><\/a><\/p>\n<a href=\"https:\/\/asociacionlatinoamericanadeantropologia.net\/portal\/wp-content\/uploads\/2024\/03\/GT18-IA-2023.pdf\" class=\"pdfemb-viewer\" style=\"width:450px;height:580px;\" data-width=\"450\" data-height=\"580\" data-toolbar=\"both\" data-toolbar-fixed=\"on\">Informe GT Articulaci\u00f3n Latinoamericana Estudiantil de Antropolog\u00eda y Arqueolog\u00eda 2023<\/a>\n","protected":false},"excerpt":{"rendered":"<p>El GT Articulaci\u00f3n latinoamericana de estudiantes de antropolog\u00eda y arqueolog\u00eda (ALEAA) es coordinado por Laura A. Gonz\u00e1lez Morales, Max E. Negrete Gonz\u00e1lez y Tania G.Trujillo Canales Presentaci\u00f3n La Articulaci\u00f3n Latinoamericana de Estudiantes de Antropolog\u00eda y Arqueolog\u00eda (ALEAA) surge como un espacio que busca congregar a estudiantes latinoamericanos del pregrado y posgrado en antropolog\u00eda y arqueolog\u00eda; &hellip;<\/p>\n<p class=\"read-more\"> <a class=\"\" href=\"https:\/\/asociacionlatinoamericanadeantropologia.net\/portal\/articulacion-latinoamericana-de-estudiantes-de-antropologia-y-arqueologia\/\"> <span class=\"screen-reader-text\">GT Articulaci\u00f3n latinoamericana de estudiantes de antropolog\u00eda y arqueolog\u00eda (ALEAA)<\/span> Leer m\u00e1s &raquo;<\/a><\/p>\n","protected":false},"author":2,"featured_media":0,"parent":0,"menu_order":0,"comment_status":"closed","ping_status":"closed","template":"","meta":{"site-sidebar-layout":"default","site-content-layout":"default","ast-main-header-display":"","ast-hfb-above-header-display":"","ast-hfb-below-header-display":"","ast-hfb-mobile-header-display":"","site-post-title":"","ast-breadcrumbs-content":"","ast-featured-img":"","footer-sml-layout":"","theme-transparent-header-meta":"default","adv-header-id-meta":"","stick-header-meta":"","header-above-stick-meta":"","header-main-stick-meta":"","header-below-stick-meta":"","footnotes":""},"categories":[8],"tags":[],"class_list":["post-705","page","type-page","status-publish","hentry","category-grupos-de-trabajo"],"_links":{"self":[{"href":"https:\/\/asociacionlatinoamericanadeantropologia.net\/portal\/wp-json\/wp\/v2\/pages\/705","targetHints":{"allow":["GET"]}}],"collection":[{"href":"https:\/\/asociacionlatinoamericanadeantropologia.net\/portal\/wp-json\/wp\/v2\/pages"}],"about":[{"href":"https:\/\/asociacionlatinoamericanadeantropologia.net\/portal\/wp-json\/wp\/v2\/types\/page"}],"author":[{"embeddable":true,"href":"https:\/\/asociacionlatinoamericanadeantropologia.net\/portal\/wp-json\/wp\/v2\/users\/2"}],"replies":[{"embeddable":true,"href":"https:\/\/asociacionlatinoamericanadeantropologia.net\/portal\/wp-json\/wp\/v2\/comments?post=705"}],"version-history":[{"count":10,"href":"https:\/\/asociacionlatinoamericanadeantropologia.net\/portal\/wp-json\/wp\/v2\/pages\/705\/revisions"}],"predecessor-version":[{"id":3585,"href":"https:\/\/asociacionlatinoamericanadeantropologia.net\/portal\/wp-json\/wp\/v2\/pages\/705\/revisions\/3585"}],"wp:attachment":[{"href":"https:\/\/asociacionlatinoamericanadeantropologia.net\/portal\/wp-json\/wp\/v2\/media?parent=705"}],"wp:term":[{"taxonomy":"category","embeddable":true,"href":"https:\/\/asociacionlatinoamericanadeantropologia.net\/portal\/wp-json\/wp\/v2\/categories?post=705"},{"taxonomy":"post_tag","embeddable":true,"href":"https:\/\/asociacionlatinoamericanadeantropologia.net\/portal\/wp-json\/wp\/v2\/tags?post=705"}],"curies":[{"name":"wp","href":"https:\/\/api.w.org\/{rel}","templated":true}]}}