{"id":707,"date":"2021-12-18T01:22:09","date_gmt":"2021-12-18T01:22:09","guid":{"rendered":"https:\/\/asociacionlatinoamericanadeantropologia.net\/portal\/?page_id=707"},"modified":"2024-03-26T18:59:30","modified_gmt":"2024-03-26T18:59:30","slug":"antropologia-de-las-antropologias-latinoamericanas","status":"publish","type":"page","link":"https:\/\/asociacionlatinoamericanadeantropologia.net\/portal\/antropologia-de-las-antropologias-latinoamericanas\/","title":{"rendered":"GT Antropolog\u00eda de las antropolog\u00edas latinoamericanas (ADALA)"},"content":{"rendered":"<p>El GT Antropolog\u00eda de las antropolog\u00edas latinoamericanas (ADALA) es coordinado por <a href=\"mailto:adala.latinoamerica@gmail.com\" target=\"_blank\" rel=\"noopener\">Esteban Krotz<\/a><\/p>\n<p><strong>Presentaci\u00f3n<\/strong><\/p>\n<p>Se crea el GT ADALA con dos objetivos que se consideran de utilidad para quienes practican\u00a0en la academia y otros espacios profesionales las ciencias antropol\u00f3gicas en Am\u00e9rica Latina y el Caribe, y para aportar puntos de vista latinoamericanos a la discusi\u00f3n antropol\u00f3gica internacional:<\/p>\n<ol>\n<li>Constituir un foro de discusi\u00f3n y mecanismo de colaboraci\u00f3n de antrop\u00f3loga:os dedicada:os al estudio antropol\u00f3gico de las antropolog\u00edas latinoamericanas (sus ideas, instituciones, historias, metodolog\u00edas, epistemes, debates, publicaciones, ejercicio profesional, programas docentes, etc.), identificar temas de inter\u00e9s continental y colaborar para su an\u00e1lisis de conjunto y comparativo.<\/li>\n<li>Reunir y sistematizar informaci\u00f3n m\u00ednima sobre las antropolog\u00edas latinoamericanas (datos de contacto de organizaciones, instituciones, publicaciones, gremios, etc. y cronolog\u00eda b\u00e1sica) y fichas bibliogr\u00e1ficas de publicaciones antropol\u00f3gicas sobre aspectos hist\u00f3ricos, filos\u00f3ficos, organizacionales de las antropolog\u00edas latinoamericanas (por pa\u00eds y regi\u00f3n), como un servicio a la comunidad antropol\u00f3gica latinoamericana y como aporte a la comunidad antropol\u00f3gica internacional<\/li>\n<\/ol>\n<h3>Informes del GT<\/h3>\n<p><a href=\"https:\/\/asociacionlatinoamericanadeantropologia.net\/portal\/wp-content\/uploads\/2022\/10\/Informe-GT-Antropologia-de-las-Antropologias-Latinoamericanas-1.pdf\"><strong>Informe de actividades 2021-2022<\/strong><\/a><\/p>\n<a href=\"https:\/\/asociacionlatinoamericanadeantropologia.net\/portal\/wp-content\/uploads\/2022\/10\/Informe-GT-Antropologia-de-las-Antropologias-Latinoamericanas-1.pdf\" class=\"pdfemb-viewer\" style=\"width:450px;height:580px;\" data-width=\"450\" data-height=\"580\" data-toolbar=\"both\" data-toolbar-fixed=\"on\">Informe GT Antropolog\u00eda de las Antropolog\u00edas Latinoamericanas (1)<\/a>\n<p>&nbsp;<\/p>\n<p><a href=\"https:\/\/asociacionlatinoamericanadeantropologia.net\/portal\/wp-content\/uploads\/2024\/03\/GT19-IA-2023.pdf\"><strong>Informe de actividades 2023<\/strong><\/a><\/p>\n<a href=\"https:\/\/asociacionlatinoamericanadeantropologia.net\/portal\/wp-content\/uploads\/2024\/03\/GT19-IA-2023.pdf\" class=\"pdfemb-viewer\" style=\"width:450px;height:580px;\" data-width=\"450\" data-height=\"580\" data-toolbar=\"both\" data-toolbar-fixed=\"on\">GT19-IA-2023<\/a>\n","protected":false},"excerpt":{"rendered":"<p>El GT Antropolog\u00eda de las antropolog\u00edas latinoamericanas (ADALA) es coordinado por Esteban Krotz Presentaci\u00f3n Se crea el GT ADALA con dos objetivos que se consideran de utilidad para quienes practican\u00a0en la academia y otros espacios profesionales las ciencias antropol\u00f3gicas en Am\u00e9rica Latina y el Caribe, y para aportar puntos de vista latinoamericanos a la discusi\u00f3n &hellip;<\/p>\n<p class=\"read-more\"> <a class=\"\" href=\"https:\/\/asociacionlatinoamericanadeantropologia.net\/portal\/antropologia-de-las-antropologias-latinoamericanas\/\"> <span class=\"screen-reader-text\">GT Antropolog\u00eda de las antropolog\u00edas latinoamericanas (ADALA)<\/span> Leer m\u00e1s &raquo;<\/a><\/p>\n","protected":false},"author":2,"featured_media":0,"parent":0,"menu_order":0,"comment_status":"closed","ping_status":"closed","template":"","meta":{"site-sidebar-layout":"default","site-content-layout":"default","ast-main-header-display":"","ast-hfb-above-header-display":"","ast-hfb-below-header-display":"","ast-hfb-mobile-header-display":"","site-post-title":"","ast-breadcrumbs-content":"","ast-featured-img":"","footer-sml-layout":"","theme-transparent-header-meta":"default","adv-header-id-meta":"","stick-header-meta":"","header-above-stick-meta":"","header-main-stick-meta":"","header-below-stick-meta":"","footnotes":""},"categories":[8],"tags":[],"class_list":["post-707","page","type-page","status-publish","hentry","category-grupos-de-trabajo"],"_links":{"self":[{"href":"https:\/\/asociacionlatinoamericanadeantropologia.net\/portal\/wp-json\/wp\/v2\/pages\/707","targetHints":{"allow":["GET"]}}],"collection":[{"href":"https:\/\/asociacionlatinoamericanadeantropologia.net\/portal\/wp-json\/wp\/v2\/pages"}],"about":[{"href":"https:\/\/asociacionlatinoamericanadeantropologia.net\/portal\/wp-json\/wp\/v2\/types\/page"}],"author":[{"embeddable":true,"href":"https:\/\/asociacionlatinoamericanadeantropologia.net\/portal\/wp-json\/wp\/v2\/users\/2"}],"replies":[{"embeddable":true,"href":"https:\/\/asociacionlatinoamericanadeantropologia.net\/portal\/wp-json\/wp\/v2\/comments?post=707"}],"version-history":[{"count":10,"href":"https:\/\/asociacionlatinoamericanadeantropologia.net\/portal\/wp-json\/wp\/v2\/pages\/707\/revisions"}],"predecessor-version":[{"id":3600,"href":"https:\/\/asociacionlatinoamericanadeantropologia.net\/portal\/wp-json\/wp\/v2\/pages\/707\/revisions\/3600"}],"wp:attachment":[{"href":"https:\/\/asociacionlatinoamericanadeantropologia.net\/portal\/wp-json\/wp\/v2\/media?parent=707"}],"wp:term":[{"taxonomy":"category","embeddable":true,"href":"https:\/\/asociacionlatinoamericanadeantropologia.net\/portal\/wp-json\/wp\/v2\/categories?post=707"},{"taxonomy":"post_tag","embeddable":true,"href":"https:\/\/asociacionlatinoamericanadeantropologia.net\/portal\/wp-json\/wp\/v2\/tags?post=707"}],"curies":[{"name":"wp","href":"https:\/\/api.w.org\/{rel}","templated":true}]}}