{"id":713,"date":"2021-12-18T01:27:40","date_gmt":"2021-12-18T01:27:40","guid":{"rendered":"https:\/\/asociacionlatinoamericanadeantropologia.net\/portal\/?page_id=713"},"modified":"2024-03-26T14:23:43","modified_gmt":"2024-03-26T14:23:43","slug":"pluralismos-economicos","status":"publish","type":"page","link":"https:\/\/asociacionlatinoamericanadeantropologia.net\/portal\/pluralismos-economicos\/","title":{"rendered":"GT Pluralismos econ\u00f3micos"},"content":{"rendered":"<p>El GT Pluralismos econ\u00f3micos es coordinado por <a href=\"mailto:mayaneyrot@gmail.com\" target=\"_blank\" rel=\"noopener\">Maya Neirot Bernal<\/a> y <a href=\"mailto:mluisagro@gmail.com\" target=\"_blank\" rel=\"noopener\">Maria Luisa Lopez Guerrero<\/a><\/p>\n<p><strong>Presentaci\u00f3n<\/strong><\/p>\n<p>La propuesta de este grupo de trabajo busca constituirse como un referente te\u00f3rico, metodol\u00f3gico y epist\u00e9mico para estudiar y comprender que la diversidad de pr\u00e1cticas laborales y econ\u00f3micas ejercidas por cuenta propia y las diversas relaciones sociales existentes entre consumidores, productores o comerciantes, son el reflejo del pluralismo econ\u00f3mico latinoamericano. Proponemos visibilizar la multiplicidad de pr\u00e1cticas que desarrollan y emplean las sociedades y sus actores\/as para reproducir su vida material. Nuestro objetivo va m\u00e1s all\u00e1 de clasificar las configuraciones laborales y econ\u00f3micas en torno a una sola forma de relaci\u00f3n social, pol\u00edtica, jur\u00eddica o econ\u00f3mica.<\/p>\n<p>Los pluralismos econ\u00f3micos se\u00f1alan la complejidad econ\u00f3mica latinoamericana, las diferentes pr\u00e1cticas laborales y econ\u00f3micas que operan para ordenar y organizar la vida econ\u00f3mica de la regi\u00f3n. Pretende acentuar el hecho de que la econom\u00eda y el capitalismo pueden desenvolverse en diferentes direcciones, de organizarse de m\u00faltiples formas, en tanto se construyan sobre una base cultural diversa. La metodolog\u00eda de este Grupo de Trabajo parte del dato etnogr\u00e1fico y dialoga con otros referentes te\u00f3ricos como los de la econom\u00eda h\u00edbrida, segunda econom\u00eda, globalizaci\u00f3n desde abajo, neoliberalismo(s), econom\u00eda popular, el mercado performado, la econom\u00eda plural y solidaria y la econom\u00eda informal.<\/p>\n<p>Consideramos que el conocimiento de estas pr\u00e1cticas permitir\u00e1 entender desde otro enfoque te\u00f3rico, metodol\u00f3gico y epist\u00e9mico las configuraciones laborales y econ\u00f3micas de Am\u00e9rica Latina y el Caribe en el capitalismo contempor\u00e1neo, las cuales posibiliten ofrecer alternativas jur\u00eddicas, pol\u00edticas y econ\u00f3micas para este sector.<\/p>\n<p>Lo que busca este Grupo de Trabajo es entender la econom\u00eda Latinoamericana desde sus m\u00faltiples voces y formas de producir y reproducir su vida material.<\/p>\n<h3>Informes del GT<\/h3>\n<p><a href=\"https:\/\/asociacionlatinoamericanadeantropologia.net\/portal\/wp-content\/uploads\/2022\/10\/Informe-GT-Pluralismos-Economicos.pdf\"><strong>Informe de actividades 2021-2022<\/strong><\/a><\/p>\n<a href=\"https:\/\/asociacionlatinoamericanadeantropologia.net\/portal\/wp-content\/uploads\/2022\/10\/Informe-GT-Pluralismos-Economicos.pdf\" class=\"pdfemb-viewer\" style=\"width:450px;height:580px;\" data-width=\"450\" data-height=\"580\" data-toolbar=\"both\" data-toolbar-fixed=\"on\">Informe GT Pluralismos Econ\u00f3micos<\/a>\n<p>&nbsp;<\/p>\n<p><a href=\"https:\/\/asociacionlatinoamericanadeantropologia.net\/portal\/wp-content\/uploads\/2024\/03\/GT22-IA-2023.pdf\" target=\"_blank\" rel=\"noopener\"><strong>Informe de actividades 2023<\/strong><\/a><\/p>\n<a href=\"https:\/\/asociacionlatinoamericanadeantropologia.net\/portal\/wp-content\/uploads\/2024\/03\/GT22-IA-2023.pdf\" class=\"pdfemb-viewer\" style=\"width:450px;height:580px;\" data-width=\"450\" data-height=\"580\" data-toolbar=\"both\" data-toolbar-fixed=\"on\">Informe GT Pluralismos Econ\u00f3micos 2023<\/a>\n","protected":false},"excerpt":{"rendered":"<p>El GT Pluralismos econ\u00f3micos es coordinado por Maya Neirot Bernal y Maria Luisa Lopez Guerrero Presentaci\u00f3n La propuesta de este grupo de trabajo busca constituirse como un referente te\u00f3rico, metodol\u00f3gico y epist\u00e9mico para estudiar y comprender que la diversidad de pr\u00e1cticas laborales y econ\u00f3micas ejercidas por cuenta propia y las diversas relaciones sociales existentes entre &hellip;<\/p>\n<p class=\"read-more\"> <a class=\"\" href=\"https:\/\/asociacionlatinoamericanadeantropologia.net\/portal\/pluralismos-economicos\/\"> <span class=\"screen-reader-text\">GT Pluralismos econ\u00f3micos<\/span> Leer m\u00e1s &raquo;<\/a><\/p>\n","protected":false},"author":2,"featured_media":0,"parent":0,"menu_order":0,"comment_status":"closed","ping_status":"closed","template":"","meta":{"site-sidebar-layout":"default","site-content-layout":"default","ast-main-header-display":"","ast-hfb-above-header-display":"","ast-hfb-below-header-display":"","ast-hfb-mobile-header-display":"","site-post-title":"","ast-breadcrumbs-content":"","ast-featured-img":"","footer-sml-layout":"","theme-transparent-header-meta":"default","adv-header-id-meta":"","stick-header-meta":"","header-above-stick-meta":"","header-main-stick-meta":"","header-below-stick-meta":"","footnotes":""},"categories":[8],"tags":[],"class_list":["post-713","page","type-page","status-publish","hentry","category-grupos-de-trabajo"],"_links":{"self":[{"href":"https:\/\/asociacionlatinoamericanadeantropologia.net\/portal\/wp-json\/wp\/v2\/pages\/713","targetHints":{"allow":["GET"]}}],"collection":[{"href":"https:\/\/asociacionlatinoamericanadeantropologia.net\/portal\/wp-json\/wp\/v2\/pages"}],"about":[{"href":"https:\/\/asociacionlatinoamericanadeantropologia.net\/portal\/wp-json\/wp\/v2\/types\/page"}],"author":[{"embeddable":true,"href":"https:\/\/asociacionlatinoamericanadeantropologia.net\/portal\/wp-json\/wp\/v2\/users\/2"}],"replies":[{"embeddable":true,"href":"https:\/\/asociacionlatinoamericanadeantropologia.net\/portal\/wp-json\/wp\/v2\/comments?post=713"}],"version-history":[{"count":7,"href":"https:\/\/asociacionlatinoamericanadeantropologia.net\/portal\/wp-json\/wp\/v2\/pages\/713\/revisions"}],"predecessor-version":[{"id":3586,"href":"https:\/\/asociacionlatinoamericanadeantropologia.net\/portal\/wp-json\/wp\/v2\/pages\/713\/revisions\/3586"}],"wp:attachment":[{"href":"https:\/\/asociacionlatinoamericanadeantropologia.net\/portal\/wp-json\/wp\/v2\/media?parent=713"}],"wp:term":[{"taxonomy":"category","embeddable":true,"href":"https:\/\/asociacionlatinoamericanadeantropologia.net\/portal\/wp-json\/wp\/v2\/categories?post=713"},{"taxonomy":"post_tag","embeddable":true,"href":"https:\/\/asociacionlatinoamericanadeantropologia.net\/portal\/wp-json\/wp\/v2\/tags?post=713"}],"curies":[{"name":"wp","href":"https:\/\/api.w.org\/{rel}","templated":true}]}}