{"id":719,"date":"2021-12-18T01:33:14","date_gmt":"2021-12-18T01:33:14","guid":{"rendered":"https:\/\/asociacionlatinoamericanadeantropologia.net\/portal\/?page_id=719"},"modified":"2024-03-26T14:28:50","modified_gmt":"2024-03-26T14:28:50","slug":"patrimonio-cultural-indigena-e-estado-em-abya-yala","status":"publish","type":"page","link":"https:\/\/asociacionlatinoamericanadeantropologia.net\/portal\/patrimonio-cultural-indigena-e-estado-em-abya-yala\/","title":{"rendered":"GT Patrim\u00f4nio cultural ind\u00edgena e Estado em Abya Yala"},"content":{"rendered":"<p>El GT Patrim\u00f4nio cultural ind\u00edgena e Estado em Abya Yala es coordinado por <a href=\"mailto:walmirspereira@gmail.com\" target=\"_blank\" rel=\"noopener\">Walmir Pereira<\/a><\/p>\n<p><strong>Presentaci\u00f3n<\/strong><\/p>\n<p>La presente propuesta de constituci\u00f3n del Grupo de Trabajo tiene como objetivo reunir a investigadores vinculados a diferentes filiales y espacios institucionales del sur global latinoamericano, con el fin de reflexionar sobre el tema de los pueblos ind\u00edgenas y los crecientes procesos de patrimonializaci\u00f3n de las expresiones culturales materiales e inmateriales, de valorizaci\u00f3n de las memorias originales y procesos de (re) emergencias sociales, \u00e9tnicas y pol\u00edticas analizados desde una perspectiva etnogr\u00e1fica, social, hist\u00f3rica e interdisciplinar.<\/p>\n<p>La noci\u00f3n de patrimonio y el concepto emp\u00edrico de patrimonio cultural constituyen la piedra de toque en el mundo contempor\u00e1neo de configuraciones sociales, memorias y procesos identitarios de grupos sociales y \u00e9tnicos. En este contexto, circunscrito a la d\u00e9cada de 1970 del siglo XX y a la d\u00e9cada de 2020 del siglo XXI, emergen en la arena global agentes y agencias etnopol\u00edticos, movimientos, organizaciones, colectivos y referentes de base pertenecientes a las alteridades ind\u00edgenas originadas en nuestra Am\u00e9rica profunda. Estos agentes, agencias, asociaciones, organizaciones, movimientos y colectivos ind\u00edgenas se mueven en un universo de escala globalista, articulando un conjunto de acciones, repertorios, memorias y performances en torno al patrimonio cultural. Ante este escenario, en Abya Yala, los pueblos ind\u00edgenas, colectivos y referentes con sus tradiciones ancestrales, cosmovisiones y l\u00f3gicas singulares, buscan enmarcar en sus propios t\u00e9rminos y l\u00f3gicas singulares la experiencia intelectual, sensorial y afectiva relacionada con el patrimonio y el proceso creciente de patrimonializaci\u00f3n de sus expresiones y manifestaciones culturales.<\/p>\n<p>Portadores de diferentes formas de organizaci\u00f3n, estrategias de lucha y exhibiendo una amplia gama de proyectos ut\u00f3picos, los pueblos ind\u00edgenas de Abya Yala enfrentan actualmente un abanico de problemas complejos y heterog\u00e9neos relacionados a la salud, los territorios, la educaci\u00f3n, el medio ambiente, la inseguridad alimentaria, el acceso a la informaci\u00f3n, la criminalizaci\u00f3n y el racismo. En este marco, las Ciencias Sociales, adem\u00e1s de abarcar investigaciones de los procesos hist\u00f3ricos de las causas y mecanismos de las (re) emergencias y agenciamientos ind\u00edgenas contempor\u00e1neos, buscan comprender y evaluar las acciones y cosmovisiones de estos pueblos, sus patrimonios culturales que ponen en cuesti\u00f3n la l\u00f3gica de la acumulaci\u00f3n que constantemente los violenta a trav\u00e9s del extractivismo y las megaempresas, as\u00ed como de los procesos de patrimonializaci\u00f3n oficiales desde el Estado.<\/p>\n<p>&nbsp;<\/p>\n<h3>Informes del GT<\/h3>\n<p><strong><a href=\"https:\/\/asociacionlatinoamericanadeantropologia.net\/portal\/wp-content\/uploads\/2024\/03\/GT25-IA-2023.pdf\" target=\"_blank\" rel=\"noopener\">Informe de actividades 2023<\/a><\/strong><\/p>\n<a href=\"https:\/\/asociacionlatinoamericanadeantropologia.net\/portal\/wp-content\/uploads\/2024\/03\/GT25-IA-2023.pdf\" class=\"pdfemb-viewer\" style=\"width:450px;height:580px;\" data-width=\"450\" data-height=\"580\" data-toolbar=\"both\" data-toolbar-fixed=\"on\">Informe GT Patrim\u00f4nio cultural ind\u00edgena e Estado em Abya Yala 2023<\/a>\n<p>&nbsp;<\/p>\n","protected":false},"excerpt":{"rendered":"<p>El GT Patrim\u00f4nio cultural ind\u00edgena e Estado em Abya Yala es coordinado por Walmir Pereira Presentaci\u00f3n La presente propuesta de constituci\u00f3n del Grupo de Trabajo tiene como objetivo reunir a investigadores vinculados a diferentes filiales y espacios institucionales del sur global latinoamericano, con el fin de reflexionar sobre el tema de los pueblos ind\u00edgenas y &hellip;<\/p>\n<p class=\"read-more\"> <a class=\"\" href=\"https:\/\/asociacionlatinoamericanadeantropologia.net\/portal\/patrimonio-cultural-indigena-e-estado-em-abya-yala\/\"> <span class=\"screen-reader-text\">GT Patrim\u00f4nio cultural ind\u00edgena e Estado em Abya Yala<\/span> Leer m\u00e1s &raquo;<\/a><\/p>\n","protected":false},"author":2,"featured_media":0,"parent":0,"menu_order":0,"comment_status":"closed","ping_status":"closed","template":"","meta":{"site-sidebar-layout":"default","site-content-layout":"default","ast-main-header-display":"","ast-hfb-above-header-display":"","ast-hfb-below-header-display":"","ast-hfb-mobile-header-display":"","site-post-title":"","ast-breadcrumbs-content":"","ast-featured-img":"","footer-sml-layout":"","theme-transparent-header-meta":"default","adv-header-id-meta":"","stick-header-meta":"","header-above-stick-meta":"","header-main-stick-meta":"","header-below-stick-meta":"","footnotes":""},"categories":[8],"tags":[],"class_list":["post-719","page","type-page","status-publish","hentry","category-grupos-de-trabajo"],"_links":{"self":[{"href":"https:\/\/asociacionlatinoamericanadeantropologia.net\/portal\/wp-json\/wp\/v2\/pages\/719","targetHints":{"allow":["GET"]}}],"collection":[{"href":"https:\/\/asociacionlatinoamericanadeantropologia.net\/portal\/wp-json\/wp\/v2\/pages"}],"about":[{"href":"https:\/\/asociacionlatinoamericanadeantropologia.net\/portal\/wp-json\/wp\/v2\/types\/page"}],"author":[{"embeddable":true,"href":"https:\/\/asociacionlatinoamericanadeantropologia.net\/portal\/wp-json\/wp\/v2\/users\/2"}],"replies":[{"embeddable":true,"href":"https:\/\/asociacionlatinoamericanadeantropologia.net\/portal\/wp-json\/wp\/v2\/comments?post=719"}],"version-history":[{"count":8,"href":"https:\/\/asociacionlatinoamericanadeantropologia.net\/portal\/wp-json\/wp\/v2\/pages\/719\/revisions"}],"predecessor-version":[{"id":3590,"href":"https:\/\/asociacionlatinoamericanadeantropologia.net\/portal\/wp-json\/wp\/v2\/pages\/719\/revisions\/3590"}],"wp:attachment":[{"href":"https:\/\/asociacionlatinoamericanadeantropologia.net\/portal\/wp-json\/wp\/v2\/media?parent=719"}],"wp:term":[{"taxonomy":"category","embeddable":true,"href":"https:\/\/asociacionlatinoamericanadeantropologia.net\/portal\/wp-json\/wp\/v2\/categories?post=719"},{"taxonomy":"post_tag","embeddable":true,"href":"https:\/\/asociacionlatinoamericanadeantropologia.net\/portal\/wp-json\/wp\/v2\/tags?post=719"}],"curies":[{"name":"wp","href":"https:\/\/api.w.org\/{rel}","templated":true}]}}